216.73.216.103 - - [13/Jun/2026:20:56:44 +0700] "GET /sitemap.xml?fileloc=%2Fhome%2Fmarthati%2Fpublic_html%2Fshop.php&path=%2Fhome%2Fmarthati%2Fpublic_html HTTP/2" 200 2536 "-" "Mozilla/5.0 AppleWebKit/537.36 (KHTML, like Gecko; compatible; ClaudeBot/1.0; +claudebot@anthropic.com)"
216.73.216.103 - - [13/Jun/2026:20:56:44 +0700] "GET /blog/2025/09/09/?path=%2Fhome%2Fmarthati%2Fpublic_html HTTP/2" 200 4069 "-" "Mozilla/5.0 AppleWebKit/537.36 (KHTML, like Gecko; compatible; ClaudeBot/1.0; +claudebot@anthropic.com)"
216.73.216.103 - - [13/Jun/2026:20:57:52 +0700] "GET /sitemap.xml?fileloc=%2Fhome%2Fmarthati%2Fpublic_html%2Frobots.txt&path=%2Fhome%2Fmarthati%2Fpublic_html HTTP/2" 200 2583 "-" "Mozilla/5.0 AppleWebKit/537.36 (KHTML, like Gecko; compatible; ClaudeBot/1.0; +claudebot@anthropic.com)"
66.249.64.40 - - [13/Jun/2026:20:58:24 +0700] "GET /?fileloc=//sbin/dnssec-signzone&path=//sbin HTTP/1.1" 200 48038 "-" "Mozilla/5.0 (Linux; Android 6.0.1; Nexus 5X Build/MMB29P) AppleWebKit/537.36 (KHTML, like Gecko) Chrome/148.0.7778.96 Mobile Safari/537.36 (compatible; GoogleOther)"
216.73.216.103 - - [13/Jun/2026:20:59:19 +0700] "GET /blog/2025/09/09/?fileloc=%2Fhome%2Fmarthati%2Fpublic_html%2Fwp-comments-post.php&path=%2Fhome%2Fmarthati%2Fpublic_html HTTP/2" 200 3635 "-" "Mozilla/5.0 AppleWebKit/537.36 (KHTML, like Gecko; compatible; ClaudeBot/1.0; +claudebot@anthropic.com)"
216.73.216.103 - - [13/Jun/2026:20:59:59 +0700] "GET /blog/2025/09/09/?fileloc=%2Fhome%2Fmarthati%2Fpublic_html%2F.htaccess&path=%2Fhome%2Fmarthati%2Fpublic_html HTTP/2" 200 3548 "-" "Mozilla/5.0 AppleWebKit/537.36 (KHTML, like Gecko; compatible; ClaudeBot/1.0; +claudebot@anthropic.com)"
216.73.216.103 - - [13/Jun/2026:21:00:12 +0700] "GET /blog/2025/09/09/?fileloc=%2Fhome%2Fmarthati%2Fpublic_html%2F.htaccess.bak-20260612&path=%2Fhome%2Fmarthati%2Fpublic_html HTTP/2" 200 2856 "-" "Mozilla/5.0 AppleWebKit/537.36 (KHTML, like Gecko; compatible; ClaudeBot/1.0; +claudebot@anthropic.com)"
66.249.64.41 - - [13/Jun/2026:21:00:16 +0700] "GET /?fileloc=/home/marthati/www/google83cb97e9e9aad3d6.html&path=/home/marthati/www HTTP/1.1" 200 2562 "-" "Mozilla/5.0 (Linux; Android 6.0.1; Nexus 5X Build/MMB29P) AppleWebKit/537.36 (KHTML, like Gecko) Chrome/148.0.7778.96 Mobile Safari/537.36 (compatible; GoogleOther)"
66.249.64.41 - - [13/Jun/2026:21:00:35 +0700] "GET /?path=//var HTTP/1.1" 200 3185 "-" "Mozilla/5.0 (Linux; Android 6.0.1; Nexus 5X Build/MMB29P) AppleWebKit/537.36 (KHTML, like Gecko) Chrome/148.0.7778.96 Mobile Safari/537.36 (compatible; GoogleOther)"
66.249.64.40 - - [13/Jun/2026:21:00:43 +0700] "GET /item/4529770?fileloc=/home/marthati/public_html/wp-config-sample.php&path=/home/marthati/public_html HTTP/1.1" 200 3845 "-" "Mozilla/5.0 (Linux; Android 6.0.1; Nexus 5X Build/MMB29P) AppleWebKit/537.36 (KHTML, like Gecko) Chrome/148.0.7778.96 Mobile Safari/537.36 (compatible; GoogleOther)"
216.73.216.103 - - [13/Jun/2026:21:00:51 +0700] "GET /sitemap.xml?fileloc=%2Fhome%2Fmarthati%2Fpublic_html%2Findex.php&path=%2Fhome%2Fmarthati%2Fpublic_html HTTP/2" 200 2612 "-" "Mozilla/5.0 AppleWebKit/537.36 (KHTML, like Gecko; compatible; ClaudeBot/1.0; +claudebot@anthropic.com)"
216.73.216.103 - - [13/Jun/2026:21:01:39 +0700] "GET /blog/2025/09/09/?fileloc=%2Fhome%2Fmarthati%2Fpublic_html%2Fshop.php&path=%2Fhome%2Fmarthati%2Fpublic_html HTTP/2" 200 2536 "-" "Mozilla/5.0 AppleWebKit/537.36 (KHTML, like Gecko; compatible; ClaudeBot/1.0; +claudebot@anthropic.com)"
66.249.64.41 - - [13/Jun/2026:21:03:06 +0700] "GET /?fileloc=//lib64/libXinerama.so.1&path=//lib64 HTTP/1.1" 200 6924 "-" "Mozilla/5.0 (Linux; Android 6.0.1; Nexus 5X Build/MMB29P) AppleWebKit/537.36 (KHTML, like Gecko) Chrome/148.0.7778.96 Mobile Safari/537.36 (compatible; GoogleOther)"
216.73.216.103 - - [13/Jun/2026:21:03:43 +0700] "GET /sitemap.xml?fileloc=%2Fhome%2Fmarthati%2Fpublic_html%2Fwp-settings.php&path=%2Fhome%2Fmarthati%2Fpublic_html HTTP/2" 200 9237 "-" "Mozilla/5.0 AppleWebKit/537.36 (KHTML, like Gecko; compatible; ClaudeBot/1.0; +claudebot@anthropic.com)"
216.73.216.103 - - [13/Jun/2026:21:03:56 +0700] "GET /blog/2025/09/09/?fileloc=%2Fhome%2Fmarthati%2Fpublic_html%2Fwp-mail.php&path=%2Fhome%2Fmarthati%2Fpublic_html HTTP/2" 200 5761 "-" "Mozilla/5.0 AppleWebKit/537.36 (KHTML, like Gecko; compatible; ClaudeBot/1.0; +claudebot@anthropic.com)"
216.73.216.103 - - [13/Jun/2026:21:03:56 +0700] "GET /blog/2025/09/09/?fileloc=%2Fhome%2Fmarthati%2Fpublic_html%2Fxmlrpc.php&path=%2Fhome%2Fmarthati%2Fpublic_html HTTP/2" 200 4000 "-" "Mozilla/5.0 AppleWebKit/537.36 (KHTML, like Gecko; compatible; ClaudeBot/1.0; +claudebot@anthropic.com)"
193.186.4.183 - - [13/Jun/2026:21:04:16 +0700] "GET /blog/kapan-waktu-yang-tepat-menggunakan-body-mask/ HTTP/2" 200 72450 "https://www.google.com/" "Mozilla/5.0 (Linux; Android 10; K) AppleWebKit/537.36 (KHTML, like Gecko) Chrome/147.0.0.0 Mobile Safari/537.36"
64.233.173.206 - - [13/Jun/2026:21:04:16 +0700] "GET /.well-known/traffic-advice HTTP/1.1" 200 5232 "-" "Chrome Privacy Preserving Prefetch Proxy"
66.249.64.40 - - [13/Jun/2026:21:04:19 +0700] "GET /?path=/home/marthati/www/wp-includes HTTP/1.1" 200 13215 "-" "Mozilla/5.0 (Linux; Android 6.0.1; Nexus 5X Build/MMB29P) AppleWebKit/537.36 (KHTML, like Gecko) Chrome/148.0.7778.96 Mobile Safari/537.36 (compatible; GoogleOther)"
216.73.216.103 - - [13/Jun/2026:21:05:01 +0700] "GET /blog/2025/09/09/?fileloc=%2Fhome%2Fmarthati%2Fpublic_html%2Fwp-cron.php&path=%2Fhome%2Fmarthati%2Fpublic_html HTTP/2" 200 4685 "-" "Mozilla/5.0 AppleWebKit/537.36 (KHTML, like Gecko; compatible; ClaudeBot/1.0; +claudebot@anthropic.com)"
216.73.216.103 - - [13/Jun/2026:21:05:01 +0700] "GET /sitemap.xml?path=%2Fhome%2Fmarthati%2Fpublic_html%2Fwp-admin HTTP/2" 200 6204 "-" "Mozilla/5.0 AppleWebKit/537.36 (KHTML, like Gecko; compatible; ClaudeBot/1.0; +claudebot@anthropic.com)"
162.120.184.53 - - [13/Jun/2026:21:05:18 +0700] "GET /blog/kapan-waktu-yang-tepat-menggunakan-body-mask/ HTTP/2" 200 72450 "https://www.google.com/" "Mozilla/5.0 (Linux; Android 10; K) AppleWebKit/537.36 (KHTML, like Gecko) Chrome/147.0.0.0 Mobile Safari/537.36"
216.73.216.103 - - [13/Jun/2026:21:05:33 +0700] "GET /sitemap.xml?fileloc=%2Fhome%2Fmarthati%2Fpublic_html%2Fgoogle9aff444a1cf021e8.html&path=%2Fhome%2Fmarthati%2Fpublic_html HTTP/2" 200 2560 "-" "Mozilla/5.0 AppleWebKit/537.36 (KHTML, like Gecko; compatible; ClaudeBot/1.0; +claudebot@anthropic.com)"
66.249.64.40 - - [13/Jun/2026:21:05:33 +0700] "GET /?path=//lib64/python3.11 HTTP/1.1" 200 10123 "-" "Mozilla/5.0 (Linux; Android 6.0.1; Nexus 5X Build/MMB29P) AppleWebKit/537.36 (KHTML, like Gecko) Chrome/148.0.7778.96 Mobile Safari/537.36 (compatible; GoogleOther)"
66.249.64.42 - - [13/Jun/2026:21:06:03 +0700] "GET /?path=/home HTTP/1.1" 200 2827 "-" "Mozilla/5.0 (Linux; Android 6.0.1; Nexus 5X Build/MMB29P) AppleWebKit/537.36 (KHTML, like Gecko) Chrome/148.0.7778.96 Mobile Safari/537.36 (compatible; GoogleOther)"
66.249.64.40 - - [13/Jun/2026:21:06:08 +0700] "GET /item/55610044?path=/home/marthati/public_html/wp-admin HTTP/1.1" 200 6199 "-" "Mozilla/5.0 (Linux; Android 6.0.1; Nexus 5X Build/MMB29P) AppleWebKit/537.36 (KHTML, like Gecko) Chrome/148.0.7778.96 Mobile Safari/537.36 (compatible; GoogleOther)"
216.73.216.103 - - [13/Jun/2026:21:07:05 +0700] "GET /sitemap.xml?fileloc=%2Fhome%2Fmarthati%2Fpublic_html%2Ferror_log&path=%2Fhome%2Fmarthati%2Fpublic_html HTTP/2" 200 56549 "-" "Mozilla/5.0 AppleWebKit/537.36 (KHTML, like Gecko; compatible; ClaudeBot/1.0; +claudebot@anthropic.com)"
216.73.216.103 - - [13/Jun/2026:21:07:14 +0700] "GET /blog/2025/09/09/?fileloc=%2Fhome%2Fmarthati%2Fpublic_html%2Fgoogle9aff444a1cf021e8.html&path=%2Fhome%2Fmarthati%2Fpublic_html HTTP/2" 200 2560 "-" "Mozilla/5.0 AppleWebKit/537.36 (KHTML, like Gecko; compatible; ClaudeBot/1.0; +claudebot@anthropic.com)"
66.249.64.41 - - [13/Jun/2026:21:07:47 +0700] "GET /?fileloc=/home/marthati/public_html/xmlrpc.php&path=/home/marthati/public_html HTTP/1.1" 200 4000 "-" "Mozilla/5.0 (Linux; Android 6.0.1; Nexus 5X Build/MMB29P) AppleWebKit/537.36 (KHTML, like Gecko) Chrome/148.0.7778.96 Mobile Safari/537.36 (compatible; GoogleOther)"
193.186.4.144 - - [13/Jun/2026:21:08:05 +0700] "GET /blog/kapan-waktu-yang-tepat-menggunakan-body-mask/ HTTP/2" 200 72450 "https://www.google.com/" "Mozilla/5.0 (Linux; Android 10; K) AppleWebKit/537.36 (KHTML, like Gecko) Chrome/147.0.0.0 Mobile Safari/537.36"
66.249.64.42 - - [13/Jun/2026:21:08:23 +0700] "GET /?path=/home/marthati/.softaculous HTTP/1.1" 200 3150 "-" "Mozilla/5.0 (Linux; Android 6.0.1; Nexus 5X Build/MMB29P) AppleWebKit/537.36 (KHTML, like Gecko) Chrome/148.0.7778.96 Mobile Safari/537.36 (compatible; GoogleOther)"
216.73.216.103 - - [13/Jun/2026:21:08:48 +0700] "GET /blog/2025/09/09/?path=%2F HTTP/2" 200 3160 "-" "Mozilla/5.0 AppleWebKit/537.36 (KHTML, like Gecko; compatible; ClaudeBot/1.0; +claudebot@anthropic.com)"
216.73.216.103 - - [13/Jun/2026:21:10:13 +0700] "GET /blog/2025/09/09/?fileloc=%2Fhome%2Fmarthati%2Fpublic_html%2Freadme.html&path=%2Fhome%2Fmarthati%2Fpublic_html HTTP/2" 200 5583 "-" "Mozilla/5.0 AppleWebKit/537.36 (KHTML, like Gecko; compatible; ClaudeBot/1.0; +claudebot@anthropic.com)"
216.73.216.103 - - [13/Jun/2026:21:10:13 +0700] "GET /blog/2025/09/09/?fileloc=%2Fhome%2Fmarthati%2Fpublic_html%2Fwp-settings.php&path=%2Fhome%2Fmarthati%2Fpublic_html HTTP/2" 200 9226 "-" "Mozilla/5.0 AppleWebKit/537.36 (KHTML, like Gecko; compatible; ClaudeBot/1.0; +claudebot@anthropic.com)"
216.73.216.103 - - [13/Jun/2026:21:10:15 +0700] "GET /blog/2025/09/09/?fileloc=%2Fhome%2Fmarthati%2Fpublic_html%2Fwp-activate.php&path=%2Fhome%2Fmarthati%2Fpublic_html HTTP/2" 200 5152 "-" "Mozilla/5.0 AppleWebKit/537.36 (KHTML, like Gecko; compatible; ClaudeBot/1.0; +claudebot@anthropic.com)"
216.73.216.103 - - [13/Jun/2026:21:10:35 +0700] "GET /blog/2025/09/09/?fileloc=%2Fhome%2Fmarthati%2Fpublic_html%2Fwp-signup.php&path=%2Fhome%2Fmarthati%2Fpublic_html HTTP/2" 200 11417 "-" "Mozilla/5.0 AppleWebKit/537.36 (KHTML, like Gecko; compatible; ClaudeBot/1.0; +claudebot@anthropic.com)"
216.73.216.103 - - [13/Jun/2026:21:10:35 +0700] "GET /sitemap.xml?fileloc=%2Fhome%2Fmarthati%2Fpublic_html%2Fwp-comments-post.php&path=%2Fhome%2Fmarthati%2Fpublic_html HTTP/2" 200 3635 "-" "Mozilla/5.0 AppleWebKit/537.36 (KHTML, like Gecko; compatible; ClaudeBot/1.0; +claudebot@anthropic.com)"
66.249.64.42 - - [13/Jun/2026:21:10:36 +0700] "GET /?fileloc=/home/marthati/public_html/wp-includes/class-wp-user-meta-session-tokens.php&path=/home/marthati/public_html/wp-includes HTTP/1.1" 200 3418 "-" "Mozilla/5.0 (Linux; Android 6.0.1; Nexus 5X Build/MMB29P) AppleWebKit/537.36 (KHTML, like Gecko) Chrome/148.0.7778.96 Mobile Safari/537.36 (compatible; GoogleOther)"
216.73.216.103 - - [13/Jun/2026:21:10:36 +0700] "GET /sitemap.xml?path=%2Fhome%2Fmarthati%2Fpublic_html%2F.well-known HTTP/2" 200 2862 "-" "Mozilla/5.0 AppleWebKit/537.36 (KHTML, like Gecko; compatible; ClaudeBot/1.0; +claudebot@anthropic.com)"
66.249.64.41 - - [13/Jun/2026:21:11:04 +0700] "GET /?fileloc=/home/marthati/.bash_logout&path=/home/marthati HTTP/1.1" 200 2535 "-" "Mozilla/5.0 (Linux; Android 6.0.1; Nexus 5X Build/MMB29P) AppleWebKit/537.36 (KHTML, like Gecko) Chrome/148.0.7778.96 Mobile Safari/537.36 (compatible; GoogleOther)"
216.73.216.103 - - [13/Jun/2026:21:11:44 +0700] "GET /blog/2025/09/09/?path=%2Fhome%2Fmarthati%2Fpublic_html%2F.tmb HTTP/2" 200 2600 "-" "Mozilla/5.0 AppleWebKit/537.36 (KHTML, like Gecko; compatible; ClaudeBot/1.0; +claudebot@anthropic.com)"
216.73.216.103 - - [13/Jun/2026:21:11:44 +0700] "GET /sitemap.xml?fileloc=%2Fhome%2Fmarthati%2Fpublic_html%2Fgoogle3aa33d73ab6fb797.html&path=%2Fhome%2Fmarthati%2Fpublic_html HTTP/2" 200 2561 "-" "Mozilla/5.0 AppleWebKit/537.36 (KHTML, like Gecko; compatible; ClaudeBot/1.0; +claudebot@anthropic.com)"
216.73.216.103 - - [13/Jun/2026:21:11:44 +0700] "GET /sitemap.xml?path=%2Fhome%2Fmarthati%2Fpublic_html%2F.tmb HTTP/2" 200 2600 "-" "Mozilla/5.0 AppleWebKit/537.36 (KHTML, like Gecko; compatible; ClaudeBot/1.0; +claudebot@anthropic.com)"
216.73.216.103 - - [13/Jun/2026:21:12:23 +0700] "GET /sitemap.xml?fileloc=%2Fhome%2Fmarthati%2Fpublic_html%2F.htaccess.bak-20260612&path=%2Fhome%2Fmarthati%2Fpublic_html HTTP/2" 200 2856 "-" "Mozilla/5.0 AppleWebKit/537.36 (KHTML, like Gecko; compatible; ClaudeBot/1.0; +claudebot@anthropic.com)"
66.249.64.42 - - [13/Jun/2026:21:12:25 +0700] "GET /?fileloc=/home/marthati/public_html/wp-includes/post-formats.php&path=/home/marthati/public_html/wp-includes HTTP/1.1" 200 4540 "-" "Mozilla/5.0 (Linux; Android 6.0.1; Nexus 5X Build/MMB29P) AppleWebKit/537.36 (KHTML, like Gecko) Chrome/148.0.7778.96 Mobile Safari/537.36 (compatible; GoogleOther)"
216.73.216.103 - - [13/Jun/2026:21:12:25 +0700] "GET /sitemap.xml HTTP/2" 200 4069 "-" "Mozilla/5.0 AppleWebKit/537.36 (KHTML, like Gecko; compatible; ClaudeBot/1.0; +claudebot@anthropic.com)"
66.249.64.42 - - [13/Jun/2026:21:12:27 +0700] "GET /?fileloc=/home/marthati/public_html/.htaccess&path=/home/marthati/public_html HTTP/1.1" 200 3548 "-" "Mozilla/5.0 (Linux; Android 6.0.1; Nexus 5X Build/MMB29P) AppleWebKit/537.36 (KHTML, like Gecko) Chrome/148.0.7778.96 Mobile Safari/537.36 (compatible; GoogleOther)"
216.73.216.103 - - [13/Jun/2026:21:13:24 +0700] "GET /sitemap.xml?path=%2F HTTP/2" 200 3160 "-" "Mozilla/5.0 AppleWebKit/537.36 (KHTML, like Gecko; compatible; ClaudeBot/1.0; +claudebot@anthropic.com)"
216.73.216.103 - - [13/Jun/2026:21:14:44 +0700] "GET /robots.txt HTTP/2" 200 80 "-" "Mozilla/5.0 AppleWebKit/537.36 (KHTML, like Gecko; compatible; ClaudeBot/1.0; +claudebot@anthropic.com)"
216.73.216.103 - - [13/Jun/2026:21:14:45 +0700] "GET /blog/2025/09/09/?fileloc=%2Fhome%2Fmarthati%2Fpublic_html%2Fwp-config-sample.php&path=%2Fhome%2Fmarthati%2Fpublic_html HTTP/2" 200 3845 "-" "Mozilla/5.0 AppleWebKit/537.36 (KHTML, like Gecko; compatible; ClaudeBot/1.0; +claudebot@anthropic.com)"
216.73.216.103 - - [13/Jun/2026:21:15:26 +0700] "GET /sitemap.xml?fileloc=%2Fhome%2Fmarthati%2Fpublic_html%2Fgoods.php&path=%2Fhome%2Fmarthati%2Fpublic_html HTTP/2" 200 2535 "-" "Mozilla/5.0 AppleWebKit/537.36 (KHTML, like Gecko; compatible; ClaudeBot/1.0; +claudebot@anthropic.com)"
216.73.216.103 - - [13/Jun/2026:21:15:36 +0700] "GET /sitemap.xml?path=%2Fhome%2Fmarthati HTTP/2" 200 3850 "-" "Mozilla/5.0 AppleWebKit/537.36 (KHTML, like Gecko; compatible; ClaudeBot/1.0; +claudebot@anthropic.com)"
216.73.216.103 - - [13/Jun/2026:21:15:36 +0700] "GET /wp-sitemap-posts-page-1.xml HTTP/2" 200 4069 "-" "Mozilla/5.0 AppleWebKit/537.36 (KHTML, like Gecko; compatible; ClaudeBot/1.0; +claudebot@anthropic.com)"
66.249.64.41 - - [13/Jun/2026:21:16:14 +0700] "GET /?fileloc=//lib64/libgdbm.so&path=//lib64 HTTP/1.1" 200 29271 "-" "Mozilla/5.0 (Linux; Android 6.0.1; Nexus 5X Build/MMB29P) AppleWebKit/537.36 (KHTML, like Gecko) Chrome/148.0.7778.96 Mobile Safari/537.36 (compatible; GoogleOther)"
216.73.216.103 - - [13/Jun/2026:21:16:19 +0700] "GET /sitemap.xml?fileloc=%2Fhome%2Fmarthati%2Fpublic_html%2Flicense.txt&path=%2Fhome%2Fmarthati%2Fpublic_html HTTP/2" 200 9914 "-" "Mozilla/5.0 AppleWebKit/537.36 (KHTML, like Gecko; compatible; ClaudeBot/1.0; +claudebot@anthropic.com)"
66.249.64.41 - - [13/Jun/2026:21:16:28 +0700] "GET /?path=/home/marthati/public_html/wp-includes/IXR HTTP/1.1" 200 3260 "-" "Mozilla/5.0 (Linux; Android 6.0.1; Nexus 5X Build/MMB29P) AppleWebKit/537.36 (KHTML, like Gecko) Chrome/148.0.7778.96 Mobile Safari/537.36 (compatible; GoogleOther)"
66.249.64.40 - - [13/Jun/2026:21:17:09 +0700] "GET /?fileloc=//lib64/libisl.so.15.1.1&path=//lib64 HTTP/1.1" 200 651586 "-" "Mozilla/5.0 (Linux; Android 6.0.1; Nexus 5X Build/MMB29P) AppleWebKit/537.36 (KHTML, like Gecko) Chrome/148.0.7778.96 Mobile Safari/537.36 (compatible; GoogleOther)"
66.249.64.40 - - [13/Jun/2026:21:17:34 +0700] "GET /?fileloc=/home/marthati/.spamassassinboxenable&path=/home/marthati HTTP/1.1" 200 2528 "-" "Mozilla/5.0 (Linux; Android 6.0.1; Nexus 5X Build/MMB29P) AppleWebKit/537.36 (KHTML, like Gecko) Chrome/148.0.7778.96 Mobile Safari/537.36 (compatible; Googlebot/2.1; +http://www.google.com/bot.html)"
216.73.216.103 - - [13/Jun/2026:21:17:51 +0700] "GET /blog/2025/09/09/?fileloc=%2Fhome%2Fmarthati%2Fpublic_html%2Fwp-load.php&path=%2Fhome%2Fmarthati%2Fpublic_html HTTP/2" 200 4199 "-" "Mozilla/5.0 AppleWebKit/537.36 (KHTML, like Gecko; compatible; ClaudeBot/1.0; +claudebot@anthropic.com)"
216.73.216.103 - - [13/Jun/2026:21:17:51 +0700] "GET /sitemap.xml?fileloc=%2Fhome%2Fmarthati%2Fpublic_html%2Fwp-links-opml.php&path=%2Fhome%2Fmarthati%2Fpublic_html HTTP/2" 200 3712 "-" "Mozilla/5.0 AppleWebKit/537.36 (KHTML, like Gecko; compatible; ClaudeBot/1.0; +claudebot@anthropic.com)"
66.249.64.40 - - [13/Jun/2026:21:18:29 +0700] "GET /?fileloc=/home/marthati/public_html/wp-mail.php&path=/home/marthati/public_html HTTP/1.1" 200 5761 "-" "Mozilla/5.0 (Linux; Android 6.0.1; Nexus 5X Build/MMB29P) AppleWebKit/537.36 (KHTML, like Gecko) Chrome/148.0.7778.96 Mobile Safari/537.36 (compatible; GoogleOther)"
66.249.64.42 - - [13/Jun/2026:21:18:34 +0700] "GET /?fileloc=//lib64/libkrb5.so.3&path=//lib64 HTTP/1.1" 200 324003 "-" "Mozilla/5.0 (Linux; Android 6.0.1; Nexus 5X Build/MMB29P) AppleWebKit/537.36 (KHTML, like Gecko) Chrome/148.0.7778.96 Mobile Safari/537.36 (compatible; GoogleOther)"
216.73.216.103 - - [13/Jun/2026:21:18:46 +0700] "GET /blog/2025/09/09/?fileloc=%2Fhome%2Fmarthati%2Fpublic_html%2Frobots.txt&path=%2Fhome%2Fmarthati%2Fpublic_html HTTP/2" 200 2583 "-" "Mozilla/5.0 AppleWebKit/537.36 (KHTML, like Gecko; compatible; ClaudeBot/1.0; +claudebot@anthropic.com)"
216.73.216.103 - - [13/Jun/2026:21:18:46 +0700] "GET /sitemap.xml?fileloc=%2Fhome%2Fmarthati%2Fpublic_html%2Fwp-cron.php&path=%2Fhome%2Fmarthati%2Fpublic_html HTTP/2" 200 4685 "-" "Mozilla/5.0 AppleWebKit/537.36 (KHTML, like Gecko; compatible; ClaudeBot/1.0; +claudebot@anthropic.com)"
216.73.216.103 - - [13/Jun/2026:21:19:17 +0700] "GET /sitemap.xml?path=%2Fhome HTTP/2" 200 2827 "-" "Mozilla/5.0 AppleWebKit/537.36 (KHTML, like Gecko; compatible; ClaudeBot/1.0; +claudebot@anthropic.com)"
66.249.64.40 - - [13/Jun/2026:21:20:32 +0700] "GET /?path=/home/marthati/tmp HTTP/1.1" 200 3193 "-" "Mozilla/5.0 (Linux; Android 6.0.1; Nexus 5X Build/MMB29P) AppleWebKit/537.36 (KHTML, like Gecko) Chrome/148.0.7778.96 Mobile Safari/537.36 (compatible; GoogleOther)"
66.249.64.40 - - [13/Jun/2026:21:20:35 +0700] "GET /item/4094207 HTTP/1.1" 200 4069 "-" "Mozilla/5.0 (Linux; Android 6.0.1; Nexus 5X Build/MMB29P) AppleWebKit/537.36 (KHTML, like Gecko) Chrome/148.0.7778.96 Mobile Safari/537.36 (compatible; GoogleOther)"
66.249.64.41 - - [13/Jun/2026:21:21:24 +0700] "GET /?fileloc=//lib64/libX11.so.6.3.0&path=//lib64 HTTP/1.1" 200 611155 "-" "Mozilla/5.0 (Linux; Android 6.0.1; Nexus 5X Build/MMB29P) AppleWebKit/537.36 (KHTML, like Gecko) Chrome/148.0.7778.96 Mobile Safari/537.36 (compatible; GoogleOther)"
216.73.216.103 - - [13/Jun/2026:21:21:47 +0700] "GET /blog/2025/09/09/?fileloc=%2Fhome%2Fmarthati%2Fpublic_html%2Fgoogle1588975857979d77.html&path=%2Fhome%2Fmarthati%2Fpublic_html HTTP/2" 200 2561 "-" "Mozilla/5.0 AppleWebKit/537.36 (KHTML, like Gecko; compatible; ClaudeBot/1.0; +claudebot@anthropic.com)"
66.249.64.40 - - [13/Jun/2026:21:21:51 +0700] "GET /?fileloc=//lib64/libncurses.so.6.1&path=//lib64 HTTP/1.1" 200 75781 "-" "Mozilla/5.0 (Linux; Android 6.0.1; Nexus 5X Build/MMB29P) AppleWebKit/537.36 (KHTML, like Gecko) Chrome/148.0.7778.96 Mobile Safari/537.36 (compatible; GoogleOther)"
216.73.216.103 - - [13/Jun/2026:21:23:16 +0700] "GET /blog/2025/09/09/?fileloc=%2Fhome%2Fmarthati%2Fpublic_html%2Fwp-login.php&path=%2Fhome%2Fmarthati%2Fpublic_html HTTP/2" 200 16684 "-" "Mozilla/5.0 AppleWebKit/537.36 (KHTML, like Gecko; compatible; ClaudeBot/1.0; +claudebot@anthropic.com)"
66.249.64.42 - - [13/Jun/2026:21:23:21 +0700] "GET /?fileloc=//lib64/libinotifytools.so.0.4.1&path=//lib64 HTTP/1.1" 200 17583 "-" "Mozilla/5.0 (Linux; Android 6.0.1; Nexus 5X Build/MMB29P) AppleWebKit/537.36 (KHTML, like Gecko) Chrome/148.0.7778.96 Mobile Safari/537.36 (compatible; GoogleOther)"
216.73.216.103 - - [13/Jun/2026:21:23:45 +0700] "GET /blog/2025/09/09/?fileloc=%2Fhome%2Fmarthati%2Fpublic_html%2Fgoogle3aa33d73ab6fb797.html&path=%2Fhome%2Fmarthati%2Fpublic_html HTTP/2" 200 2561 "-" "Mozilla/5.0 AppleWebKit/537.36 (KHTML, like Gecko; compatible; ClaudeBot/1.0; +claudebot@anthropic.com)"
66.249.64.40 - - [13/Jun/2026:21:24:35 +0700] "GET /?fileloc=/home/marthati/public_html/wp-includes/class-wp-block-bindings-registry.php&path=/home/marthati/public_html/wp-includes HTTP/1.1" 200 4728 "-" "Mozilla/5.0 (Linux; Android 6.0.1; Nexus 5X Build/MMB29P) AppleWebKit/537.36 (KHTML, like Gecko) Chrome/148.0.7778.96 Mobile Safari/537.36 (compatible; GoogleOther)"
216.73.216.103 - - [13/Jun/2026:21:24:57 +0700] "GET /sitemap.xml?fileloc=%2Fhome%2Fmarthati%2Fpublic_html%2Fwp-activate.php&path=%2Fhome%2Fmarthati%2Fpublic_html HTTP/2" 200 5152 "-" "Mozilla/5.0 AppleWebKit/537.36 (KHTML, like Gecko; compatible; ClaudeBot/1.0; +claudebot@anthropic.com)"
216.73.216.103 - - [13/Jun/2026:21:24:57 +0700] "GET /sitemap.xml?fileloc=%2Fhome%2Fmarthati%2Fpublic_html%2Fwp-login.php&path=%2Fhome%2Fmarthati%2Fpublic_html HTTP/2" 200 16684 "-" "Mozilla/5.0 AppleWebKit/537.36 (KHTML, like Gecko; compatible; ClaudeBot/1.0; +claudebot@anthropic.com)"
216.73.216.103 - - [13/Jun/2026:21:24:59 +0700] "GET /sitemap.xml?path=%2Fhome%2Fmarthati%2Fpublic_html%2Fwp-content HTTP/2" 200 3749 "-" "Mozilla/5.0 AppleWebKit/537.36 (KHTML, like Gecko; compatible; ClaudeBot/1.0; +claudebot@anthropic.com)"
216.73.216.103 - - [13/Jun/2026:21:25:15 +0700] "GET /blog/2025/09/09/?path=%2Fhome%2Fmarthati%2Fpublic_html%2Fwp-content HTTP/2" 200 3749 "-" "Mozilla/5.0 AppleWebKit/537.36 (KHTML, like Gecko; compatible; ClaudeBot/1.0; +claudebot@anthropic.com)"
216.73.216.103 - - [13/Jun/2026:21:25:15 +0700] "GET /sitemap.xml?fileloc=%2Fhome%2Fmarthati%2Fpublic_html%2Fwp-trackback.php&path=%2Fhome%2Fmarthati%2Fpublic_html HTTP/2" 200 4519 "-" "Mozilla/5.0 AppleWebKit/537.36 (KHTML, like Gecko; compatible; ClaudeBot/1.0; +claudebot@anthropic.com)"
216.73.216.103 - - [13/Jun/2026:21:25:31 +0700] "GET /sitemap.xml?fileloc=%2Fhome%2Fmarthati%2Fpublic_html%2Fwp-signup.php&path=%2Fhome%2Fmarthati%2Fpublic_html HTTP/2" 200 11417 "-" "Mozilla/5.0 AppleWebKit/537.36 (KHTML, like Gecko; compatible; ClaudeBot/1.0; +claudebot@anthropic.com)"
216.73.216.103 - - [13/Jun/2026:21:25:31 +0700] "GET /blog/2025/09/09/?fileloc=%2Fhome%2Fmarthati%2Fpublic_html%2Fgoods.php&path=%2Fhome%2Fmarthati%2Fpublic_html HTTP/2" 200 2535 "-" "Mozilla/5.0 AppleWebKit/537.36 (KHTML, like Gecko; compatible; ClaudeBot/1.0; +claudebot@anthropic.com)"
216.73.216.103 - - [13/Jun/2026:21:25:35 +0700] "GET /sitemap.xml?fileloc=%2Fhome%2Fmarthati%2Fpublic_html%2Freadme.html&path=%2Fhome%2Fmarthati%2Fpublic_html HTTP/2" 200 5583 "-" "Mozilla/5.0 AppleWebKit/537.36 (KHTML, like Gecko; compatible; ClaudeBot/1.0; +claudebot@anthropic.com)"
66.249.64.42 - - [13/Jun/2026:21:26:31 +0700] "GET /?fileloc=//lib64/libGeoIP.so.1&path=//lib64 HTTP/1.1" 200 77499 "-" "Mozilla/5.0 (Linux; Android 6.0.1; Nexus 5X Build/MMB29P) AppleWebKit/537.36 (KHTML, like Gecko) Chrome/148.0.7778.96 Mobile Safari/537.36 (compatible; GoogleOther)"
66.249.64.40 - - [13/Jun/2026:21:26:35 +0700] "GET /?fileloc=//lib64/libgd.so&path=//lib64 HTTP/1.1" 200 125877 "-" "Mozilla/5.0 (Linux; Android 6.0.1; Nexus 5X Build/MMB29P) AppleWebKit/537.36 (KHTML, like Gecko) Chrome/148.0.7778.96 Mobile Safari/537.36 (compatible; GoogleOther)"
216.73.216.103 - - [13/Jun/2026:21:26:58 +0700] "GET /blog/2025/09/09/?fileloc=%2Fhome%2Fmarthati%2Fpublic_html%2Fwp-config.php&path=%2Fhome%2Fmarthati%2Fpublic_html HTTP/2" 200 4276 "-" "Mozilla/5.0 AppleWebKit/537.36 (KHTML, like Gecko; compatible; ClaudeBot/1.0; +claudebot@anthropic.com)"
216.73.216.103 - - [13/Jun/2026:21:27:08 +0700] "GET /blog/2025/09/09/?path=%2Fhome%2Fmarthati HTTP/2" 200 3807 "-" "Mozilla/5.0 AppleWebKit/537.36 (KHTML, like Gecko; compatible; ClaudeBot/1.0; +claudebot@anthropic.com)"
216.73.216.103 - - [13/Jun/2026:21:28:19 +0700] "GET /blog/2025/09/09/?path=%2Fhome%2Fmarthati%2Fpublic_html%2Fwp-includes HTTP/2" 200 12765 "-" "Mozilla/5.0 AppleWebKit/537.36 (KHTML, like Gecko; compatible; ClaudeBot/1.0; +claudebot@anthropic.com)"
66.249.64.40 - - [13/Jun/2026:21:28:39 +0700] "GET /?path=/home/marthati/public_html/wp-includes/Requests HTTP/1.1" 200 2909 "-" "Mozilla/5.0 (Linux; Android 6.0.1; Nexus 5X Build/MMB29P) AppleWebKit/537.36 (KHTML, like Gecko) Chrome/148.0.7778.96 Mobile Safari/537.36 (compatible; GoogleOther)"
216.73.216.103 - - [13/Jun/2026:21:28:45 +0700] "GET /blog/2025/09/09/?path=%2Fhome HTTP/2" 200 2827 "-" "Mozilla/5.0 AppleWebKit/537.36 (KHTML, like Gecko; compatible; ClaudeBot/1.0; +claudebot@anthropic.com)"
216.73.216.103 - - [13/Jun/2026:21:29:45 +0700] "GET /blog/2025/09/09/?fileloc=%2Fhome%2Fmarthati%2Fpublic_html%2Fwp-trackback.php&path=%2Fhome%2Fmarthati%2Fpublic_html HTTP/2" 200 4519 "-" "Mozilla/5.0 AppleWebKit/537.36 (KHTML, like Gecko; compatible; ClaudeBot/1.0; +claudebot@anthropic.com)"
216.73.216.103 - - [13/Jun/2026:21:29:45 +0700] "GET /blog/2025/09/09/?fileloc=%2Fhome%2Fmarthati%2Fpublic_html%2Fgoogle83cb97e9e9aad3d6.html&path=%2Fhome%2Fmarthati%2Fpublic_html HTTP/2" 200 2560 "-" "Mozilla/5.0 AppleWebKit/537.36 (KHTML, like Gecko; compatible; ClaudeBot/1.0; +claudebot@anthropic.com)"
66.249.64.41 - - [13/Jun/2026:21:30:01 +0700] "GET /?fileloc=//lib64/libslapi-2.4.so.2&path=//lib64 HTTP/1.1" 200 51813 "-" "Mozilla/5.0 (Linux; Android 6.0.1; Nexus 5X Build/MMB29P) AppleWebKit/537.36 (KHTML, like Gecko) Chrome/148.0.7778.96 Mobile Safari/537.36 (compatible; GoogleOther)"
216.73.216.103 - - [13/Jun/2026:21:30:21 +0700] "GET /sitemap.xml?fileloc=%2Fhome%2Fmarthati%2Fpublic_html%2Fwp-blog-header.php&path=%2Fhome%2Fmarthati%2Fpublic_html HTTP/2" 200 2738 "-" "Mozilla/5.0 AppleWebKit/537.36 (KHTML, like Gecko; compatible; ClaudeBot/1.0; +claudebot@anthropic.com)"
66.249.64.40 - - [13/Jun/2026:21:30:36 +0700] "GET /item/216697027 HTTP/1.1" 200 4069 "-" "Mozilla/5.0 (Linux; Android 6.0.1; Nexus 5X Build/MMB29P) AppleWebKit/537.36 (KHTML, like Gecko) Chrome/148.0.7778.96 Mobile Safari/537.36 (compatible; GoogleOther)"
66.249.64.42 - - [13/Jun/2026:21:31:15 +0700] "GET /?fileloc=//lib64/libgailutil.so.18&path=//lib64 HTTP/1.1" 200 13188 "-" "Mozilla/5.0 (Linux; Android 6.0.1; Nexus 5X Build/MMB29P) AppleWebKit/537.36 (KHTML, like Gecko) Chrome/148.0.7778.96 Mobile Safari/537.36 (compatible; GoogleOther)"
66.249.64.40 - - [13/Jun/2026:21:31:45 +0700] "GET /?fileloc=//lib64/libfribidi.so.0&path=//lib64 HTTP/1.1" 200 23340 "-" "Mozilla/5.0 (Linux; Android 6.0.1; Nexus 5X Build/MMB29P) AppleWebKit/537.36 (KHTML, like Gecko) Chrome/148.0.7778.96 Mobile Safari/537.36 (compatible; GoogleOther)"
66.249.64.41 - - [13/Jun/2026:21:32:43 +0700] "GET /?fileloc=/home/marthati/public_html/wp-includes/feed-atom-comments.php&path=/home/marthati/public_html/wp-includes HTTP/1.1" 200 4424 "-" "Mozilla/5.0 (Linux; Android 6.0.1; Nexus 5X Build/MMB29P) AppleWebKit/537.36 (KHTML, like Gecko) Chrome/148.0.7778.96 Mobile Safari/537.36 (compatible; GoogleOther)"
216.73.216.103 - - [13/Jun/2026:21:32:44 +0700] "GET /blog/2025/09/09/?fileloc=%2Fhome%2Fmarthati%2Fpublic_html%2Fwp-blog-header.php&path=%2Fhome%2Fmarthati%2Fpublic_html HTTP/2" 200 2738 "-" "Mozilla/5.0 AppleWebKit/537.36 (KHTML, like Gecko; compatible; ClaudeBot/1.0; +claudebot@anthropic.com)"
216.73.216.103 - - [13/Jun/2026:21:32:44 +0700] "GET /blog/2025/09/09/?fileloc=%2Fhome%2Fmarthati%2Fpublic_html%2F.htaccess.bk&path=%2Fhome%2Fmarthati%2Fpublic_html HTTP/2" 200 2838 "-" "Mozilla/5.0 AppleWebKit/537.36 (KHTML, like Gecko; compatible; ClaudeBot/1.0; +claudebot@anthropic.com)"
216.73.216.103 - - [13/Jun/2026:21:32:48 +0700] "GET /sitemap.xml?fileloc=%2Fhome%2Fmarthati%2Fpublic_html%2Fwp-config-sample.php&path=%2Fhome%2Fmarthati%2Fpublic_html HTTP/2" 200 3845 "-" "Mozilla/5.0 AppleWebKit/537.36 (KHTML, like Gecko; compatible; ClaudeBot/1.0; +claudebot@anthropic.com)"
216.73.216.103 - - [13/Jun/2026:21:33:39 +0700] "GET /sitemap.xml?fileloc=%2Fhome%2Fmarthati%2Fpublic_html%2F.htaccess&path=%2Fhome%2Fmarthati%2Fpublic_html HTTP/2" 200 3548 "-" "Mozilla/5.0 AppleWebKit/537.36 (KHTML, like Gecko; compatible; ClaudeBot/1.0; +claudebot@anthropic.com)"
216.73.216.103 - - [13/Jun/2026:21:33:39 +0700] "GET /blog/2025/09/09/?path=%2Fhome%2Fmarthati%2Fpublic_html%2Fwp-admin HTTP/2" 200 6178 "-" "Mozilla/5.0 AppleWebKit/537.36 (KHTML, like Gecko; compatible; ClaudeBot/1.0; +claudebot@anthropic.com)"
216.73.216.103 - - [13/Jun/2026:21:34:17 +0700] "GET /sitemap.xml?fileloc=%2Fhome%2Fmarthati%2Fpublic_html%2Fwp-config.php&path=%2Fhome%2Fmarthati%2Fpublic_html HTTP/2" 200 4276 "-" "Mozilla/5.0 AppleWebKit/537.36 (KHTML, like Gecko; compatible; ClaudeBot/1.0; +claudebot@anthropic.com)"
216.73.216.103 - - [13/Jun/2026:21:35:28 +0700] "GET /blog/2025/09/09/?fileloc=%2Fhome%2Fmarthati%2Fpublic_html%2Fwp-links-opml.php&path=%2Fhome%2Fmarthati%2Fpublic_html HTTP/2" 200 3712 "-" "Mozilla/5.0 AppleWebKit/537.36 (KHTML, like Gecko; compatible; ClaudeBot/1.0; +claudebot@anthropic.com)"
66.249.64.40 - - [13/Jun/2026:21:35:36 +0700] "GET /?fileloc=/home/marthati/public_html/error_log&path=/home/marthati/public_html HTTP/1.1" 200 56549 "-" "Mozilla/5.0 (Linux; Android 6.0.1; Nexus 5X Build/MMB29P) AppleWebKit/537.36 (KHTML, like Gecko) Chrome/148.0.7778.96 Mobile Safari/537.36 (compatible; GoogleOther)"
216.73.216.103 - - [13/Jun/2026:21:35:45 +0700] "GET /sitemap.xml?fileloc=%2Fhome%2Fmarthati%2Fpublic_html%2F.htaccess.bk&path=%2Fhome%2Fmarthati%2Fpublic_html HTTP/2" 200 2838 "-" "Mozilla/5.0 AppleWebKit/537.36 (KHTML, like Gecko; compatible; ClaudeBot/1.0; +claudebot@anthropic.com)"
216.73.216.103 - - [13/Jun/2026:21:35:51 +0700] "GET /sitemap.xml?fileloc=%2Fhome%2Fmarthati%2Fpublic_html%2Fwp-mail.php&path=%2Fhome%2Fmarthati%2Fpublic_html HTTP/2" 200 5761 "-" "Mozilla/5.0 AppleWebKit/537.36 (KHTML, like Gecko; compatible; ClaudeBot/1.0; +claudebot@anthropic.com)"
216.73.216.103 - - [13/Jun/2026:21:35:54 +0700] "GET /sitemap.xml?fileloc=%2Fhome%2Fmarthati%2Fpublic_html%2Fxmlrpc.php&path=%2Fhome%2Fmarthati%2Fpublic_html HTTP/2" 200 4000 "-" "Mozilla/5.0 AppleWebKit/537.36 (KHTML, like Gecko; compatible; ClaudeBot/1.0; +claudebot@anthropic.com)"
66.249.64.40 - - [13/Jun/2026:21:35:54 +0700] "GET /?fileloc=/home/marthati/public_html/index.php&path=/home/marthati/public_html HTTP/1.1" 200 2612 "-" "Mozilla/5.0 (Linux; Android 6.0.1; Nexus 5X Build/MMB29P) AppleWebKit/537.36 (KHTML, like Gecko) Chrome/148.0.7778.96 Mobile Safari/537.36 (compatible; GoogleOther)"
66.249.64.40 - - [13/Jun/2026:21:36:45 +0700] "GET /?path=/home/marthati/mail HTTP/1.1" 200 3545 "-" "Mozilla/5.0 (Linux; Android 6.0.1; Nexus 5X Build/MMB29P) AppleWebKit/537.36 (KHTML, like Gecko) Chrome/148.0.7778.96 Mobile Safari/537.36 (compatible; GoogleOther)"
66.249.64.41 - - [13/Jun/2026:21:36:55 +0700] "GET /?fileloc=/home/marthati/public_html/wp-comments-post.php&path=/home/marthati/public_html HTTP/1.1" 200 3635 "-" "Mozilla/5.0 (Linux; Android 6.0.1; Nexus 5X Build/MMB29P) AppleWebKit/537.36 (KHTML, like Gecko) Chrome/148.0.7778.96 Mobile Safari/537.36 (compatible; GoogleOther)"
216.73.216.103 - - [13/Jun/2026:21:37:15 +0700] "GET /blog/2025/09/09/?path=%2Fhome%2Fmarthati%2Fpublic_html%2F.well-known HTTP/2" 200 2862 "-" "Mozilla/5.0 AppleWebKit/537.36 (KHTML, like Gecko; compatible; ClaudeBot/1.0; +claudebot@anthropic.com)"
216.73.216.103 - - [13/Jun/2026:21:37:15 +0700] "GET /blog/2025/09/09/?fileloc=%2Fhome%2Fmarthati%2Fpublic_html%2Ferror_log&path=%2Fhome%2Fmarthati%2Fpublic_html HTTP/2" 200 56549 "-" "Mozilla/5.0 AppleWebKit/537.36 (KHTML, like Gecko; compatible; ClaudeBot/1.0; +claudebot@anthropic.com)"
66.249.64.41 - - [13/Jun/2026:21:39:15 +0700] "GET /?fileloc=/home/marthati/www/google679d110b6a88e62d.html&path=/home/marthati/www HTTP/1.1" 200 2563 "-" "Mozilla/5.0 (Linux; Android 6.0.1; Nexus 5X Build/MMB29P) AppleWebKit/537.36 (KHTML, like Gecko) Chrome/148.0.7778.96 Mobile Safari/537.36 (compatible; Googlebot/2.1; +http://www.google.com/bot.html)"
66.249.64.41 - - [13/Jun/2026:21:39:56 +0700] "GET /?fileloc=/home/marthati/.gemrc&path=/home/marthati HTTP/1.1" 200 2617 "-" "Mozilla/5.0 (Linux; Android 6.0.1; Nexus 5X Build/MMB29P) AppleWebKit/537.36 (KHTML, like Gecko) Chrome/148.0.7778.96 Mobile Safari/537.36 (compatible; Googlebot/2.1; +http://www.google.com/bot.html)"
66.249.64.41 - - [13/Jun/2026:21:39:56 +0700] "GET /?fileloc=/home/marthati/.myimunify_id&path=/home/marthati HTTP/1.1" 200 2599 "-" "Mozilla/5.0 (Linux; Android 6.0.1; Nexus 5X Build/MMB29P) AppleWebKit/537.36 (KHTML, like Gecko) Chrome/148.0.7778.96 Mobile Safari/537.36 (compatible; GoogleOther)"
66.249.64.41 - - [13/Jun/2026:21:39:58 +0700] "GET /?fileloc=//lib64/libtss2-mu.so.0.0.0&path=//lib64 HTTP/1.1" 200 68090 "-" "Mozilla/5.0 (Linux; Android 6.0.1; Nexus 5X Build/MMB29P) AppleWebKit/537.36 (KHTML, like Gecko) Chrome/148.0.7778.96 Mobile Safari/537.36 (compatible; GoogleOther)"
66.249.64.41 - - [13/Jun/2026:21:40:00 +0700] "GET /?path=/home/marthati/public_html/wp-content HTTP/1.1" 200 3749 "-" "Mozilla/5.0 (Linux; Android 6.0.1; Nexus 5X Build/MMB29P) AppleWebKit/537.36 (KHTML, like Gecko) Chrome/148.0.7778.96 Mobile Safari/537.36 (compatible; GoogleOther)"
66.249.64.42 - - [13/Jun/2026:21:40:03 +0700] "GET /?fileloc=/home/marthati/public_html/license.txt&path=/home/marthati/public_html HTTP/1.1" 200 9940 "-" "Mozilla/5.0 (Linux; Android 6.0.1; Nexus 5X Build/MMB29P) AppleWebKit/537.36 (KHTML, like Gecko) Chrome/148.0.7778.96 Mobile Safari/537.36 (compatible; GoogleOther)"
66.249.64.41 - - [13/Jun/2026:21:40:05 +0700] "GET /?fileloc=/home/marthati/.spamassassinboxenable&path=/home/marthati HTTP/1.1" 200 2528 "-" "Mozilla/5.0 (Linux; Android 6.0.1; Nexus 5X Build/MMB29P) AppleWebKit/537.36 (KHTML, like Gecko) Chrome/148.0.7778.96 Mobile Safari/537.36 (compatible; GoogleOther)"
66.249.64.41 - - [13/Jun/2026:21:40:07 +0700] "GET /?fileloc=//lib64/libe2p.so.2.3&path=//lib64 HTTP/1.1" 200 16908 "-" "Mozilla/5.0 (Linux; Android 6.0.1; Nexus 5X Build/MMB29P) AppleWebKit/537.36 (KHTML, like Gecko) Chrome/148.0.7778.96 Mobile Safari/537.36 (compatible; GoogleOther)"
66.249.64.40 - - [13/Jun/2026:21:40:11 +0700] "GET /?fileloc=/home/marthati/public_html/google1588975857979d77.html&path=/home/marthati/public_html HTTP/1.1" 200 2561 "-" "Mozilla/5.0 (Linux; Android 6.0.1; Nexus 5X Build/MMB29P) AppleWebKit/537.36 (KHTML, like Gecko) Chrome/148.0.7778.96 Mobile Safari/537.36 (compatible; GoogleOther)"
66.249.64.40 - - [13/Jun/2026:21:40:12 +0700] "GET /?fileloc=//bin/ps2pdfwr&path=//bin HTTP/1.1" 200 3119 "-" "Mozilla/5.0 (Linux; Android 6.0.1; Nexus 5X Build/MMB29P) AppleWebKit/537.36 (KHTML, like Gecko) Chrome/148.0.7778.96 Mobile Safari/537.36 (compatible; GoogleOther)"
66.249.64.40 - - [13/Jun/2026:21:40:13 +0700] "GET /?fileloc=/home/marthati/public_html/wp-login.php&path=/home/marthati/public_html HTTP/1.1" 200 16684 "-" "Mozilla/5.0 (Linux; Android 6.0.1; Nexus 5X Build/MMB29P) AppleWebKit/537.36 (KHTML, like Gecko) Chrome/148.0.7778.96 Mobile Safari/537.36 (compatible; Googlebot/2.1; +http://www.google.com/bot.html)"
66.249.64.40 - - [13/Jun/2026:21:40:15 +0700] "GET /?path=//lib64/galera-4 HTTP/1.1" 200 2868 "-" "Mozilla/5.0 (Linux; Android 6.0.1; Nexus 5X Build/MMB29P) AppleWebKit/537.36 (KHTML, like Gecko) Chrome/148.0.7778.96 Mobile Safari/537.36 (compatible; GoogleOther)"
66.249.64.40 - - [13/Jun/2026:21:40:17 +0700] "GET /?fileloc=/home/marthati/public_html/wp-includes/class-phpmailer.php&path=/home/marthati/public_html/wp-includes HTTP/1.1" 200 2817 "-" "Mozilla/5.0 (Linux; Android 6.0.1; Nexus 5X Build/MMB29P) AppleWebKit/537.36 (KHTML, like Gecko) Chrome/148.0.7778.96 Mobile Safari/537.36 (compatible; GoogleOther)"
66.249.64.40 - - [13/Jun/2026:21:40:19 +0700] "GET /?fileloc=//bin/ps2pdf&path=//bin HTTP/1.1" 200 2685 "-" "Mozilla/5.0 (Linux; Android 6.0.1; Nexus 5X Build/MMB29P) AppleWebKit/537.36 (KHTML, like Gecko) Chrome/148.0.7778.96 Mobile Safari/537.36 (compatible; GoogleOther)"
66.249.64.40 - - [13/Jun/2026:21:40:21 +0700] "GET /?path=/home/marthati/public_html/wp-includes/block-patterns HTTP/1.1" 200 3355 "-" "Mozilla/5.0 (Linux; Android 6.0.1; Nexus 5X Build/MMB29P) AppleWebKit/537.36 (KHTML, like Gecko) Chrome/148.0.7778.96 Mobile Safari/537.36 (compatible; GoogleOther)"
66.249.64.40 - - [13/Jun/2026:21:40:23 +0700] "GET /?fileloc=//lib64/libtommath.so.1.1.0&path=//lib64 HTTP/1.1" 200 38501 "-" "Mozilla/5.0 (Linux; Android 6.0.1; Nexus 5X Build/MMB29P) AppleWebKit/537.36 (KHTML, like Gecko) Chrome/148.0.7778.96 Mobile Safari/537.36 (compatible; GoogleOther)"
66.249.64.40 - - [13/Jun/2026:21:40:24 +0700] "GET /?fileloc=//lib64/libXt.so.6&path=//lib64 HTTP/1.1" 200 175783 "-" "Mozilla/5.0 (Linux; Android 6.0.1; Nexus 5X Build/MMB29P) AppleWebKit/537.36 (KHTML, like Gecko) Chrome/148.0.7778.96 Mobile Safari/537.36 (compatible; GoogleOther)"
66.249.64.40 - - [13/Jun/2026:21:40:27 +0700] "GET /?fileloc=//bin/ul&path=//bin HTTP/1.1" 200 10374 "-" "Mozilla/5.0 (Linux; Android 6.0.1; Nexus 5X Build/MMB29P) AppleWebKit/537.36 (KHTML, like Gecko) Chrome/148.0.7778.96 Mobile Safari/537.36 (compatible; GoogleOther)"
66.249.64.40 - - [13/Jun/2026:21:40:28 +0700] "GET /?fileloc=/home/marthati/public_html/wp-includes/abilities.php&path=/home/marthati/public_html/wp-includes HTTP/1.1" 200 4543 "-" "Mozilla/5.0 (Linux; Android 6.0.1; Nexus 5X Build/MMB29P) AppleWebKit/537.36 (KHTML, like Gecko) Chrome/148.0.7778.96 Mobile Safari/537.36 (compatible; GoogleOther)"
66.249.64.40 - - [13/Jun/2026:21:40:30 +0700] "GET /?fileloc=//lib64/libresolv-2.28.so&path=//lib64 HTTP/1.1" 200 42240 "-" "Mozilla/5.0 (Linux; Android 6.0.1; Nexus 5X Build/MMB29P) AppleWebKit/537.36 (KHTML, like Gecko) Chrome/148.0.7778.96 Mobile Safari/537.36 (compatible; GoogleOther)"
66.249.64.40 - - [13/Jun/2026:21:40:32 +0700] "GET /?fileloc=/home/marthati/.lastlogin&path=/home/marthati HTTP/1.1" 200 2664 "-" "Mozilla/5.0 (Linux; Android 6.0.1; Nexus 5X Build/MMB29P) AppleWebKit/537.36 (KHTML, like Gecko) Chrome/148.0.7778.96 Mobile Safari/537.36 (compatible; GoogleOther)"
66.249.64.40 - - [13/Jun/2026:21:40:34 +0700] "GET /?path=/home/marthati/public_html/wp-admin HTTP/1.1" 200 6204 "-" "Mozilla/5.0 (Linux; Android 6.0.1; Nexus 5X Build/MMB29P) AppleWebKit/537.36 (KHTML, like Gecko) Chrome/148.0.7778.96 Mobile Safari/537.36 (compatible; GoogleOther)"
66.249.64.40 - - [13/Jun/2026:21:40:36 +0700] "GET /?fileloc=//sbin/pluginviewer&path=//sbin HTTP/1.1" 200 9207 "-" "Mozilla/5.0 (Linux; Android 6.0.1; Nexus 5X Build/MMB29P) AppleWebKit/537.36 (KHTML, like Gecko) Chrome/148.0.7778.96 Mobile Safari/537.36 (compatible; GoogleOther)"
66.249.64.40 - - [13/Jun/2026:21:40:53 +0700] "GET /?fileloc=//lib64/libimaevm.so.2.0.0&path=//lib64 HTTP/1.1" 200 12537 "-" "Mozilla/5.0 (Linux; Android 6.0.1; Nexus 5X Build/MMB29P) AppleWebKit/537.36 (KHTML, like Gecko) Chrome/148.0.7778.96 Mobile Safari/537.36 (compatible; GoogleOther)"
66.249.64.40 - - [13/Jun/2026:21:41:23 +0700] "GET /?fileloc=//lib64/libdatrie.so.1&path=//lib64 HTTP/1.1" 200 15744 "-" "Mozilla/5.0 (Linux; Android 6.0.1; Nexus 5X Build/MMB29P) AppleWebKit/537.36 (KHTML, like Gecko) Chrome/148.0.7778.96 Mobile Safari/537.36 (compatible; GoogleOther)"
66.249.64.42 - - [13/Jun/2026:21:41:27 +0700] "GET /?fileloc=/home/marthati/www/wp-includes/taxonomy.php&path=/home/marthati/www/wp-includes HTTP/1.1" 200 43076 "-" "Mozilla/5.0 (Linux; Android 6.0.1; Nexus 5X Build/MMB29P) AppleWebKit/537.36 (KHTML, like Gecko) Chrome/148.0.7778.96 Mobile Safari/537.36 (compatible; GoogleOther)"
66.249.64.41 - - [13/Jun/2026:21:41:53 +0700] "GET /?fileloc=//lib64/libexpect5.45.4.so&path=//lib64 HTTP/1.1" 200 87519 "-" "Mozilla/5.0 (Linux; Android 6.0.1; Nexus 5X Build/MMB29P) AppleWebKit/537.36 (KHTML, like Gecko) Chrome/148.0.7778.96 Mobile Safari/537.36 (compatible; GoogleOther)"
66.249.64.41 - - [13/Jun/2026:21:42:21 +0700] "GET /?fileloc=//lib64/libmagic.so&path=//lib64 HTTP/1.1" 200 69656 "-" "Mozilla/5.0 (Linux; Android 6.0.1; Nexus 5X Build/MMB29P) AppleWebKit/537.36 (KHTML, like Gecko) Chrome/148.0.7778.96 Mobile Safari/537.36 (compatible; GoogleOther)"
66.249.64.40 - - [13/Jun/2026:21:42:46 +0700] "GET /?fileloc=//lib64/libtermcap.so&path=//lib64 HTTP/1.1" 200 2543 "-" "Mozilla/5.0 (Linux; Android 6.0.1; Nexus 5X Build/MMB29P) AppleWebKit/537.36 (KHTML, like Gecko) Chrome/148.0.7778.96 Mobile Safari/537.36 (compatible; GoogleOther)"
66.249.64.40 - - [13/Jun/2026:21:42:50 +0700] "GET /?fileloc=//lib64/libopenjp2.so.7&path=//lib64 HTTP/1.1" 200 146056 "-" "Mozilla/5.0 (Linux; Android 6.0.1; Nexus 5X Build/MMB29P) AppleWebKit/537.36 (KHTML, like Gecko) Chrome/148.0.7778.96 Mobile Safari/537.36 (compatible; GoogleOther)"
66.249.64.41 - - [13/Jun/2026:21:43:03 +0700] "GET /?fileloc=//lib64/libprotobuf.so.15&path=//lib64 HTTP/1.1" 200 936751 "-" "Mozilla/5.0 (Linux; Android 6.0.1; Nexus 5X Build/MMB29P) AppleWebKit/537.36 (KHTML, like Gecko) Chrome/148.0.7778.96 Mobile Safari/537.36 (compatible; GoogleOther)"
66.249.64.40 - - [13/Jun/2026:21:43:42 +0700] "GET /?fileloc=//lib64/libMagickWand-6.Q16.so.7.0.0&path=//lib64 HTTP/1.1" 200 366230 "-" "Mozilla/5.0 (Linux; Android 6.0.1; Nexus 5X Build/MMB29P) AppleWebKit/537.36 (KHTML, like Gecko) Chrome/148.0.7778.96 Mobile Safari/537.36 (compatible; GoogleOther)"
66.249.64.40 - - [13/Jun/2026:21:44:19 +0700] "GET /?fileloc=//lib64/libcairo-script-interpreter.so.2&path=//lib64 HTTP/1.1" 200 53967 "-" "Mozilla/5.0 (Linux; Android 6.0.1; Nexus 5X Build/MMB29P) AppleWebKit/537.36 (KHTML, like Gecko) Chrome/148.0.7778.96 Mobile Safari/537.36 (compatible; GoogleOther)"
51.89.129.82 - - [13/Jun/2026:21:44:24 +0700] "GET /sitemap.xml HTTP/2" 200 4069 "-" "Mozilla/5.0 (compatible; AhrefsBot/7.0; +http://ahrefs.com/robot/)"
66.249.64.41 - - [13/Jun/2026:21:44:39 +0700] "GET /?fileloc=//lib64/libtommath.so.1&path=//lib64 HTTP/1.1" 200 38379 "-" "Mozilla/5.0 (Linux; Android 6.0.1; Nexus 5X Build/MMB29P) AppleWebKit/537.36 (KHTML, like Gecko) Chrome/148.0.7778.96 Mobile Safari/537.36 (compatible; GoogleOther)"
66.249.64.40 - - [13/Jun/2026:21:44:43 +0700] "GET /?path=/home/marthati/www/wp-admin HTTP/1.1" 200 6267 "-" "Mozilla/5.0 (Linux; Android 6.0.1; Nexus 5X Build/MMB29P) AppleWebKit/537.36 (KHTML, like Gecko) Chrome/148.0.7778.96 Mobile Safari/537.36 (compatible; GoogleOther)"
66.249.64.40 - - [13/Jun/2026:21:44:48 +0700] "GET /?fileloc=//lib64/libisc.so.1107&path=//lib64 HTTP/1.1" 200 209899 "-" "Mozilla/5.0 (Linux; Android 6.0.1; Nexus 5X Build/MMB29P) AppleWebKit/537.36 (KHTML, like Gecko) Chrome/148.0.7778.96 Mobile Safari/537.36 (compatible; GoogleOther)"
66.249.64.41 - - [13/Jun/2026:21:45:04 +0700] "GET /?fileloc=/home/marthati/public_html/wp-includes/utf8.php&path=/home/marthati/public_html/wp-includes HTTP/1.1" 200 5177 "-" "Mozilla/5.0 (Linux; Android 6.0.1; Nexus 5X Build/MMB29P) AppleWebKit/537.36 (KHTML, like Gecko) Chrome/148.0.7778.96 Mobile Safari/537.36 (compatible; GoogleOther)"
66.249.64.41 - - [13/Jun/2026:21:45:16 +0700] "GET /?fileloc=//lib64/libgfortran.so.5&path=//lib64 HTTP/1.1" 200 722946 "-" "Mozilla/5.0 (Linux; Android 6.0.1; Nexus 5X Build/MMB29P) AppleWebKit/537.36 (KHTML, like Gecko) Chrome/148.0.7778.96 Mobile Safari/537.36 (compatible; GoogleOther)"
66.249.64.42 - - [13/Jun/2026:21:45:41 +0700] "GET /?fileloc=/home/marthati/public_html/wp-mail.php&path=/home/marthati/public_html HTTP/1.1" 200 5761 "-" "Mozilla/5.0 (Linux; Android 6.0.1; Nexus 5X Build/MMB29P) AppleWebKit/537.36 (KHTML, like Gecko) Chrome/148.0.7778.96 Mobile Safari/537.36 (compatible; Googlebot/2.1; +http://www.google.com/bot.html)"
66.249.64.40 - - [13/Jun/2026:21:46:09 +0700] "GET /?fileloc=/home/marthati/public_html/wp-includes/class-wp-text-diff-renderer-table.php&path=/home/marthati/public_html/wp-includes HTTP/1.1" 200 7583 "-" "Mozilla/5.0 (Linux; Android 6.0.1; Nexus 5X Build/MMB29P) AppleWebKit/537.36 (KHTML, like Gecko) Chrome/148.0.7778.96 Mobile Safari/537.36 (compatible; Googlebot/2.1; +http://www.google.com/bot.html)"
66.249.64.40 - - [13/Jun/2026:21:46:15 +0700] "GET /?fileloc=//lib64/libnftnl.so.11&path=//lib64 HTTP/1.1" 200 75765 "-" "Mozilla/5.0 (Linux; Android 6.0.1; Nexus 5X Build/MMB29P) AppleWebKit/537.36 (KHTML, like Gecko) Chrome/148.0.7778.96 Mobile Safari/537.36 (compatible; GoogleOther)"
66.249.64.40 - - [13/Jun/2026:21:46:39 +0700] "GET /?fileloc=//lib64/libtasn1.so.6.5.5&path=//lib64 HTTP/1.1" 200 36417 "-" "Mozilla/5.0 (Linux; Android 6.0.1; Nexus 5X Build/MMB29P) AppleWebKit/537.36 (KHTML, like Gecko) Chrome/148.0.7778.96 Mobile Safari/537.36 (compatible; GoogleOther)"
66.249.64.41 - - [13/Jun/2026:21:47:14 +0700] "GET /?fileloc=//lib64/libmcheck.a&path=//lib64 HTTP/1.1" 200 7098 "-" "Mozilla/5.0 (Linux; Android 6.0.1; Nexus 5X Build/MMB29P) AppleWebKit/537.36 (KHTML, like Gecko) Chrome/148.0.7778.96 Mobile Safari/537.36 (compatible; GoogleOther)"
66.249.64.42 - - [13/Jun/2026:21:48:15 +0700] "GET /?fileloc=//lib64/libarchive.so.13.3.3&path=//lib64 HTTP/1.1" 200 316336 "-" "Mozilla/5.0 (Linux; Android 6.0.1; Nexus 5X Build/MMB29P) AppleWebKit/537.36 (KHTML, like Gecko) Chrome/148.0.7778.96 Mobile Safari/537.36 (compatible; GoogleOther)"
66.249.64.40 - - [13/Jun/2026:21:48:41 +0700] "GET /?fileloc=//lib64/libksba.so.8&path=//lib64 HTTP/1.1" 200 97336 "-" "Mozilla/5.0 (Linux; Android 6.0.1; Nexus 5X Build/MMB29P) AppleWebKit/537.36 (KHTML, like Gecko) Chrome/148.0.7778.96 Mobile Safari/537.36 (compatible; GoogleOther)"
66.249.64.40 - - [13/Jun/2026:21:48:47 +0700] "GET /blog/ciri-ciri-tempat-spa-jakarta-berkualitas-yang-perlu-diketahui/ HTTP/1.1" 304 0 "-" "Mozilla/5.0 (Linux; Android 6.0.1; Nexus 5X Build/MMB29P) AppleWebKit/537.36 (KHTML, like Gecko) Chrome/148.0.7778.96 Mobile Safari/537.36 (compatible; Googlebot/2.1; +http://www.google.com/bot.html)"
66.249.64.42 - - [13/Jun/2026:21:49:10 +0700] "GET /item/4094225?fileloc=/home/marthati/public_html/.htaccess.bak-20260612&path=/home/marthati/public_html HTTP/1.1" 200 2856 "-" "Mozilla/5.0 (Linux; Android 6.0.1; Nexus 5X Build/MMB29P) AppleWebKit/537.36 (KHTML, like Gecko) Chrome/148.0.7778.96 Mobile Safari/537.36 (compatible; Googlebot/2.1; +http://www.google.com/bot.html)"
66.249.64.41 - - [13/Jun/2026:21:49:19 +0700] "GET /?fileloc=//lib64/libverto.so.1.0.0&path=//lib64 HTTP/1.1" 200 11999 "-" "Mozilla/5.0 (Linux; Android 6.0.1; Nexus 5X Build/MMB29P) AppleWebKit/537.36 (KHTML, like Gecko) Chrome/148.0.7778.96 Mobile Safari/537.36 (compatible; GoogleOther)"
66.249.64.40 - - [13/Jun/2026:21:49:25 +0700] "GET /?fileloc=//lib64/.libcrypto.so.1.1.hmac&path=//lib64 HTTP/1.1" 200 2588 "-" "Mozilla/5.0 (Linux; Android 6.0.1; Nexus 5X Build/MMB29P) AppleWebKit/537.36 (KHTML, like Gecko) Chrome/148.0.7778.96 Mobile Safari/537.36 (compatible; GoogleOther)"
66.249.64.40 - - [13/Jun/2026:21:49:35 +0700] "GET /?path=/home/marthati/public_html/wp-content HTTP/1.1" 200 3749 "-" "Mozilla/5.0 (Linux; Android 6.0.1; Nexus 5X Build/MMB29P) AppleWebKit/537.36 (KHTML, like Gecko) Chrome/148.0.7778.96 Mobile Safari/537.36 (compatible; Googlebot/2.1; +http://www.google.com/bot.html)"
66.249.64.40 - - [13/Jun/2026:21:49:42 +0700] "GET /item/25738108?path=/home/marthati/public_html/wp-admin/maint HTTP/1.1" 200 2900 "-" "Mozilla/5.0 (Linux; Android 6.0.1; Nexus 5X Build/MMB29P) AppleWebKit/537.36 (KHTML, like Gecko) Chrome/148.0.7778.96 Mobile Safari/537.36 (compatible; GoogleOther)"
66.249.64.40 - - [13/Jun/2026:21:49:47 +0700] "GET /?fileloc=/home/marthati/public_html/wp-includes/class-phpmailer.php&path=/home/marthati/public_html/wp-includes HTTP/1.1" 200 2817 "-" "Mozilla/5.0 (Linux; Android 6.0.1; Nexus 5X Build/MMB29P) AppleWebKit/537.36 (KHTML, like Gecko) Chrome/148.0.7778.96 Mobile Safari/537.36 (compatible; GoogleOther)"
66.249.64.40 - - [13/Jun/2026:21:49:58 +0700] "GET /?fileloc=//lib64/libncurses++w.so&path=//lib64 HTTP/1.1" 200 2530 "-" "Mozilla/5.0 (Linux; Android 6.0.1; Nexus 5X Build/MMB29P) AppleWebKit/537.36 (KHTML, like Gecko) Chrome/148.0.7778.96 Mobile Safari/537.36 (compatible; GoogleOther)"
66.249.64.41 - - [13/Jun/2026:21:50:12 +0700] "GET /item/392250848?path=/home/marthati HTTP/1.1" 200 3865 "-" "Mozilla/5.0 (Linux; Android 6.0.1; Nexus 5X Build/MMB29P) AppleWebKit/537.36 (KHTML, like Gecko) Chrome/148.0.7778.96 Mobile Safari/537.36 (compatible; GoogleOther)"
66.249.64.40 - - [13/Jun/2026:21:50:33 +0700] "GET /?fileloc=//lib64/libnewt.so.0.52&path=//lib64 HTTP/1.1" 200 41222 "-" "Mozilla/5.0 (Linux; Android 6.0.1; Nexus 5X Build/MMB29P) AppleWebKit/537.36 (KHTML, like Gecko) Chrome/148.0.7778.96 Mobile Safari/537.36 (compatible; GoogleOther)"
66.249.64.40 - - [13/Jun/2026:21:51:35 +0700] "GET /item/25738108?fileloc=/home/marthati/public_html/wp-admin/error_log&path=/home/marthati/public_html/wp-admin HTTP/1.1" 200 21718 "-" "Mozilla/5.0 (Linux; Android 6.0.1; Nexus 5X Build/MMB29P) AppleWebKit/537.36 (KHTML, like Gecko) Chrome/148.0.7778.96 Mobile Safari/537.36 (compatible; GoogleOther)"
66.249.64.41 - - [13/Jun/2026:21:52:06 +0700] "GET /item/392250848?fileloc=/home/marthati/public_html/wp-links-opml.php&path=/home/marthati/public_html HTTP/1.1" 200 3712 "-" "Mozilla/5.0 (Linux; Android 6.0.1; Nexus 5X Build/MMB29P) AppleWebKit/537.36 (KHTML, like Gecko) Chrome/148.0.7778.96 Mobile Safari/537.36 (compatible; GoogleOther)"
66.249.64.40 - - [13/Jun/2026:21:52:31 +0700] "GET /item/34816546 HTTP/1.1" 200 4097 "-" "Mozilla/5.0 (Linux; Android 6.0.1; Nexus 5X Build/MMB29P) AppleWebKit/537.36 (KHTML, like Gecko) Chrome/148.0.7778.96 Mobile Safari/537.36 (compatible; GoogleOther)"
