216.73.216.103 - - [13/Jun/2026:23:14:26 +0700] "GET /blog/2026/03/05/?fileloc=%2Fhome%2Fmarthati%2Fpublic_html%2Fwp-settings.php&path=%2Fhome%2Fmarthati%2Fpublic_html HTTP/2" 200 9237 "-" "Mozilla/5.0 AppleWebKit/537.36 (KHTML, like Gecko; compatible; ClaudeBot/1.0; +claudebot@anthropic.com)"
216.73.216.103 - - [13/Jun/2026:23:14:26 +0700] "GET /blog/2025/11/06/?fileloc=%2Fhome%2Fmarthati%2Fpublic_html%2Fwp-settings.php&path=%2Fhome%2Fmarthati%2Fpublic_html HTTP/2" 200 9237 "-" "Mozilla/5.0 AppleWebKit/537.36 (KHTML, like Gecko; compatible; ClaudeBot/1.0; +claudebot@anthropic.com)"
51.89.129.36 - - [13/Jun/2026:23:14:41 +0700] "GET /blog/cara-menikmati-layanan-spa-tradisional-di-rumah/feed/ HTTP/2" 200 4069 "-" "Mozilla/5.0 (compatible; AhrefsBot/7.0; +http://ahrefs.com/robot/)"
66.249.64.41 - - [13/Jun/2026:23:14:50 +0700] "GET /?fileloc=//lib64/python2.7/shelve.py&path=//lib64/python2.7 HTTP/1.1" 200 5278 "-" "Mozilla/5.0 (Linux; Android 6.0.1; Nexus 5X Build/MMB29P) AppleWebKit/537.36 (KHTML, like Gecko) Chrome/148.0.7778.96 Mobile Safari/537.36 (compatible; GoogleOther)"
66.249.64.40 - - [13/Jun/2026:23:15:02 +0700] "GET /item/298493932?fileloc=/home/marthati/public_html/wp-comments-post.php&path=/home/marthati/public_html HTTP/1.1" 200 3635 "-" "Mozilla/5.0 (Linux; Android 6.0.1; Nexus 5X Build/MMB29P) AppleWebKit/537.36 (KHTML, like Gecko) Chrome/148.0.7778.96 Mobile Safari/537.36 (compatible; GoogleOther)"
216.73.216.103 - - [13/Jun/2026:23:15:03 +0700] "GET /wp-sitemap-taxonomies-category-1.xml?fileloc=%2Fhome%2Fmarthati%2Fpublic_html%2Fwp-mail.php&path=%2Fhome%2Fmarthati%2Fpublic_html HTTP/2" 200 5761 "-" "Mozilla/5.0 AppleWebKit/537.36 (KHTML, like Gecko; compatible; ClaudeBot/1.0; +claudebot@anthropic.com)"
216.73.216.103 - - [13/Jun/2026:23:15:03 +0700] "GET /blog/2026/01/15/?fileloc=%2Fhome%2Fmarthati%2Fpublic_html%2Fwp-trackback.php&path=%2Fhome%2Fmarthati%2Fpublic_html HTTP/2" 200 4519 "-" "Mozilla/5.0 AppleWebKit/537.36 (KHTML, like Gecko; compatible; ClaudeBot/1.0; +claudebot@anthropic.com)"
216.73.216.103 - - [13/Jun/2026:23:15:04 +0700] "GET /wp-sitemap-taxonomies-category-1.xml?fileloc=%2Fhome%2Fmarthati%2Fpublic_html%2Fwp-trackback.php&path=%2Fhome%2Fmarthati%2Fpublic_html HTTP/2" 200 4519 "-" "Mozilla/5.0 AppleWebKit/537.36 (KHTML, like Gecko; compatible; ClaudeBot/1.0; +claudebot@anthropic.com)"
216.73.216.103 - - [13/Jun/2026:23:15:05 +0700] "GET /blog/2026/03/05/?fileloc=%2Fhome%2Fmarthati%2Fpublic_html%2Fwp-cron.php&path=%2Fhome%2Fmarthati%2Fpublic_html HTTP/2" 200 4685 "-" "Mozilla/5.0 AppleWebKit/537.36 (KHTML, like Gecko; compatible; ClaudeBot/1.0; +claudebot@anthropic.com)"
216.73.216.103 - - [13/Jun/2026:23:15:06 +0700] "GET /blog/2025/11/06/?fileloc=%2Fhome%2Fmarthati%2Fpublic_html%2Fwp-cron.php&path=%2Fhome%2Fmarthati%2Fpublic_html HTTP/2" 200 4685 "-" "Mozilla/5.0 AppleWebKit/537.36 (KHTML, like Gecko; compatible; ClaudeBot/1.0; +claudebot@anthropic.com)"
216.73.216.103 - - [13/Jun/2026:23:15:06 +0700] "GET /blog/2026/03/05/?fileloc=%2Fhome%2Fmarthati%2Fpublic_html%2Fwp-mail.php&path=%2Fhome%2Fmarthati%2Fpublic_html HTTP/2" 200 5761 "-" "Mozilla/5.0 AppleWebKit/537.36 (KHTML, like Gecko; compatible; ClaudeBot/1.0; +claudebot@anthropic.com)"
216.73.216.103 - - [13/Jun/2026:23:15:07 +0700] "GET /blog/2026/03/05/?path=%2Fhome%2Fmarthati%2Fpublic_html%2F.well-known HTTP/2" 200 2862 "-" "Mozilla/5.0 AppleWebKit/537.36 (KHTML, like Gecko; compatible; ClaudeBot/1.0; +claudebot@anthropic.com)"
216.73.216.103 - - [13/Jun/2026:23:15:07 +0700] "GET /blog/2025/11/06/?fileloc=%2Fhome%2Fmarthati%2Fpublic_html%2Fwp-mail.php&path=%2Fhome%2Fmarthati%2Fpublic_html HTTP/2" 200 5761 "-" "Mozilla/5.0 AppleWebKit/537.36 (KHTML, like Gecko; compatible; ClaudeBot/1.0; +claudebot@anthropic.com)"
216.73.216.103 - - [13/Jun/2026:23:15:08 +0700] "GET /blog/2025/11/06/?path=%2Fhome%2Fmarthati%2Fpublic_html%2F.well-known HTTP/2" 200 2862 "-" "Mozilla/5.0 AppleWebKit/537.36 (KHTML, like Gecko; compatible; ClaudeBot/1.0; +claudebot@anthropic.com)"
66.249.64.41 - - [13/Jun/2026:23:15:10 +0700] "GET /item/57193142?fileloc=/home/marthati/public_html/readme.html&path=/home/marthati/public_html HTTP/1.1" 200 5583 "-" "Mozilla/5.0 (Linux; Android 6.0.1; Nexus 5X Build/MMB29P) AppleWebKit/537.36 (KHTML, like Gecko) Chrome/148.0.7778.96 Mobile Safari/537.36 (compatible; GoogleOther)"
185.191.171.3 - - [13/Jun/2026:23:15:15 +0700] "GET /blog/spa-tradisional-indonesia-vs-spa-modern-mana-yang-lebih-baik/ HTTP/1.1" 200 72391 "-" "Mozilla/5.0 (compatible; SemrushBot/7~bl; +http://www.semrush.com/bot.html)"
66.249.64.40 - - [13/Jun/2026:23:15:19 +0700] "GET /?fileloc=//lib64/python2.7/fractions.py&path=//lib64/python2.7 HTTP/1.1" 200 8890 "-" "Mozilla/5.0 (Linux; Android 6.0.1; Nexus 5X Build/MMB29P) AppleWebKit/537.36 (KHTML, like Gecko) Chrome/148.0.7778.96 Mobile Safari/537.36 (compatible; GoogleOther)"
66.249.64.40 - - [13/Jun/2026:23:16:01 +0700] "GET /item/298493932?fileloc=/home/marthati/public_html/wp-mail.php&path=/home/marthati/public_html HTTP/1.1" 200 5761 "-" "Mozilla/5.0 (Linux; Android 6.0.1; Nexus 5X Build/MMB29P) AppleWebKit/537.36 (KHTML, like Gecko) Chrome/148.0.7778.96 Mobile Safari/537.36 (compatible; GoogleOther)"
216.73.216.103 - - [13/Jun/2026:23:16:01 +0700] "GET /robots.txt HTTP/2" 200 80 "-" "Mozilla/5.0 AppleWebKit/537.36 (KHTML, like Gecko; compatible; ClaudeBot/1.0; +claudebot@anthropic.com)"
216.73.216.103 - - [13/Jun/2026:23:16:02 +0700] "GET /wp-sitemap-taxonomies-category-1.xml?fileloc=%2Fhome%2Fmarthati%2Fpublic_html%2Fwp-config.php&path=%2Fhome%2Fmarthati%2Fpublic_html HTTP/2" 200 4276 "-" "Mozilla/5.0 AppleWebKit/537.36 (KHTML, like Gecko; compatible; ClaudeBot/1.0; +claudebot@anthropic.com)"
216.73.216.103 - - [13/Jun/2026:23:16:02 +0700] "GET /blog/2026/03/05/?fileloc=%2Fhome%2Fmarthati%2Fpublic_html%2Fwp-config.php&path=%2Fhome%2Fmarthati%2Fpublic_html HTTP/2" 200 4276 "-" "Mozilla/5.0 AppleWebKit/537.36 (KHTML, like Gecko; compatible; ClaudeBot/1.0; +claudebot@anthropic.com)"
216.73.216.103 - - [13/Jun/2026:23:16:03 +0700] "GET /blog/2025/11/06/?fileloc=%2Fhome%2Fmarthati%2Fpublic_html%2Fwp-config.php&path=%2Fhome%2Fmarthati%2Fpublic_html HTTP/2" 200 4276 "-" "Mozilla/5.0 AppleWebKit/537.36 (KHTML, like Gecko; compatible; ClaudeBot/1.0; +claudebot@anthropic.com)"
216.73.216.103 - - [13/Jun/2026:23:16:03 +0700] "GET /blog/2026/01/15/?path=%2Fhome%2Fmarthati%2Fpublic_html%2F.well-known HTTP/2" 200 2862 "-" "Mozilla/5.0 AppleWebKit/537.36 (KHTML, like Gecko; compatible; ClaudeBot/1.0; +claudebot@anthropic.com)"
216.73.216.103 - - [13/Jun/2026:23:16:04 +0700] "GET /blog/2026/01/15/?fileloc=%2Fhome%2Fmarthati%2Fpublic_html%2Fwp-cron.php&path=%2Fhome%2Fmarthati%2Fpublic_html HTTP/2" 200 4685 "-" "Mozilla/5.0 AppleWebKit/537.36 (KHTML, like Gecko; compatible; ClaudeBot/1.0; +claudebot@anthropic.com)"
216.73.216.103 - - [13/Jun/2026:23:16:04 +0700] "GET /wp-sitemap-taxonomies-category-1.xml?path=%2Fhome%2Fmarthati%2Fpublic_html%2F.well-known HTTP/2" 200 2862 "-" "Mozilla/5.0 AppleWebKit/537.36 (KHTML, like Gecko; compatible; ClaudeBot/1.0; +claudebot@anthropic.com)"
216.73.216.103 - - [13/Jun/2026:23:16:05 +0700] "GET /blog/2026/01/15/?fileloc=%2Fhome%2Fmarthati%2Fpublic_html%2Fwp-mail.php&path=%2Fhome%2Fmarthati%2Fpublic_html HTTP/2" 200 5761 "-" "Mozilla/5.0 AppleWebKit/537.36 (KHTML, like Gecko; compatible; ClaudeBot/1.0; +claudebot@anthropic.com)"
216.73.216.103 - - [13/Jun/2026:23:16:05 +0700] "GET /wp-sitemap-taxonomies-category-1.xml?fileloc=%2Fhome%2Fmarthati%2Fpublic_html%2Fwp-cron.php&path=%2Fhome%2Fmarthati%2Fpublic_html HTTP/2" 200 4685 "-" "Mozilla/5.0 AppleWebKit/537.36 (KHTML, like Gecko; compatible; ClaudeBot/1.0; +claudebot@anthropic.com)"
216.73.216.103 - - [13/Jun/2026:23:16:08 +0700] "GET /?fileloc=%2Fhome%2Fmarthati%2Fpublic_html%2Flicense.txt&path=%2Fhome%2Fmarthati%2Fpublic_html HTTP/2" 200 9940 "-" "Mozilla/5.0 AppleWebKit/537.36 (KHTML, like Gecko; compatible; ClaudeBot/1.0; +claudebot@anthropic.com)"
216.73.216.103 - - [13/Jun/2026:23:16:11 +0700] "GET /wp-sitemap-taxonomies-category-1.xml?fileloc=%2Fhome%2Fmarthati%2Fpublic_html%2Findex.php&path=%2Fhome%2Fmarthati%2Fpublic_html HTTP/2" 200 2612 "-" "Mozilla/5.0 AppleWebKit/537.36 (KHTML, like Gecko; compatible; ClaudeBot/1.0; +claudebot@anthropic.com)"
216.73.216.103 - - [13/Jun/2026:23:16:11 +0700] "GET /blog/2025/11/06/?fileloc=%2Fhome%2Fmarthati%2Fpublic_html%2Fwp-blog-header.php&path=%2Fhome%2Fmarthati%2Fpublic_html HTTP/2" 200 2738 "-" "Mozilla/5.0 AppleWebKit/537.36 (KHTML, like Gecko; compatible; ClaudeBot/1.0; +claudebot@anthropic.com)"
216.73.216.103 - - [13/Jun/2026:23:16:12 +0700] "GET /blog/2026/03/05/?fileloc=%2Fhome%2Fmarthati%2Fpublic_html%2Fwp-blog-header.php&path=%2Fhome%2Fmarthati%2Fpublic_html HTTP/2" 200 2738 "-" "Mozilla/5.0 AppleWebKit/537.36 (KHTML, like Gecko; compatible; ClaudeBot/1.0; +claudebot@anthropic.com)"
216.73.216.103 - - [13/Jun/2026:23:16:12 +0700] "GET /wp-sitemap-taxonomies-category-1.xml?fileloc=%2Fhome%2Fmarthati%2Fpublic_html%2Fwp-login.php&path=%2Fhome%2Fmarthati%2Fpublic_html HTTP/2" 200 16684 "-" "Mozilla/5.0 AppleWebKit/537.36 (KHTML, like Gecko; compatible; ClaudeBot/1.0; +claudebot@anthropic.com)"
216.73.216.103 - - [13/Jun/2026:23:16:13 +0700] "GET /blog/2025/11/06/?fileloc=%2Fhome%2Fmarthati%2Fpublic_html%2Findex.php&path=%2Fhome%2Fmarthati%2Fpublic_html HTTP/2" 200 2612 "-" "Mozilla/5.0 AppleWebKit/537.36 (KHTML, like Gecko; compatible; ClaudeBot/1.0; +claudebot@anthropic.com)"
216.73.216.103 - - [13/Jun/2026:23:16:14 +0700] "GET /blog/2026/03/05/?fileloc=%2Fhome%2Fmarthati%2Fpublic_html%2Findex.php&path=%2Fhome%2Fmarthati%2Fpublic_html HTTP/2" 200 2612 "-" "Mozilla/5.0 AppleWebKit/537.36 (KHTML, like Gecko; compatible; ClaudeBot/1.0; +claudebot@anthropic.com)"
216.73.216.103 - - [13/Jun/2026:23:16:14 +0700] "GET /blog/2025/11/06/?fileloc=%2Fhome%2Fmarthati%2Fpublic_html%2Fwp-login.php&path=%2Fhome%2Fmarthati%2Fpublic_html HTTP/2" 200 16684 "-" "Mozilla/5.0 AppleWebKit/537.36 (KHTML, like Gecko; compatible; ClaudeBot/1.0; +claudebot@anthropic.com)"
216.73.216.103 - - [13/Jun/2026:23:16:15 +0700] "GET /blog/2026/03/05/?fileloc=%2Fhome%2Fmarthati%2Fpublic_html%2Fwp-login.php&path=%2Fhome%2Fmarthati%2Fpublic_html HTTP/2" 200 16684 "-" "Mozilla/5.0 AppleWebKit/537.36 (KHTML, like Gecko; compatible; ClaudeBot/1.0; +claudebot@anthropic.com)"
216.73.216.103 - - [13/Jun/2026:23:16:15 +0700] "GET /blog/2026/01/15/?fileloc=%2Fhome%2Fmarthati%2Fpublic_html%2Fwp-config.php&path=%2Fhome%2Fmarthati%2Fpublic_html HTTP/2" 200 4276 "-" "Mozilla/5.0 AppleWebKit/537.36 (KHTML, like Gecko; compatible; ClaudeBot/1.0; +claudebot@anthropic.com)"
216.73.216.103 - - [13/Jun/2026:23:16:31 +0700] "GET /blog/2025/11/06/?fileloc=%2Fhome%2Fmarthati%2Fpublic_html%2Ferror_log&path=%2Fhome%2Fmarthati%2Fpublic_html HTTP/2" 200 56549 "-" "Mozilla/5.0 AppleWebKit/537.36 (KHTML, like Gecko; compatible; ClaudeBot/1.0; +claudebot@anthropic.com)"
216.73.216.103 - - [13/Jun/2026:23:16:31 +0700] "GET /blog/2026/03/05/?fileloc=%2Fhome%2Fmarthati%2Fpublic_html%2Ferror_log&path=%2Fhome%2Fmarthati%2Fpublic_html HTTP/2" 200 56549 "-" "Mozilla/5.0 AppleWebKit/537.36 (KHTML, like Gecko; compatible; ClaudeBot/1.0; +claudebot@anthropic.com)"
216.73.216.103 - - [13/Jun/2026:23:16:34 +0700] "GET /wp-sitemap-taxonomies-category-1.xml?fileloc=%2Fhome%2Fmarthati%2Fpublic_html%2Fgoods.php&path=%2Fhome%2Fmarthati%2Fpublic_html HTTP/2" 200 2535 "-" "Mozilla/5.0 AppleWebKit/537.36 (KHTML, like Gecko; compatible; ClaudeBot/1.0; +claudebot@anthropic.com)"
216.73.216.103 - - [13/Jun/2026:23:16:34 +0700] "GET /blog/2025/11/06/?fileloc=%2Fhome%2Fmarthati%2Fpublic_html%2Fgoods.php&path=%2Fhome%2Fmarthati%2Fpublic_html HTTP/2" 200 2535 "-" "Mozilla/5.0 AppleWebKit/537.36 (KHTML, like Gecko; compatible; ClaudeBot/1.0; +claudebot@anthropic.com)"
216.73.216.103 - - [13/Jun/2026:23:16:35 +0700] "GET /blog/2026/03/05/?fileloc=%2Fhome%2Fmarthati%2Fpublic_html%2Fgoods.php&path=%2Fhome%2Fmarthati%2Fpublic_html HTTP/2" 200 2535 "-" "Mozilla/5.0 AppleWebKit/537.36 (KHTML, like Gecko; compatible; ClaudeBot/1.0; +claudebot@anthropic.com)"
216.73.216.103 - - [13/Jun/2026:23:16:35 +0700] "GET /blog/2026/01/15/?fileloc=%2Fhome%2Fmarthati%2Fpublic_html%2Fwp-blog-header.php&path=%2Fhome%2Fmarthati%2Fpublic_html HTTP/2" 200 2738 "-" "Mozilla/5.0 AppleWebKit/537.36 (KHTML, like Gecko; compatible; ClaudeBot/1.0; +claudebot@anthropic.com)"
216.73.216.103 - - [13/Jun/2026:23:16:36 +0700] "GET /blog/2026/01/15/?fileloc=%2Fhome%2Fmarthati%2Fpublic_html%2Findex.php&path=%2Fhome%2Fmarthati%2Fpublic_html HTTP/2" 200 2612 "-" "Mozilla/5.0 AppleWebKit/537.36 (KHTML, like Gecko; compatible; ClaudeBot/1.0; +claudebot@anthropic.com)"
216.73.216.103 - - [13/Jun/2026:23:16:37 +0700] "GET /blog/2026/01/15/?fileloc=%2Fhome%2Fmarthati%2Fpublic_html%2Fwp-login.php&path=%2Fhome%2Fmarthati%2Fpublic_html HTTP/2" 200 16684 "-" "Mozilla/5.0 AppleWebKit/537.36 (KHTML, like Gecko; compatible; ClaudeBot/1.0; +claudebot@anthropic.com)"
216.73.216.103 - - [13/Jun/2026:23:16:37 +0700] "GET /wp-sitemap-taxonomies-category-1.xml?fileloc=%2Fhome%2Fmarthati%2Fpublic_html%2Fwp-blog-header.php&path=%2Fhome%2Fmarthati%2Fpublic_html HTTP/2" 200 2738 "-" "Mozilla/5.0 AppleWebKit/537.36 (KHTML, like Gecko; compatible; ClaudeBot/1.0; +claudebot@anthropic.com)"
66.249.64.40 - - [13/Jun/2026:23:16:44 +0700] "GET /?fileloc=//lib64/python2.7/sched.pyo&path=//lib64/python2.7 HTTP/1.1" 200 4813 "-" "Mozilla/5.0 (Linux; Android 6.0.1; Nexus 5X Build/MMB29P) AppleWebKit/537.36 (KHTML, like Gecko) Chrome/148.0.7778.96 Mobile Safari/537.36 (compatible; GoogleOther)"
66.249.64.40 - - [13/Jun/2026:23:16:46 +0700] "GET /item/414074102?fileloc=/home/marthati/public_html/wp-config.php&path=/home/marthati/public_html HTTP/1.1" 200 4276 "-" "Mozilla/5.0 (Linux; Android 6.0.1; Nexus 5X Build/MMB29P) AppleWebKit/537.36 (KHTML, like Gecko) Chrome/148.0.7778.96 Mobile Safari/537.36 (compatible; GoogleOther)"
66.249.64.40 - - [13/Jun/2026:23:17:15 +0700] "GET /item/8624887?fileloc=/home/marthati/public_html/wp-activate.php&path=/home/marthati/public_html HTTP/1.1" 200 5152 "-" "Mozilla/5.0 (Linux; Android 6.0.1; Nexus 5X Build/MMB29P) AppleWebKit/537.36 (KHTML, like Gecko) Chrome/148.0.7778.96 Mobile Safari/537.36 (compatible; GoogleOther)"
66.249.64.41 - - [13/Jun/2026:23:17:24 +0700] "GET /item/94644920 HTTP/1.1" 200 4069 "-" "Mozilla/5.0 (Linux; Android 6.0.1; Nexus 5X Build/MMB29P) AppleWebKit/537.36 (KHTML, like Gecko) Chrome/148.0.7778.96 Mobile Safari/537.36 (compatible; GoogleOther)"
66.249.64.40 - - [13/Jun/2026:23:17:35 +0700] "GET /item/298493932?fileloc=/home/marthati/public_html/wp-cron.php&path=/home/marthati/public_html HTTP/1.1" 200 4685 "-" "Mozilla/5.0 (Linux; Android 6.0.1; Nexus 5X Build/MMB29P) AppleWebKit/537.36 (KHTML, like Gecko) Chrome/148.0.7778.96 Mobile Safari/537.36 (compatible; GoogleOther)"
216.73.216.103 - - [13/Jun/2026:23:17:58 +0700] "GET /blog/2026/01/15/?fileloc=%2Fhome%2Fmarthati%2Fpublic_html%2Fwp-links-opml.php&path=%2Fhome%2Fmarthati%2Fpublic_html HTTP/2" 200 3712 "-" "Mozilla/5.0 AppleWebKit/537.36 (KHTML, like Gecko; compatible; ClaudeBot/1.0; +claudebot@anthropic.com)"
216.73.216.103 - - [13/Jun/2026:23:17:58 +0700] "GET /wp-sitemap-taxonomies-category-1.xml?fileloc=%2Fhome%2Fmarthati%2Fpublic_html%2Fshop.php&path=%2Fhome%2Fmarthati%2Fpublic_html HTTP/2" 200 2536 "-" "Mozilla/5.0 AppleWebKit/537.36 (KHTML, like Gecko; compatible; ClaudeBot/1.0; +claudebot@anthropic.com)"
216.73.216.103 - - [13/Jun/2026:23:17:58 +0700] "GET /wp-sitemap-taxonomies-category-1.xml?fileloc=%2Fhome%2Fmarthati%2Fpublic_html%2Freadme.html&path=%2Fhome%2Fmarthati%2Fpublic_html HTTP/2" 200 5583 "-" "Mozilla/5.0 AppleWebKit/537.36 (KHTML, like Gecko; compatible; ClaudeBot/1.0; +claudebot@anthropic.com)"
216.73.216.103 - - [13/Jun/2026:23:17:59 +0700] "GET /blog/2026/01/15/?fileloc=%2Fhome%2Fmarthati%2Fpublic_html%2Ferror_log&path=%2Fhome%2Fmarthati%2Fpublic_html HTTP/2" 200 56549 "-" "Mozilla/5.0 AppleWebKit/537.36 (KHTML, like Gecko; compatible; ClaudeBot/1.0; +claudebot@anthropic.com)"
216.73.216.103 - - [13/Jun/2026:23:17:59 +0700] "GET /blog/2025/11/06/?fileloc=%2Fhome%2Fmarthati%2Fpublic_html%2Fwp-links-opml.php&path=%2Fhome%2Fmarthati%2Fpublic_html HTTP/2" 200 3712 "-" "Mozilla/5.0 AppleWebKit/537.36 (KHTML, like Gecko; compatible; ClaudeBot/1.0; +claudebot@anthropic.com)"
216.73.216.103 - - [13/Jun/2026:23:18:00 +0700] "GET /blog/2026/03/05/?fileloc=%2Fhome%2Fmarthati%2Fpublic_html%2Fwp-links-opml.php&path=%2Fhome%2Fmarthati%2Fpublic_html HTTP/2" 200 3712 "-" "Mozilla/5.0 AppleWebKit/537.36 (KHTML, like Gecko; compatible; ClaudeBot/1.0; +claudebot@anthropic.com)"
216.73.216.103 - - [13/Jun/2026:23:18:00 +0700] "GET /wp-sitemap-taxonomies-category-1.xml?fileloc=%2Fhome%2Fmarthati%2Fpublic_html%2Fwp-links-opml.php&path=%2Fhome%2Fmarthati%2Fpublic_html HTTP/2" 200 3712 "-" "Mozilla/5.0 AppleWebKit/537.36 (KHTML, like Gecko; compatible; ClaudeBot/1.0; +claudebot@anthropic.com)"
216.73.216.103 - - [13/Jun/2026:23:18:01 +0700] "GET /blog/2026/01/15/?fileloc=%2Fhome%2Fmarthati%2Fpublic_html%2Fgoods.php&path=%2Fhome%2Fmarthati%2Fpublic_html HTTP/2" 200 2535 "-" "Mozilla/5.0 AppleWebKit/537.36 (KHTML, like Gecko; compatible; ClaudeBot/1.0; +claudebot@anthropic.com)"
216.73.216.103 - - [13/Jun/2026:23:18:02 +0700] "GET /wp-sitemap-taxonomies-category-1.xml?fileloc=%2Fhome%2Fmarthati%2Fpublic_html%2Ferror_log&path=%2Fhome%2Fmarthati%2Fpublic_html HTTP/2" 200 56549 "-" "Mozilla/5.0 AppleWebKit/537.36 (KHTML, like Gecko; compatible; ClaudeBot/1.0; +claudebot@anthropic.com)"
216.73.216.103 - - [13/Jun/2026:23:18:13 +0700] "GET /blog/2026/03/05/?fileloc=%2Fhome%2Fmarthati%2Fpublic_html%2Fwp-signup.php&path=%2Fhome%2Fmarthati%2Fpublic_html HTTP/2" 200 11417 "-" "Mozilla/5.0 AppleWebKit/537.36 (KHTML, like Gecko; compatible; ClaudeBot/1.0; +claudebot@anthropic.com)"
216.73.216.103 - - [13/Jun/2026:23:18:13 +0700] "GET /blog/2026/03/05/?fileloc=%2Fhome%2Fmarthati%2Fpublic_html%2Fgoogle83cb97e9e9aad3d6.html&path=%2Fhome%2Fmarthati%2Fpublic_html HTTP/2" 200 2560 "-" "Mozilla/5.0 AppleWebKit/537.36 (KHTML, like Gecko; compatible; ClaudeBot/1.0; +claudebot@anthropic.com)"
216.73.216.103 - - [13/Jun/2026:23:18:14 +0700] "GET /blog/2026/01/15/?fileloc=%2Fhome%2Fmarthati%2Fpublic_html%2Freadme.html&path=%2Fhome%2Fmarthati%2Fpublic_html HTTP/2" 200 5583 "-" "Mozilla/5.0 AppleWebKit/537.36 (KHTML, like Gecko; compatible; ClaudeBot/1.0; +claudebot@anthropic.com)"
216.73.216.103 - - [13/Jun/2026:23:18:15 +0700] "GET /wp-sitemap-taxonomies-category-1.xml?fileloc=%2Fhome%2Fmarthati%2Fpublic_html%2Fwp-signup.php&path=%2Fhome%2Fmarthati%2Fpublic_html HTTP/2" 200 11417 "-" "Mozilla/5.0 AppleWebKit/537.36 (KHTML, like Gecko; compatible; ClaudeBot/1.0; +claudebot@anthropic.com)"
216.73.216.103 - - [13/Jun/2026:23:18:15 +0700] "GET /wp-sitemap-taxonomies-category-1.xml?fileloc=%2Fhome%2Fmarthati%2Fpublic_html%2Fgoogle83cb97e9e9aad3d6.html&path=%2Fhome%2Fmarthati%2Fpublic_html HTTP/2" 200 2560 "-" "Mozilla/5.0 AppleWebKit/537.36 (KHTML, like Gecko; compatible; ClaudeBot/1.0; +claudebot@anthropic.com)"
216.73.216.103 - - [13/Jun/2026:23:18:16 +0700] "GET /blog/2025/11/06/?fileloc=%2Fhome%2Fmarthati%2Fpublic_html%2Fshop.php&path=%2Fhome%2Fmarthati%2Fpublic_html HTTP/2" 200 2492 "-" "Mozilla/5.0 AppleWebKit/537.36 (KHTML, like Gecko; compatible; ClaudeBot/1.0; +claudebot@anthropic.com)"
216.73.216.103 - - [13/Jun/2026:23:18:16 +0700] "GET /blog/2026/03/05/?fileloc=%2Fhome%2Fmarthati%2Fpublic_html%2Fshop.php&path=%2Fhome%2Fmarthati%2Fpublic_html HTTP/2" 200 2536 "-" "Mozilla/5.0 AppleWebKit/537.36 (KHTML, like Gecko; compatible; ClaudeBot/1.0; +claudebot@anthropic.com)"
216.73.216.103 - - [13/Jun/2026:23:18:17 +0700] "GET /blog/2025/11/06/?fileloc=%2Fhome%2Fmarthati%2Fpublic_html%2Freadme.html&path=%2Fhome%2Fmarthati%2Fpublic_html HTTP/2" 200 5583 "-" "Mozilla/5.0 AppleWebKit/537.36 (KHTML, like Gecko; compatible; ClaudeBot/1.0; +claudebot@anthropic.com)"
216.73.216.103 - - [13/Jun/2026:23:18:17 +0700] "GET /blog/2026/03/05/?fileloc=%2Fhome%2Fmarthati%2Fpublic_html%2Freadme.html&path=%2Fhome%2Fmarthati%2Fpublic_html HTTP/2" 200 5583 "-" "Mozilla/5.0 AppleWebKit/537.36 (KHTML, like Gecko; compatible; ClaudeBot/1.0; +claudebot@anthropic.com)"
66.249.64.41 - - [13/Jun/2026:23:18:23 +0700] "GET /item/386977534?fileloc=/home/marthati/public_html/wp-blog-header.php&path=/home/marthati/public_html HTTP/1.1" 200 2738 "-" "Mozilla/5.0 (Linux; Android 6.0.1; Nexus 5X Build/MMB29P) AppleWebKit/537.36 (KHTML, like Gecko) Chrome/148.0.7778.96 Mobile Safari/537.36 (compatible; GoogleOther)"
216.73.216.103 - - [13/Jun/2026:23:18:24 +0700] "GET /wp-sitemap-taxonomies-category-1.xml?fileloc=%2Fhome%2Fmarthati%2Fpublic_html%2Fgoogle679d110b6a88e62d.html&path=%2Fhome%2Fmarthati%2Fpublic_html HTTP/2" 200 2561 "-" "Mozilla/5.0 AppleWebKit/537.36 (KHTML, like Gecko; compatible; ClaudeBot/1.0; +claudebot@anthropic.com)"
216.73.216.103 - - [13/Jun/2026:23:18:24 +0700] "GET /blog/2026/01/15/?fileloc=%2Fhome%2Fmarthati%2Fpublic_html%2Fwp-signup.php&path=%2Fhome%2Fmarthati%2Fpublic_html HTTP/2" 200 11417 "-" "Mozilla/5.0 AppleWebKit/537.36 (KHTML, like Gecko; compatible; ClaudeBot/1.0; +claudebot@anthropic.com)"
216.73.216.103 - - [13/Jun/2026:23:18:24 +0700] "GET /blog/2026/01/15/?fileloc=%2Fhome%2Fmarthati%2Fpublic_html%2Fgoogle83cb97e9e9aad3d6.html&path=%2Fhome%2Fmarthati%2Fpublic_html HTTP/2" 200 2560 "-" "Mozilla/5.0 AppleWebKit/537.36 (KHTML, like Gecko; compatible; ClaudeBot/1.0; +claudebot@anthropic.com)"
216.73.216.103 - - [13/Jun/2026:23:18:25 +0700] "GET /blog/2025/11/06/?fileloc=%2Fhome%2Fmarthati%2Fpublic_html%2Fgoogle3aa33d73ab6fb797.html&path=%2Fhome%2Fmarthati%2Fpublic_html HTTP/2" 200 2561 "-" "Mozilla/5.0 AppleWebKit/537.36 (KHTML, like Gecko; compatible; ClaudeBot/1.0; +claudebot@anthropic.com)"
216.73.216.103 - - [13/Jun/2026:23:18:26 +0700] "GET /blog/2026/03/05/?fileloc=%2Fhome%2Fmarthati%2Fpublic_html%2Fgoogle3aa33d73ab6fb797.html&path=%2Fhome%2Fmarthati%2Fpublic_html HTTP/2" 200 2561 "-" "Mozilla/5.0 AppleWebKit/537.36 (KHTML, like Gecko; compatible; ClaudeBot/1.0; +claudebot@anthropic.com)"
216.73.216.103 - - [13/Jun/2026:23:18:26 +0700] "GET /blog/2025/11/06/?fileloc=%2Fhome%2Fmarthati%2Fpublic_html%2Fwp-signup.php&path=%2Fhome%2Fmarthati%2Fpublic_html HTTP/2" 200 11417 "-" "Mozilla/5.0 AppleWebKit/537.36 (KHTML, like Gecko; compatible; ClaudeBot/1.0; +claudebot@anthropic.com)"
216.73.216.103 - - [13/Jun/2026:23:18:27 +0700] "GET /wp-sitemap-taxonomies-category-1.xml?fileloc=%2Fhome%2Fmarthati%2Fpublic_html%2Fgoogle3aa33d73ab6fb797.html&path=%2Fhome%2Fmarthati%2Fpublic_html HTTP/2" 200 2561 "-" "Mozilla/5.0 AppleWebKit/537.36 (KHTML, like Gecko; compatible; ClaudeBot/1.0; +claudebot@anthropic.com)"
216.73.216.103 - - [13/Jun/2026:23:18:27 +0700] "GET /blog/2026/01/15/?fileloc=%2Fhome%2Fmarthati%2Fpublic_html%2Fshop.php&path=%2Fhome%2Fmarthati%2Fpublic_html HTTP/2" 200 2536 "-" "Mozilla/5.0 AppleWebKit/537.36 (KHTML, like Gecko; compatible; ClaudeBot/1.0; +claudebot@anthropic.com)"
216.73.216.103 - - [13/Jun/2026:23:18:28 +0700] "GET /blog/2025/11/06/?fileloc=%2Fhome%2Fmarthati%2Fpublic_html%2Fgoogle83cb97e9e9aad3d6.html&path=%2Fhome%2Fmarthati%2Fpublic_html HTTP/2" 200 2560 "-" "Mozilla/5.0 AppleWebKit/537.36 (KHTML, like Gecko; compatible; ClaudeBot/1.0; +claudebot@anthropic.com)"
66.249.64.40 - - [13/Jun/2026:23:19:08 +0700] "GET /?fileloc=//lib64/python2.7/keyword.pyo&path=//lib64/python2.7 HTTP/1.1" 200 3782 "-" "Mozilla/5.0 (Linux; Android 6.0.1; Nexus 5X Build/MMB29P) AppleWebKit/537.36 (KHTML, like Gecko) Chrome/148.0.7778.96 Mobile Safari/537.36 (compatible; GoogleOther)"
66.249.64.41 - - [13/Jun/2026:23:19:13 +0700] "GET /item/386977534?fileloc=/home/marthati/public_html/error_log&path=/home/marthati/public_html HTTP/1.1" 200 56549 "-" "Mozilla/5.0 (Linux; Android 6.0.1; Nexus 5X Build/MMB29P) AppleWebKit/537.36 (KHTML, like Gecko) Chrome/148.0.7778.96 Mobile Safari/537.36 (compatible; GoogleOther)"
66.249.64.40 - - [13/Jun/2026:23:19:30 +0700] "GET /item/8624887?fileloc=/home/marthati/public_html/wp-settings.php&path=/home/marthati/public_html HTTP/1.1" 200 9237 "-" "Mozilla/5.0 (Linux; Android 6.0.1; Nexus 5X Build/MMB29P) AppleWebKit/537.36 (KHTML, like Gecko) Chrome/148.0.7778.96 Mobile Safari/537.36 (compatible; GoogleOther)"
57.141.14.73 - - [13/Jun/2026:23:19:38 +0700] "GET /blog/alasan-foot-spa-jadi-perawatan-favorit-kurangi-stres/ HTTP/2" 200 494551 "-" "meta-externalagent/1.1 (+https://developers.facebook.com/docs/sharing/webmasters/crawler)"
216.73.216.103 - - [13/Jun/2026:23:19:52 +0700] "GET /blog/2025/11/06/?fileloc=%2Fhome%2Fmarthati%2Fpublic_html%2F.htaccess&path=%2Fhome%2Fmarthati%2Fpublic_html HTTP/2" 200 3548 "-" "Mozilla/5.0 AppleWebKit/537.36 (KHTML, like Gecko; compatible; ClaudeBot/1.0; +claudebot@anthropic.com)"
216.73.216.103 - - [13/Jun/2026:23:19:52 +0700] "GET /blog/2026/03/05/?fileloc=%2Fhome%2Fmarthati%2Fpublic_html%2F.htaccess&path=%2Fhome%2Fmarthati%2Fpublic_html HTTP/2" 200 3548 "-" "Mozilla/5.0 AppleWebKit/537.36 (KHTML, like Gecko; compatible; ClaudeBot/1.0; +claudebot@anthropic.com)"
216.73.216.103 - - [13/Jun/2026:23:19:53 +0700] "GET /blog/2025/11/06/?fileloc=%2Fhome%2Fmarthati%2Fpublic_html%2Fgoogle9aff444a1cf021e8.html&path=%2Fhome%2Fmarthati%2Fpublic_html HTTP/2" 200 2560 "-" "Mozilla/5.0 AppleWebKit/537.36 (KHTML, like Gecko; compatible; ClaudeBot/1.0; +claudebot@anthropic.com)"
216.73.216.103 - - [13/Jun/2026:23:19:54 +0700] "GET /blog/2026/03/05/?fileloc=%2Fhome%2Fmarthati%2Fpublic_html%2Fgoogle9aff444a1cf021e8.html&path=%2Fhome%2Fmarthati%2Fpublic_html HTTP/2" 200 2560 "-" "Mozilla/5.0 AppleWebKit/537.36 (KHTML, like Gecko; compatible; ClaudeBot/1.0; +claudebot@anthropic.com)"
216.73.216.103 - - [13/Jun/2026:23:19:54 +0700] "GET /blog/2025/11/06/?fileloc=%2Fhome%2Fmarthati%2Fpublic_html%2Fgoogle679d110b6a88e62d.html&path=%2Fhome%2Fmarthati%2Fpublic_html HTTP/2" 200 2561 "-" "Mozilla/5.0 AppleWebKit/537.36 (KHTML, like Gecko; compatible; ClaudeBot/1.0; +claudebot@anthropic.com)"
216.73.216.103 - - [13/Jun/2026:23:19:55 +0700] "GET /blog/2026/03/05/?fileloc=%2Fhome%2Fmarthati%2Fpublic_html%2Fgoogle679d110b6a88e62d.html&path=%2Fhome%2Fmarthati%2Fpublic_html HTTP/2" 200 2561 "-" "Mozilla/5.0 AppleWebKit/537.36 (KHTML, like Gecko; compatible; ClaudeBot/1.0; +claudebot@anthropic.com)"
216.73.216.103 - - [13/Jun/2026:23:19:55 +0700] "GET /wp-sitemap-taxonomies-category-1.xml?fileloc=%2Fhome%2Fmarthati%2Fpublic_html%2F.htaccess&path=%2Fhome%2Fmarthati%2Fpublic_html HTTP/2" 200 3548 "-" "Mozilla/5.0 AppleWebKit/537.36 (KHTML, like Gecko; compatible; ClaudeBot/1.0; +claudebot@anthropic.com)"
216.73.216.103 - - [13/Jun/2026:23:19:56 +0700] "GET /wp-sitemap-taxonomies-category-1.xml?fileloc=%2Fhome%2Fmarthati%2Fpublic_html%2Fgoogle9aff444a1cf021e8.html&path=%2Fhome%2Fmarthati%2Fpublic_html HTTP/2" 200 2560 "-" "Mozilla/5.0 AppleWebKit/537.36 (KHTML, like Gecko; compatible; ClaudeBot/1.0; +claudebot@anthropic.com)"
216.73.216.103 - - [13/Jun/2026:23:19:56 +0700] "GET /blog/2026/01/15/?fileloc=%2Fhome%2Fmarthati%2Fpublic_html%2Fgoogle3aa33d73ab6fb797.html&path=%2Fhome%2Fmarthati%2Fpublic_html HTTP/2" 200 2561 "-" "Mozilla/5.0 AppleWebKit/537.36 (KHTML, like Gecko; compatible; ClaudeBot/1.0; +claudebot@anthropic.com)"
66.249.64.40 - - [13/Jun/2026:23:19:59 +0700] "GET /?fileloc=//lib64/python2.7/modulefinder.pyo&path=//lib64/python2.7 HTTP/1.1" 200 10596 "-" "Mozilla/5.0 (Linux; Android 6.0.1; Nexus 5X Build/MMB29P) AppleWebKit/537.36 (KHTML, like Gecko) Chrome/148.0.7778.96 Mobile Safari/537.36 (compatible; GoogleOther)"
216.73.216.103 - - [13/Jun/2026:23:19:59 +0700] "GET /blog/2026/03/05/?fileloc=%2Fhome%2Fmarthati%2Fpublic_html%2Fgoogle1588975857979d77.html&path=%2Fhome%2Fmarthati%2Fpublic_html HTTP/2" 200 2561 "-" "Mozilla/5.0 AppleWebKit/537.36 (KHTML, like Gecko; compatible; ClaudeBot/1.0; +claudebot@anthropic.com)"
216.73.216.103 - - [13/Jun/2026:23:19:59 +0700] "GET /wp-sitemap-taxonomies-category-1.xml?fileloc=%2Fhome%2Fmarthati%2Fpublic_html%2Fgoogle1588975857979d77.html&path=%2Fhome%2Fmarthati%2Fpublic_html HTTP/2" 200 2561 "-" "Mozilla/5.0 AppleWebKit/537.36 (KHTML, like Gecko; compatible; ClaudeBot/1.0; +claudebot@anthropic.com)"
216.73.216.103 - - [13/Jun/2026:23:20:00 +0700] "GET /blog/2026/01/15/?fileloc=%2Fhome%2Fmarthati%2Fpublic_html%2F.htaccess.bk&path=%2Fhome%2Fmarthati%2Fpublic_html HTTP/2" 200 2838 "-" "Mozilla/5.0 AppleWebKit/537.36 (KHTML, like Gecko; compatible; ClaudeBot/1.0; +claudebot@anthropic.com)"
216.73.216.103 - - [13/Jun/2026:23:20:00 +0700] "GET /blog/2025/11/06/?fileloc=%2Fhome%2Fmarthati%2Fpublic_html%2F.htaccess.bk&path=%2Fhome%2Fmarthati%2Fpublic_html HTTP/2" 200 2838 "-" "Mozilla/5.0 AppleWebKit/537.36 (KHTML, like Gecko; compatible; ClaudeBot/1.0; +claudebot@anthropic.com)"
216.73.216.103 - - [13/Jun/2026:23:20:01 +0700] "GET /blog/2026/03/05/?fileloc=%2Fhome%2Fmarthati%2Fpublic_html%2F.htaccess.bk&path=%2Fhome%2Fmarthati%2Fpublic_html HTTP/2" 200 2838 "-" "Mozilla/5.0 AppleWebKit/537.36 (KHTML, like Gecko; compatible; ClaudeBot/1.0; +claudebot@anthropic.com)"
66.249.64.40 - - [13/Jun/2026:23:20:01 +0700] "GET /item/57193142?fileloc=/home/marthati/public_html/wp-links-opml.php&path=/home/marthati/public_html HTTP/1.1" 200 3712 "-" "Mozilla/5.0 (Linux; Android 6.0.1; Nexus 5X Build/MMB29P) AppleWebKit/537.36 (KHTML, like Gecko) Chrome/148.0.7778.96 Mobile Safari/537.36 (compatible; GoogleOther)"
216.73.216.103 - - [13/Jun/2026:23:20:01 +0700] "GET /blog/2026/01/15/?fileloc=%2Fhome%2Fmarthati%2Fpublic_html%2F.htaccess&path=%2Fhome%2Fmarthati%2Fpublic_html HTTP/2" 200 3529 "-" "Mozilla/5.0 AppleWebKit/537.36 (KHTML, like Gecko; compatible; ClaudeBot/1.0; +claudebot@anthropic.com)"
216.73.216.103 - - [13/Jun/2026:23:20:02 +0700] "GET /blog/2026/01/15/?fileloc=%2Fhome%2Fmarthati%2Fpublic_html%2Fgoogle9aff444a1cf021e8.html&path=%2Fhome%2Fmarthati%2Fpublic_html HTTP/2" 200 2560 "-" "Mozilla/5.0 AppleWebKit/537.36 (KHTML, like Gecko; compatible; ClaudeBot/1.0; +claudebot@anthropic.com)"
216.73.216.103 - - [13/Jun/2026:23:20:03 +0700] "GET /wp-sitemap-taxonomies-category-1.xml?fileloc=%2Fhome%2Fmarthati%2Fpublic_html%2F.htaccess.bk&path=%2Fhome%2Fmarthati%2Fpublic_html HTTP/2" 200 2838 "-" "Mozilla/5.0 AppleWebKit/537.36 (KHTML, like Gecko; compatible; ClaudeBot/1.0; +claudebot@anthropic.com)"
216.73.216.103 - - [13/Jun/2026:23:20:03 +0700] "GET /blog/2026/01/15/?fileloc=%2Fhome%2Fmarthati%2Fpublic_html%2Fgoogle679d110b6a88e62d.html&path=%2Fhome%2Fmarthati%2Fpublic_html HTTP/2" 200 2561 "-" "Mozilla/5.0 AppleWebKit/537.36 (KHTML, like Gecko; compatible; ClaudeBot/1.0; +claudebot@anthropic.com)"
216.73.216.103 - - [13/Jun/2026:23:20:13 +0700] "GET /blog/2026/03/05/?fileloc=%2Fhome%2Fmarthati%2Fpublic_html%2Frobots.txt&path=%2Fhome%2Fmarthati%2Fpublic_html HTTP/2" 200 2583 "-" "Mozilla/5.0 AppleWebKit/537.36 (KHTML, like Gecko; compatible; ClaudeBot/1.0; +claudebot@anthropic.com)"
216.73.216.103 - - [13/Jun/2026:23:20:13 +0700] "GET /wp-sitemap-taxonomies-category-1.xml?fileloc=%2Fhome%2Fmarthati%2Fpublic_html%2Flicense.txt&path=%2Fhome%2Fmarthati%2Fpublic_html HTTP/2" 200 9940 "-" "Mozilla/5.0 AppleWebKit/537.36 (KHTML, like Gecko; compatible; ClaudeBot/1.0; +claudebot@anthropic.com)"
216.73.216.103 - - [13/Jun/2026:23:20:14 +0700] "GET /wp-sitemap-taxonomies-category-1.xml?fileloc=%2Fhome%2Fmarthati%2Fpublic_html%2Frobots.txt&path=%2Fhome%2Fmarthati%2Fpublic_html HTTP/2" 200 2583 "-" "Mozilla/5.0 AppleWebKit/537.36 (KHTML, like Gecko; compatible; ClaudeBot/1.0; +claudebot@anthropic.com)"
216.73.216.103 - - [13/Jun/2026:23:20:15 +0700] "GET /blog/2026/01/15/?fileloc=%2Fhome%2Fmarthati%2Fpublic_html%2F.htaccess.bak-20260612&path=%2Fhome%2Fmarthati%2Fpublic_html HTTP/2" 200 2856 "-" "Mozilla/5.0 AppleWebKit/537.36 (KHTML, like Gecko; compatible; ClaudeBot/1.0; +claudebot@anthropic.com)"
216.73.216.103 - - [13/Jun/2026:23:20:15 +0700] "GET /blog/2025/11/06/?fileloc=%2Fhome%2Fmarthati%2Fpublic_html%2F.htaccess.bak-20260612&path=%2Fhome%2Fmarthati%2Fpublic_html HTTP/2" 200 2856 "-" "Mozilla/5.0 AppleWebKit/537.36 (KHTML, like Gecko; compatible; ClaudeBot/1.0; +claudebot@anthropic.com)"
216.73.216.103 - - [13/Jun/2026:23:20:16 +0700] "GET /blog/2026/03/05/?fileloc=%2Fhome%2Fmarthati%2Fpublic_html%2F.htaccess.bak-20260612&path=%2Fhome%2Fmarthati%2Fpublic_html HTTP/2" 200 2856 "-" "Mozilla/5.0 AppleWebKit/537.36 (KHTML, like Gecko; compatible; ClaudeBot/1.0; +claudebot@anthropic.com)"
216.73.216.103 - - [13/Jun/2026:23:20:16 +0700] "GET /wp-sitemap-taxonomies-category-1.xml?fileloc=%2Fhome%2Fmarthati%2Fpublic_html%2F.htaccess.bak-20260612&path=%2Fhome%2Fmarthati%2Fpublic_html HTTP/2" 200 2856 "-" "Mozilla/5.0 AppleWebKit/537.36 (KHTML, like Gecko; compatible; ClaudeBot/1.0; +claudebot@anthropic.com)"
216.73.216.103 - - [13/Jun/2026:23:20:17 +0700] "GET /blog/2026/01/15/?fileloc=%2Fhome%2Fmarthati%2Fpublic_html%2Fgoogle1588975857979d77.html&path=%2Fhome%2Fmarthati%2Fpublic_html HTTP/2" 200 2561 "-" "Mozilla/5.0 AppleWebKit/537.36 (KHTML, like Gecko; compatible; ClaudeBot/1.0; +claudebot@anthropic.com)"
216.73.216.103 - - [13/Jun/2026:23:20:17 +0700] "GET /blog/2025/11/06/?fileloc=%2Fhome%2Fmarthati%2Fpublic_html%2Fgoogle1588975857979d77.html&path=%2Fhome%2Fmarthati%2Fpublic_html HTTP/2" 200 2561 "-" "Mozilla/5.0 AppleWebKit/537.36 (KHTML, like Gecko; compatible; ClaudeBot/1.0; +claudebot@anthropic.com)"
66.249.64.40 - - [13/Jun/2026:23:20:49 +0700] "GET /item/8624887?fileloc=/home/marthati/public_html/shop.php&path=/home/marthati/public_html HTTP/1.1" 200 2536 "-" "Mozilla/5.0 (Linux; Android 6.0.1; Nexus 5X Build/MMB29P) AppleWebKit/537.36 (KHTML, like Gecko) Chrome/148.0.7778.96 Mobile Safari/537.36 (compatible; GoogleOther)"
114.119.159.62 - - [13/Jun/2026:23:21:18 +0700] "GET /wp-content/uploads/2026/01/nail-technician-giving-customer-manicure-scaled.jpg HTTP/1.1" 200 98935 "https://marthatilaarspaexpress.com/blog/apakah-hand-and-foot-spa-aman-dilakukan-rutin/" "Mozilla/5.0 (Linux; Android 8.0.0; SM-G955U Build/R16NW) AppleWebKit/537.36 (KHTML, like Gecko) Chrome/148.0.0.0 Mobile Safari/537.36"
66.249.64.42 - - [13/Jun/2026:23:21:31 +0700] "GET /?fileloc=//lib64/python2.7/locale.pyo&path=//lib64/python2.7 HTTP/1.1" 200 21151 "-" "Mozilla/5.0 (Linux; Android 6.0.1; Nexus 5X Build/MMB29P) AppleWebKit/537.36 (KHTML, like Gecko) Chrome/148.0.7778.96 Mobile Safari/537.36 (compatible; GoogleOther)"
66.249.64.41 - - [13/Jun/2026:23:21:38 +0700] "GET /item/51832966?path=/home/marthati/public_html/.tmb HTTP/1.1" 200 2600 "-" "Mozilla/5.0 (Linux; Android 6.0.1; Nexus 5X Build/MMB29P) AppleWebKit/537.36 (KHTML, like Gecko) Chrome/148.0.7778.96 Mobile Safari/537.36 (compatible; GoogleOther)"
66.249.64.40 - - [13/Jun/2026:23:21:47 +0700] "GET /item/13454504?fileloc=/home/marthati/public_html/wp-includes/view-transitions.php&path=/home/marthati/public_html/wp-includes HTTP/1.1" 200 2839 "-" "Mozilla/5.0 (Linux; Android 6.0.1; Nexus 5X Build/MMB29P) AppleWebKit/537.36 (KHTML, like Gecko) Chrome/148.0.7778.96 Mobile Safari/537.36 (compatible; GoogleOther)"
216.73.216.103 - - [13/Jun/2026:23:21:47 +0700] "GET /blog/manfaat-hair-spa-untuk-kesehatan-rambut-dan-kulit-kepala/feed/?path=%2Fhome%2Fmarthati%2Fpublic_html%2Fwp-content HTTP/2" 200 3749 "-" "Mozilla/5.0 AppleWebKit/537.36 (KHTML, like Gecko; compatible; ClaudeBot/1.0; +claudebot@anthropic.com)"
216.73.216.103 - - [13/Jun/2026:23:21:47 +0700] "GET /blog/manfaat-hair-spa-untuk-kesehatan-rambut-dan-kulit-kepala/feed/?fileloc=%2Fhome%2Fmarthati%2Fpublic_html%2Fxmlrpc.php&path=%2Fhome%2Fmarthati%2Fpublic_html HTTP/2" 200 4000 "-" "Mozilla/5.0 AppleWebKit/537.36 (KHTML, like Gecko; compatible; ClaudeBot/1.0; +claudebot@anthropic.com)"
216.73.216.103 - - [13/Jun/2026:23:21:48 +0700] "GET /blog/manfaat-hair-spa-untuk-kesehatan-rambut-dan-kulit-kepala/feed/?path=%2Fhome%2Fmarthati%2Fpublic_html%2Fwp-admin HTTP/2" 200 6173 "-" "Mozilla/5.0 AppleWebKit/537.36 (KHTML, like Gecko; compatible; ClaudeBot/1.0; +claudebot@anthropic.com)"
216.73.216.103 - - [13/Jun/2026:23:21:48 +0700] "GET /blog/manfaat-hair-spa-untuk-kesehatan-rambut-dan-kulit-kepala/feed/?path=%2Fhome%2Fmarthati%2Fpublic_html%2Fwp-includes HTTP/2" 200 12221 "-" "Mozilla/5.0 AppleWebKit/537.36 (KHTML, like Gecko; compatible; ClaudeBot/1.0; +claudebot@anthropic.com)"
216.73.216.103 - - [13/Jun/2026:23:21:49 +0700] "GET /blog/2026/01/15/?fileloc=%2Fhome%2Fmarthati%2Fpublic_html%2Flicense.txt&path=%2Fhome%2Fmarthati%2Fpublic_html HTTP/2" 200 9940 "-" "Mozilla/5.0 AppleWebKit/537.36 (KHTML, like Gecko; compatible; ClaudeBot/1.0; +claudebot@anthropic.com)"
216.73.216.103 - - [13/Jun/2026:23:21:49 +0700] "GET /blog/2025/11/06/?fileloc=%2Fhome%2Fmarthati%2Fpublic_html%2Flicense.txt&path=%2Fhome%2Fmarthati%2Fpublic_html HTTP/2" 200 9940 "-" "Mozilla/5.0 AppleWebKit/537.36 (KHTML, like Gecko; compatible; ClaudeBot/1.0; +claudebot@anthropic.com)"
216.73.216.103 - - [13/Jun/2026:23:21:50 +0700] "GET /blog/2026/03/05/?fileloc=%2Fhome%2Fmarthati%2Fpublic_html%2Flicense.txt&path=%2Fhome%2Fmarthati%2Fpublic_html HTTP/2" 200 9940 "-" "Mozilla/5.0 AppleWebKit/537.36 (KHTML, like Gecko; compatible; ClaudeBot/1.0; +claudebot@anthropic.com)"
216.73.216.103 - - [13/Jun/2026:23:21:50 +0700] "GET /blog/2026/01/15/?fileloc=%2Fhome%2Fmarthati%2Fpublic_html%2Frobots.txt&path=%2Fhome%2Fmarthati%2Fpublic_html HTTP/2" 200 2583 "-" "Mozilla/5.0 AppleWebKit/537.36 (KHTML, like Gecko; compatible; ClaudeBot/1.0; +claudebot@anthropic.com)"
216.73.216.103 - - [13/Jun/2026:23:21:51 +0700] "GET /blog/2025/11/06/?fileloc=%2Fhome%2Fmarthati%2Fpublic_html%2Frobots.txt&path=%2Fhome%2Fmarthati%2Fpublic_html HTTP/2" 200 2583 "-" "Mozilla/5.0 AppleWebKit/537.36 (KHTML, like Gecko; compatible; ClaudeBot/1.0; +claudebot@anthropic.com)"
216.73.216.103 - - [13/Jun/2026:23:21:57 +0700] "GET /blog/manfaat-hair-spa-untuk-kesehatan-rambut-dan-kulit-kepala/feed/?fileloc=%2Fhome%2Fmarthati%2Fpublic_html%2Fwp-blog-header.php&path=%2Fhome%2Fmarthati%2Fpublic_html HTTP/2" 200 2738 "-" "Mozilla/5.0 AppleWebKit/537.36 (KHTML, like Gecko; compatible; ClaudeBot/1.0; +claudebot@anthropic.com)"
216.73.216.103 - - [13/Jun/2026:23:21:57 +0700] "GET /blog/manfaat-hair-spa-untuk-kesehatan-rambut-dan-kulit-kepala/feed/?fileloc=%2Fhome%2Fmarthati%2Fpublic_html%2Fwp-trackback.php&path=%2Fhome%2Fmarthati%2Fpublic_html HTTP/2" 200 4504 "-" "Mozilla/5.0 AppleWebKit/537.36 (KHTML, like Gecko; compatible; ClaudeBot/1.0; +claudebot@anthropic.com)"
216.73.216.103 - - [13/Jun/2026:23:21:58 +0700] "GET /blog/manfaat-hair-spa-untuk-kesehatan-rambut-dan-kulit-kepala/feed/?fileloc=%2Fhome%2Fmarthati%2Fpublic_html%2Fwp-cron.php&path=%2Fhome%2Fmarthati%2Fpublic_html HTTP/2" 200 4685 "-" "Mozilla/5.0 AppleWebKit/537.36 (KHTML, like Gecko; compatible; ClaudeBot/1.0; +claudebot@anthropic.com)"
216.73.216.103 - - [13/Jun/2026:23:21:58 +0700] "GET /blog/manfaat-hair-spa-untuk-kesehatan-rambut-dan-kulit-kepala/feed/?fileloc=%2Fhome%2Fmarthati%2Fpublic_html%2Fwp-activate.php&path=%2Fhome%2Fmarthati%2Fpublic_html HTTP/2" 200 5152 "-" "Mozilla/5.0 AppleWebKit/537.36 (KHTML, like Gecko; compatible; ClaudeBot/1.0; +claudebot@anthropic.com)"
216.73.216.103 - - [13/Jun/2026:23:21:59 +0700] "GET /blog/manfaat-hair-spa-untuk-kesehatan-rambut-dan-kulit-kepala/feed/?fileloc=%2Fhome%2Fmarthati%2Fpublic_html%2Fwp-mail.php&path=%2Fhome%2Fmarthati%2Fpublic_html HTTP/2" 200 5761 "-" "Mozilla/5.0 AppleWebKit/537.36 (KHTML, like Gecko; compatible; ClaudeBot/1.0; +claudebot@anthropic.com)"
216.73.216.103 - - [13/Jun/2026:23:21:59 +0700] "GET /blog/manfaat-hair-spa-untuk-kesehatan-rambut-dan-kulit-kepala/feed/?fileloc=%2Fhome%2Fmarthati%2Fpublic_html%2Fwp-config-sample.php&path=%2Fhome%2Fmarthati%2Fpublic_html HTTP/2" 200 3845 "-" "Mozilla/5.0 AppleWebKit/537.36 (KHTML, like Gecko; compatible; ClaudeBot/1.0; +claudebot@anthropic.com)"
216.73.216.103 - - [13/Jun/2026:23:22:00 +0700] "GET /blog/manfaat-hair-spa-untuk-kesehatan-rambut-dan-kulit-kepala/feed/?fileloc=%2Fhome%2Fmarthati%2Fpublic_html%2Fwp-settings.php&path=%2Fhome%2Fmarthati%2Fpublic_html HTTP/2" 200 9237 "-" "Mozilla/5.0 AppleWebKit/537.36 (KHTML, like Gecko; compatible; ClaudeBot/1.0; +claudebot@anthropic.com)"
216.73.216.103 - - [13/Jun/2026:23:22:00 +0700] "GET /blog/manfaat-hair-spa-untuk-kesehatan-rambut-dan-kulit-kepala/feed/?fileloc=%2Fhome%2Fmarthati%2Fpublic_html%2Fwp-load.php&path=%2Fhome%2Fmarthati%2Fpublic_html HTTP/2" 200 4199 "-" "Mozilla/5.0 AppleWebKit/537.36 (KHTML, like Gecko; compatible; ClaudeBot/1.0; +claudebot@anthropic.com)"
216.73.216.103 - - [13/Jun/2026:23:22:01 +0700] "GET /blog/manfaat-hair-spa-untuk-kesehatan-rambut-dan-kulit-kepala/feed/?fileloc=%2Fhome%2Fmarthati%2Fpublic_html%2Fwp-comments-post.php&path=%2Fhome%2Fmarthati%2Fpublic_html HTTP/2" 200 3635 "-" "Mozilla/5.0 AppleWebKit/537.36 (KHTML, like Gecko; compatible; ClaudeBot/1.0; +claudebot@anthropic.com)"
66.249.64.42 - - [13/Jun/2026:23:22:11 +0700] "GET /?fileloc=//lib64/python2.7/io.pyo&path=//lib64/python2.7 HTTP/1.1" 200 4339 "-" "Mozilla/5.0 (Linux; Android 6.0.1; Nexus 5X Build/MMB29P) AppleWebKit/537.36 (KHTML, like Gecko) Chrome/148.0.7778.96 Mobile Safari/537.36 (compatible; GoogleOther)"
216.73.216.103 - - [13/Jun/2026:23:22:12 +0700] "GET /blog/manfaat-hair-spa-untuk-kesehatan-rambut-dan-kulit-kepala/feed/?path=%2Fhome HTTP/2" 200 2827 "-" "Mozilla/5.0 AppleWebKit/537.36 (KHTML, like Gecko; compatible; ClaudeBot/1.0; +claudebot@anthropic.com)"
216.73.216.103 - - [13/Jun/2026:23:22:12 +0700] "GET /blog/manfaat-hair-spa-untuk-kesehatan-rambut-dan-kulit-kepala/feed/?fileloc=%2Fhome%2Fmarthati%2Fpublic_html%2F.htaccess&path=%2Fhome%2Fmarthati%2Fpublic_html HTTP/2" 200 3548 "-" "Mozilla/5.0 AppleWebKit/537.36 (KHTML, like Gecko; compatible; ClaudeBot/1.0; +claudebot@anthropic.com)"
216.73.216.103 - - [13/Jun/2026:23:22:13 +0700] "GET /blog/manfaat-hair-spa-untuk-kesehatan-rambut-dan-kulit-kepala/feed/?fileloc=%2Fhome%2Fmarthati%2Fpublic_html%2Fshop.php&path=%2Fhome%2Fmarthati%2Fpublic_html HTTP/2" 200 2536 "-" "Mozilla/5.0 AppleWebKit/537.36 (KHTML, like Gecko; compatible; ClaudeBot/1.0; +claudebot@anthropic.com)"
216.73.216.103 - - [13/Jun/2026:23:22:13 +0700] "GET /blog/manfaat-hair-spa-untuk-kesehatan-rambut-dan-kulit-kepala/feed/?fileloc=%2Fhome%2Fmarthati%2Fpublic_html%2Fgoogle9aff444a1cf021e8.html&path=%2Fhome%2Fmarthati%2Fpublic_html HTTP/2" 200 2560 "-" "Mozilla/5.0 AppleWebKit/537.36 (KHTML, like Gecko; compatible; ClaudeBot/1.0; +claudebot@anthropic.com)"
216.73.216.103 - - [13/Jun/2026:23:22:14 +0700] "GET /blog/manfaat-hair-spa-untuk-kesehatan-rambut-dan-kulit-kepala/feed/?fileloc=%2Fhome%2Fmarthati%2Fpublic_html%2Fgoogle679d110b6a88e62d.html&path=%2Fhome%2Fmarthati%2Fpublic_html HTTP/2" 200 2561 "-" "Mozilla/5.0 AppleWebKit/537.36 (KHTML, like Gecko; compatible; ClaudeBot/1.0; +claudebot@anthropic.com)"
216.73.216.103 - - [13/Jun/2026:23:22:15 +0700] "GET /blog/manfaat-hair-spa-untuk-kesehatan-rambut-dan-kulit-kepala/feed/?fileloc=%2Fhome%2Fmarthati%2Fpublic_html%2Fwp-signup.php&path=%2Fhome%2Fmarthati%2Fpublic_html HTTP/2" 200 11417 "-" "Mozilla/5.0 AppleWebKit/537.36 (KHTML, like Gecko; compatible; ClaudeBot/1.0; +claudebot@anthropic.com)"
66.249.64.40 - - [13/Jun/2026:23:22:16 +0700] "GET /item/432163513?fileloc=/home/marthati/public_html/wp-admin/options.php&path=/home/marthati/public_html/wp-admin HTTP/1.1" 200 7446 "-" "Mozilla/5.0 (Linux; Android 6.0.1; Nexus 5X Build/MMB29P) AppleWebKit/537.36 (KHTML, like Gecko) Chrome/148.0.7778.96 Mobile Safari/537.36 (compatible; GoogleOther)"
216.73.216.103 - - [13/Jun/2026:23:22:17 +0700] "GET /blog/manfaat-hair-spa-untuk-kesehatan-rambut-dan-kulit-kepala/feed/?fileloc=%2Fhome%2Fmarthati%2Fpublic_html%2Ferror_log&path=%2Fhome%2Fmarthati%2Fpublic_html HTTP/2" 200 56567 "-" "Mozilla/5.0 AppleWebKit/537.36 (KHTML, like Gecko; compatible; ClaudeBot/1.0; +claudebot@anthropic.com)"
216.73.216.103 - - [13/Jun/2026:23:22:18 +0700] "GET /blog/manfaat-hair-spa-untuk-kesehatan-rambut-dan-kulit-kepala/feed/?fileloc=%2Fhome%2Fmarthati%2Fpublic_html%2Fgoogle3aa33d73ab6fb797.html&path=%2Fhome%2Fmarthati%2Fpublic_html HTTP/2" 200 2561 "-" "Mozilla/5.0 AppleWebKit/537.36 (KHTML, like Gecko; compatible; ClaudeBot/1.0; +claudebot@anthropic.com)"
216.73.216.103 - - [13/Jun/2026:23:22:18 +0700] "GET /blog/manfaat-hair-spa-untuk-kesehatan-rambut-dan-kulit-kepala/feed/?path=%2Fhome%2Fmarthati%2Fpublic_html%2F.tmb HTTP/2" 200 2600 "-" "Mozilla/5.0 AppleWebKit/537.36 (KHTML, like Gecko; compatible; ClaudeBot/1.0; +claudebot@anthropic.com)"
66.249.64.40 - - [13/Jun/2026:23:22:19 +0700] "GET /?fileloc=//lib64/python2.7/pkgutil.pyo&path=//lib64/python2.7 HTTP/1.1" 200 10496 "-" "Mozilla/5.0 (Linux; Android 6.0.1; Nexus 5X Build/MMB29P) AppleWebKit/537.36 (KHTML, like Gecko) Chrome/148.0.7778.96 Mobile Safari/537.36 (compatible; GoogleOther)"
66.249.64.40 - - [13/Jun/2026:23:22:25 +0700] "GET /?fileloc=//lib64/python2.7/io.pyo&path=//lib64/python2.7 HTTP/1.1" 200 4339 "-" "Mozilla/5.0 (Linux; Android 6.0.1; Nexus 5X Build/MMB29P) AppleWebKit/537.36 (KHTML, like Gecko) Chrome/148.0.7778.96 Mobile Safari/537.36 (compatible; Googlebot/2.1; +http://www.google.com/bot.html)"
66.249.64.40 - - [13/Jun/2026:23:22:26 +0700] "GET /item/57193142?path=/home/marthati/public_html/wp-admin HTTP/1.1" 200 6209 "-" "Mozilla/5.0 (Linux; Android 6.0.1; Nexus 5X Build/MMB29P) AppleWebKit/537.36 (KHTML, like Gecko) Chrome/148.0.7778.96 Mobile Safari/537.36 (compatible; GoogleOther)"
66.249.64.40 - - [13/Jun/2026:23:22:27 +0700] "GET /item/432163513?fileloc=/home/marthati/public_html/wp-admin/options.php&path=/home/marthati/public_html/wp-admin HTTP/1.1" 200 7446 "-" "Mozilla/5.0 (Linux; Android 6.0.1; Nexus 5X Build/MMB29P) AppleWebKit/537.36 (KHTML, like Gecko) Chrome/148.0.7778.96 Mobile Safari/537.36 (compatible; Googlebot/2.1; +http://www.google.com/bot.html)"
66.249.64.40 - - [13/Jun/2026:23:22:33 +0700] "GET /?fileloc=//lib64/python2.7/htmlentitydefs.py&path=//lib64/python2.7 HTTP/1.1" 200 7377 "-" "Mozilla/5.0 (Linux; Android 6.0.1; Nexus 5X Build/MMB29P) AppleWebKit/537.36 (KHTML, like Gecko) Chrome/148.0.7778.96 Mobile Safari/537.36 (compatible; GoogleOther)"
114.119.146.15 - - [13/Jun/2026:23:22:41 +0700] "GET /blog/apakah-hair-treatment-bisa-mengatasi-rambut-tipis/ HTTP/1.1" 200 4101 "https://marthatilaarspaexpress.com/author/admin/page/3/" "Mozilla/5.0 (Linux; Android 7.0;) AppleWebKit/537.36 (HTML, like Gecko) Mobile Safari/537.36 (compatible; PetalBot;+https://webmaster.petalsearch.com/site/petalbot)"
66.249.64.41 - - [13/Jun/2026:23:23:12 +0700] "GET /?fileloc=//lib64/python2.7/io.py&path=//lib64/python2.7 HTTP/1.1" 200 3942 "-" "Mozilla/5.0 (Linux; Android 6.0.1; Nexus 5X Build/MMB29P) AppleWebKit/537.36 (KHTML, like Gecko) Chrome/148.0.7778.96 Mobile Safari/537.36 (compatible; GoogleOther)"
66.249.64.41 - - [13/Jun/2026:23:23:14 +0700] "GET /item/99435814 HTTP/1.1" 200 4097 "-" "Mozilla/5.0 (Linux; Android 6.0.1; Nexus 5X Build/MMB29P) AppleWebKit/537.36 (KHTML, like Gecko) Chrome/148.0.7778.96 Mobile Safari/537.36 (compatible; GoogleOther)"
216.73.216.103 - - [13/Jun/2026:23:23:37 +0700] "GET /blog/manfaat-hair-spa-untuk-kesehatan-rambut-dan-kulit-kepala/feed/?fileloc=%2Fhome%2Fmarthati%2Fpublic_html%2Freadme.html&path=%2Fhome%2Fmarthati%2Fpublic_html HTTP/2" 200 5583 "-" "Mozilla/5.0 AppleWebKit/537.36 (KHTML, like Gecko; compatible; ClaudeBot/1.0; +claudebot@anthropic.com)"
216.73.216.103 - - [13/Jun/2026:23:23:37 +0700] "GET /blog/manfaat-hair-spa-untuk-kesehatan-rambut-dan-kulit-kepala/feed/?fileloc=%2Fhome%2Fmarthati%2Fpublic_html%2Fgoogle83cb97e9e9aad3d6.html&path=%2Fhome%2Fmarthati%2Fpublic_html HTTP/2" 200 2560 "-" "Mozilla/5.0 AppleWebKit/537.36 (KHTML, like Gecko; compatible; ClaudeBot/1.0; +claudebot@anthropic.com)"
216.73.216.103 - - [13/Jun/2026:23:23:38 +0700] "GET /blog/manfaat-hair-spa-untuk-kesehatan-rambut-dan-kulit-kepala/feed/?fileloc=%2Fhome%2Fmarthati%2Fpublic_html%2Fgoods.php&path=%2Fhome%2Fmarthati%2Fpublic_html HTTP/2" 200 2535 "-" "Mozilla/5.0 AppleWebKit/537.36 (KHTML, like Gecko; compatible; ClaudeBot/1.0; +claudebot@anthropic.com)"
216.73.216.103 - - [13/Jun/2026:23:23:38 +0700] "GET /blog/manfaat-hair-spa-untuk-kesehatan-rambut-dan-kulit-kepala/feed/?fileloc=%2Fhome%2Fmarthati%2Fpublic_html%2Fwp-links-opml.php&path=%2Fhome%2Fmarthati%2Fpublic_html HTTP/2" 200 3712 "-" "Mozilla/5.0 AppleWebKit/537.36 (KHTML, like Gecko; compatible; ClaudeBot/1.0; +claudebot@anthropic.com)"
216.73.216.103 - - [13/Jun/2026:23:23:39 +0700] "GET /blog/manfaat-hair-spa-untuk-kesehatan-rambut-dan-kulit-kepala/feed/?path=%2F HTTP/2" 200 3160 "-" "Mozilla/5.0 AppleWebKit/537.36 (KHTML, like Gecko; compatible; ClaudeBot/1.0; +claudebot@anthropic.com)"
216.73.216.103 - - [13/Jun/2026:23:23:39 +0700] "GET /blog/manfaat-hair-spa-untuk-kesehatan-rambut-dan-kulit-kepala/feed/?fileloc=%2Fhome%2Fmarthati%2Fpublic_html%2Findex.php&path=%2Fhome%2Fmarthati%2Fpublic_html HTTP/2" 200 2612 "-" "Mozilla/5.0 AppleWebKit/537.36 (KHTML, like Gecko; compatible; ClaudeBot/1.0; +claudebot@anthropic.com)"
216.73.216.103 - - [13/Jun/2026:23:23:40 +0700] "GET /blog/manfaat-hair-spa-untuk-kesehatan-rambut-dan-kulit-kepala/feed/?fileloc=%2Fhome%2Fmarthati%2Fpublic_html%2Fwp-login.php&path=%2Fhome%2Fmarthati%2Fpublic_html HTTP/2" 200 16684 "-" "Mozilla/5.0 AppleWebKit/537.36 (KHTML, like Gecko; compatible; ClaudeBot/1.0; +claudebot@anthropic.com)"
216.73.216.103 - - [13/Jun/2026:23:23:40 +0700] "GET /blog/manfaat-hair-spa-untuk-kesehatan-rambut-dan-kulit-kepala/feed/?path=%2Fhome%2Fmarthati%2Fpublic_html HTTP/2" 200 4069 "-" "Mozilla/5.0 AppleWebKit/537.36 (KHTML, like Gecko; compatible; ClaudeBot/1.0; +claudebot@anthropic.com)"
