HEX
Server: LiteSpeed
System: Linux jkt09.dewaweb.com 4.18.0-553.124.4.lve.el8.x86_64 #1 SMP Fri May 15 13:02:13 UTC 2026 x86_64
User: marthati (2073)
PHP: 8.3.31
Disabled: NONE
Upload Files
File: /home/marthati/access-logs/marthatilaarspaexpress.com-ssl_log
66.249.64.40 - - [13/Jun/2026:19:13:43 +0700] "GET /?path=/home/marthati HTTP/1.1" 200 3927 "-" "Mozilla/5.0 (Linux; Android 6.0.1; Nexus 5X Build/MMB29P) AppleWebKit/537.36 (KHTML, like Gecko) Chrome/148.0.7778.96 Mobile Safari/537.36 (compatible; GoogleOther)"
47.128.96.148 - - [13/Jun/2026:19:14:28 +0700] "GET /blog/rekomendasi-spa-jakarta-untuk-relaksasi-setelah-kerja/ HTTP/1.1" 200 72539 "https://marthatilaarspaexpress.com/blog/rekomendasi-spa-jakarta-untuk-relaksasi-setelah-kerja/" "Mozilla/5.0 (Linux; Android 5.0) AppleWebKit/537.36 (KHTML, like Gecko) Mobile Safari/537.36 (compatible; TikTokSpider; ttspider-feedback@tiktok.com)"
47.128.96.148 - - [13/Jun/2026:19:14:29 +0700] "GET /wp-content/uploads/2025/12/two-cute-young-women-enjoy-relaxing-massage-spa-768x512.jpg.webp HTTP/1.1" 206 500 "https://marthatilaarspaexpress.com/blog/rekomendasi-spa-jakarta-untuk-relaksasi-setelah-kerja/" "Mozilla/5.0 (Linux; Android 5.0) AppleWebKit/537.36 (KHTML, like Gecko) Mobile Safari/537.36 (compatible; TikTokSpider; ttspider-feedback@tiktok.com)"
66.249.64.41 - - [13/Jun/2026:19:14:52 +0700] "GET /item/25738108?path=/home HTTP/1.1" 200 2827 "-" "Mozilla/5.0 (Linux; Android 6.0.1; Nexus 5X Build/MMB29P) AppleWebKit/537.36 (KHTML, like Gecko) Chrome/148.0.7778.96 Mobile Safari/537.36 (compatible; GoogleOther)"
66.249.64.40 - - [13/Jun/2026:19:15:06 +0700] "GET /?fileloc=/home/marthati/public_html/google679d110b6a88e62d.html&path=/home/marthati/public_html HTTP/1.1" 200 2561 "-" "Mozilla/5.0 (Linux; Android 6.0.1; Nexus 5X Build/MMB29P) AppleWebKit/537.36 (KHTML, like Gecko) Chrome/148.0.7778.96 Mobile Safari/537.36 (compatible; GoogleOther)"
66.249.64.40 - - [13/Jun/2026:19:15:35 +0700] "GET /?fileloc=/home/marthati/public_html/google83cb97e9e9aad3d6.html&path=/home/marthati/public_html HTTP/1.1" 200 2560 "-" "Mozilla/5.0 (Linux; Android 6.0.1; Nexus 5X Build/MMB29P) AppleWebKit/537.36 (KHTML, like Gecko) Chrome/148.0.7778.96 Mobile Safari/537.36 (compatible; GoogleOther)"
66.249.64.42 - - [13/Jun/2026:19:18:24 +0700] "GET /?path=/home/marthati/public_html/wp-includes HTTP/1.1" 200 12875 "-" "Mozilla/5.0 (Linux; Android 6.0.1; Nexus 5X Build/MMB29P) AppleWebKit/537.36 (KHTML, like Gecko) Chrome/148.0.7778.96 Mobile Safari/537.36 (compatible; GoogleOther)"
216.73.216.103 - - [13/Jun/2026:19:19:13 +0700] "GET /blog/2025/09/09/ HTTP/2" 200 4100 "-" "Mozilla/5.0 AppleWebKit/537.36 (KHTML, like Gecko; compatible; ClaudeBot/1.0; +claudebot@anthropic.com)"
66.249.64.42 - - [13/Jun/2026:19:19:56 +0700] "GET /item/392250848?fileloc=/home/marthati/public_html/wp-signup.php&path=/home/marthati/public_html HTTP/1.1" 200 11417 "-" "Mozilla/5.0 (Linux; Android 6.0.1; Nexus 5X Build/MMB29P) AppleWebKit/537.36 (KHTML, like Gecko) Chrome/148.0.7778.96 Mobile Safari/537.36 (compatible; GoogleOther)"
57.141.14.7 - - [13/Jun/2026:19:20:43 +0700] "GET /SiteMap.aspx HTTP/2" 200 65686 "-" "meta-externalagent/1.1 (+https://developers.facebook.com/docs/sharing/webmasters/crawler)"
66.249.64.40 - - [13/Jun/2026:19:20:47 +0700] "GET /item/96597239?fileloc=/home/marthati/public_html/google1588975857979d77.html&path=/home/marthati/public_html HTTP/1.1" 200 2561 "-" "Mozilla/5.0 (Linux; Android 6.0.1; Nexus 5X Build/MMB29P) AppleWebKit/537.36 (KHTML, like Gecko) Chrome/148.0.7778.96 Mobile Safari/537.36 (compatible; GoogleOther)"
66.249.64.41 - - [13/Jun/2026:19:23:06 +0700] "GET /?fileloc=/home/marthati/public_html/google1588975857979d77.html&path=/home/marthati/public_html HTTP/1.1" 200 2561 "-" "Mozilla/5.0 (Linux; Android 6.0.1; Nexus 5X Build/MMB29P) AppleWebKit/537.36 (KHTML, like Gecko) Chrome/148.0.7778.96 Mobile Safari/537.36 (compatible; GoogleOther)"
66.249.64.40 - - [13/Jun/2026:19:23:26 +0700] "GET /item/13454504 HTTP/1.1" 200 4100 "-" "Mozilla/5.0 (Linux; Android 6.0.1; Nexus 5X Build/MMB29P) AppleWebKit/537.36 (KHTML, like Gecko) Chrome/148.0.7778.96 Mobile Safari/537.36 (compatible; GoogleOther)"
66.249.64.42 - - [13/Jun/2026:19:24:47 +0700] "GET /item/392250848?fileloc=/home/marthati/public_html/google9aff444a1cf021e8.html&path=/home/marthati/public_html HTTP/1.1" 200 2560 "-" "Mozilla/5.0 (Linux; Android 6.0.1; Nexus 5X Build/MMB29P) AppleWebKit/537.36 (KHTML, like Gecko) Chrome/148.0.7778.96 Mobile Safari/537.36 (compatible; GoogleOther)"
66.249.64.42 - - [13/Jun/2026:19:25:57 +0700] "GET /item/25738108?fileloc=/home/marthati/public_html/xmlrpc.php&path=/home/marthati/public_html HTTP/1.1" 200 4000 "-" "Mozilla/5.0 (Linux; Android 6.0.1; Nexus 5X Build/MMB29P) AppleWebKit/537.36 (KHTML, like Gecko) Chrome/148.0.7778.96 Mobile Safari/537.36 (compatible; GoogleOther)"
66.249.64.42 - - [13/Jun/2026:19:27:03 +0700] "GET /item/51003819 HTTP/1.1" 200 4069 "-" "Mozilla/5.0 (Linux; Android 6.0.1; Nexus 5X Build/MMB29P) AppleWebKit/537.36 (KHTML, like Gecko) Chrome/148.0.7778.96 Mobile Safari/537.36 (compatible; GoogleOther)"
66.249.64.42 - - [13/Jun/2026:19:29:37 +0700] "GET /item/25738108?path=/home/marthati/public_html HTTP/1.1" 200 4069 "-" "Mozilla/5.0 (Linux; Android 6.0.1; Nexus 5X Build/MMB29P) AppleWebKit/537.36 (KHTML, like Gecko) Chrome/148.0.7778.96 Mobile Safari/537.36 (compatible; GoogleOther)"
182.3.201.57 - - [13/Jun/2026:19:30:06 +0700] "GET /blog/hal-yang-perlu-diperhatikan-sebelum-melakukan-treatment-spa/ HTTP/2" 200 73992 "-" "Mozilla/5.0 (iPhone; CPU iPhone OS 26_2_0 like Mac OS X) AppleWebKit/605.1.15 (KHTML, like Gecko) GSA/424.4.924152415 Mobile/15E148 Safari/604.1"
182.3.201.57 - - [13/Jun/2026:19:30:06 +0700] "GET /blog/hal-yang-perlu-diperhatikan-sebelum-melakukan-treatment-spa/ HTTP/2" 200 73992 "https://www.google.com/url?q=https://marthatilaarspaexpress.com/blog/hal-yang-perlu-diperhatikan-sebelum-melakukan-treatment-spa/&sa=U&sqi=2&ved=2ahUKEwj-y6rAm4SVAxVm4zgGHZlTL_IQFnoECFcQAQ&usg=AOvVaw0yQlN1thY4hI4tCRmIxEZ1" "Mozilla/5.0 (iPhone; CPU iPhone OS 26_2_0 like Mac OS X) AppleWebKit/605.1.15 (KHTML, like Gecko) GSA/424.4.924152415 Mobile/15E148 Safari/604.1"
182.3.201.57 - - [13/Jun/2026:19:30:15 +0700] "GET /wp-content/plugins/jeg-elementor-kit/lib/jeg-framework/assets/css/jeg-dynamic-styles.css?ver=1.3.0 HTTP/3" 200 0 "https://marthatilaarspaexpress.com/blog/hal-yang-perlu-diperhatikan-sebelum-melakukan-treatment-spa/" "Mozilla/5.0 (iPhone; CPU iPhone OS 26_2_0 like Mac OS X) AppleWebKit/605.1.15 (KHTML, like Gecko) GSA/424.4.924152415 Mobile/15E148 Safari/604.1"
182.3.201.57 - - [13/Jun/2026:19:30:15 +0700] "GET /wp-content/uploads/2025/08/Logo-Martha-Tilaar-Spa-Express-white.png.webp HTTP/3" 200 73502 "https://marthatilaarspaexpress.com/blog/hal-yang-perlu-diperhatikan-sebelum-melakukan-treatment-spa/" "Mozilla/5.0 (iPhone; CPU iPhone OS 26_2_0 like Mac OS X) AppleWebKit/605.1.15 (KHTML, like Gecko) GSA/424.4.924152415 Mobile/15E148 Safari/604.1"
182.3.201.57 - - [13/Jun/2026:19:30:15 +0700] "GET /wp-content/uploads/2026/02/young-beautiful-woman-having-face-massage-relaxing-spa-1536x1024.jpg.webp HTTP/3" 200 58106 "https://marthatilaarspaexpress.com/blog/hal-yang-perlu-diperhatikan-sebelum-melakukan-treatment-spa/" "Mozilla/5.0 (iPhone; CPU iPhone OS 26_2_0 like Mac OS X) AppleWebKit/605.1.15 (KHTML, like Gecko) GSA/424.4.924152415 Mobile/15E148 Safari/604.1"
182.3.201.57 - - [13/Jun/2026:19:30:15 +0700] "GET /wp-content/plugins/elementor/assets/js/webpack.runtime.min.js?ver=4.1.1 HTTP/3" 200 2540 "https://marthatilaarspaexpress.com/blog/hal-yang-perlu-diperhatikan-sebelum-melakukan-treatment-spa/" "Mozilla/5.0 (iPhone; CPU iPhone OS 26_2_0 like Mac OS X) AppleWebKit/605.1.15 (KHTML, like Gecko) GSA/424.4.924152415 Mobile/15E148 Safari/604.1"
182.3.201.57 - - [13/Jun/2026:19:30:15 +0700] "GET /wp-content/plugins/elementor-pro/assets/js/webpack-pro.runtime.min.js?ver=3.29.2 HTTP/3" 200 2741 "https://marthatilaarspaexpress.com/blog/hal-yang-perlu-diperhatikan-sebelum-melakukan-treatment-spa/" "Mozilla/5.0 (iPhone; CPU iPhone OS 26_2_0 like Mac OS X) AppleWebKit/605.1.15 (KHTML, like Gecko) GSA/424.4.924152415 Mobile/15E148 Safari/604.1"
66.249.64.42 - - [13/Jun/2026:19:31:10 +0700] "GET /item/30557072?fileloc=/home/marthati/public_html/wp-login.php&path=/home/marthati/public_html HTTP/1.1" 200 16684 "-" "Mozilla/5.0 (Linux; Android 6.0.1; Nexus 5X Build/MMB29P) AppleWebKit/537.36 (KHTML, like Gecko) Chrome/148.0.7778.96 Mobile Safari/537.36 (compatible; GoogleOther)"
66.249.64.41 - - [13/Jun/2026:19:32:29 +0700] "GET /item/8624887 HTTP/1.1" 200 4069 "-" "Mozilla/5.0 (Linux; Android 6.0.1; Nexus 5X Build/MMB29P) AppleWebKit/537.36 (KHTML, like Gecko) Chrome/148.0.7778.96 Mobile Safari/537.36 (compatible; GoogleOther)"
66.249.64.40 - - [13/Jun/2026:19:32:55 +0700] "GET /?path=/home/marthati/public_html/wp-includes HTTP/1.1" 200 13018 "-" "Mozilla/5.0 (Linux; Android 6.0.1; Nexus 5X Build/MMB29P) AppleWebKit/537.36 (KHTML, like Gecko) Chrome/148.0.7778.96 Mobile Safari/537.36 (compatible; Googlebot/2.1; +http://www.google.com/bot.html)"
66.249.64.42 - - [13/Jun/2026:19:34:26 +0700] "GET /?fileloc=/home/marthati/.bash_profile&path=/home/marthati HTTP/1.1" 200 2608 "-" "Mozilla/5.0 (Linux; Android 6.0.1; Nexus 5X Build/MMB29P) AppleWebKit/537.36 (KHTML, like Gecko) Chrome/148.0.7778.96 Mobile Safari/537.36 (compatible; GoogleOther)"
66.249.64.40 - - [13/Jun/2026:19:34:43 +0700] "GET /?path=/home/marthati HTTP/1.1" 200 3807 "-" "Mozilla/5.0 (Linux; Android 6.0.1; Nexus 5X Build/MMB29P) AppleWebKit/537.36 (KHTML, like Gecko) Chrome/148.0.7778.96 Mobile Safari/537.36 (compatible; Googlebot/2.1; +http://www.google.com/bot.html)"
66.249.64.40 - - [13/Jun/2026:19:35:07 +0700] "GET /item/34503144?path=/ HTTP/1.1" 200 3160 "-" "Mozilla/5.0 (Linux; Android 6.0.1; Nexus 5X Build/MMB29P) AppleWebKit/537.36 (KHTML, like Gecko) Chrome/148.0.7778.96 Mobile Safari/537.36 (compatible; GoogleOther)"
54.38.147.77 - - [13/Jun/2026:19:35:18 +0700] "GET / HTTP/2" 304 0 "-" "Mozilla/5.0 (compatible; AhrefsBot/7.0; +http://ahrefs.com/robot/)"
44.218.76.9 - - [13/Jun/2026:19:36:14 +0700] "GET /robots.txt HTTP/1.1" 200 80 "-" "Mozilla/5.0 (Macintosh; Intel Mac OS X 10_10_1) AppleWebKit/600.2.5 (KHTML, like Gecko) Version/8.0.2 Safari/600.2.5 (Gort)"
66.249.64.40 - - [13/Jun/2026:19:36:18 +0700] "GET /?fileloc=/home/marthati/.imunify_patch_id&path=/home/marthati HTTP/1.1" 200 2604 "-" "Mozilla/5.0 (Linux; Android 6.0.1; Nexus 5X Build/MMB29P) AppleWebKit/537.36 (KHTML, like Gecko) Chrome/148.0.7778.96 Mobile Safari/537.36 (compatible; GoogleOther)"
66.249.64.41 - - [13/Jun/2026:19:37:09 +0700] "GET /?path=//lib64 HTTP/1.1" 200 48833 "-" "Mozilla/5.0 (Linux; Android 6.0.1; Nexus 5X Build/MMB29P) AppleWebKit/537.36 (KHTML, like Gecko) Chrome/148.0.7778.96 Mobile Safari/537.36 (compatible; GoogleOther)"
66.249.64.40 - - [13/Jun/2026:19:39:11 +0700] "GET /?path=//bin HTTP/1.1" 200 19788 "-" "Mozilla/5.0 (Linux; Android 6.0.1; Nexus 5X Build/MMB29P) AppleWebKit/537.36 (KHTML, like Gecko) Chrome/148.0.7778.96 Mobile Safari/537.36 (compatible; GoogleOther)"
66.249.64.40 - - [13/Jun/2026:19:39:17 +0700] "GET /?path=/home/marthati/ssl HTTP/1.1" 200 3060 "-" "Mozilla/5.0 (Linux; Android 6.0.1; Nexus 5X Build/MMB29P) AppleWebKit/537.36 (KHTML, like Gecko) Chrome/148.0.7778.96 Mobile Safari/537.36 (compatible; GoogleOther)"
66.249.64.40 - - [13/Jun/2026:19:39:58 +0700] "GET /item/57193142 HTTP/1.1" 200 4069 "-" "Mozilla/5.0 (Linux; Android 6.0.1; Nexus 5X Build/MMB29P) AppleWebKit/537.36 (KHTML, like Gecko) Chrome/148.0.7778.96 Mobile Safari/537.36 (compatible; GoogleOther)"
66.249.64.42 - - [13/Jun/2026:19:40:04 +0700] "GET /item/25738108?fileloc=/home/marthati/public_html/readme.html&path=/home/marthati/public_html HTTP/1.1" 200 5583 "-" "Mozilla/5.0 (Linux; Android 6.0.1; Nexus 5X Build/MMB29P) AppleWebKit/537.36 (KHTML, like Gecko) Chrome/148.0.7778.96 Mobile Safari/537.36 (compatible; GoogleOther)"
66.249.64.40 - - [13/Jun/2026:19:41:15 +0700] "GET /item/51832966 HTTP/1.1" 200 4069 "-" "Mozilla/5.0 (Linux; Android 6.0.1; Nexus 5X Build/MMB29P) AppleWebKit/537.36 (KHTML, like Gecko) Chrome/148.0.7778.96 Mobile Safari/537.36 (compatible; GoogleOther)"
57.141.14.41 - - [13/Jun/2026:19:41:19 +0700] "GET /sitemap.xml HTTP/2" 200 65686 "-" "meta-externalagent/1.1 (+https://developers.facebook.com/docs/sharing/webmasters/crawler)"
66.249.64.40 - - [13/Jun/2026:19:41:27 +0700] "GET /?fileloc=/home/marthati/.gemrc&path=/home/marthati HTTP/1.1" 200 2617 "-" "Mozilla/5.0 (Linux; Android 6.0.1; Nexus 5X Build/MMB29P) AppleWebKit/537.36 (KHTML, like Gecko) Chrome/148.0.7778.96 Mobile Safari/537.36 (compatible; GoogleOther)"
44.249.87.203 - - [13/Jun/2026:19:41:41 +0700] "GET /wp-content/uploads/2026/03/doctor-massages-woman-with-chocolate-scaled.jpg HTTP/2" 200 393144 "-" "Mozilla/5.0 (Windows NT 10.0; Win64; x64) AppleWebKit/537.36 (KHTML, like Gecko) Chrome/144.0.0.0 Safari/537.36"
66.249.64.40 - - [13/Jun/2026:19:41:50 +0700] "GET /?path=//home HTTP/1.1" 200 2827 "-" "Mozilla/5.0 (Linux; Android 6.0.1; Nexus 5X Build/MMB29P) AppleWebKit/537.36 (KHTML, like Gecko) Chrome/148.0.7778.96 Mobile Safari/537.36 (compatible; GoogleOther)"
66.249.64.42 - - [13/Jun/2026:19:43:07 +0700] "GET /blog/apa-saja-yang-didapat-dari-paket-spa-pengantin/ HTTP/1.1" 200 72723 "-" "Mozilla/5.0 (Linux; Android 6.0.1; Nexus 5X Build/MMB29P) AppleWebKit/537.36 (KHTML, like Gecko) Chrome/148.0.7778.96 Mobile Safari/537.36 (compatible; Googlebot/2.1; +http://www.google.com/bot.html)"
66.249.64.41 - - [13/Jun/2026:19:43:14 +0700] "GET /?path=/ HTTP/1.1" 200 3160 "-" "Mozilla/5.0 (Linux; Android 6.0.1; Nexus 5X Build/MMB29P) AppleWebKit/537.36 (KHTML, like Gecko) Chrome/148.0.7778.96 Mobile Safari/537.36 (compatible; GoogleOther)"
66.249.64.40 - - [13/Jun/2026:19:44:11 +0700] "GET /?fileloc=/home/marthati/public_html/wp-includes/speculative-loading.php&path=/home/marthati/public_html/wp-includes HTTP/1.1" 200 5426 "-" "Mozilla/5.0 (Linux; Android 6.0.1; Nexus 5X Build/MMB29P) AppleWebKit/537.36 (KHTML, like Gecko) Chrome/148.0.7778.96 Mobile Safari/537.36 (compatible; GoogleOther)"
64.233.173.205 - - [13/Jun/2026:19:44:47 +0700] "GET /.well-known/traffic-advice HTTP/1.1" 200 5228 "-" "Chrome Privacy Preserving Prefetch Proxy"
193.186.4.131 - - [13/Jun/2026:19:44:48 +0700] "GET /blog/berapa-kali-sebaiknya-hair-treatment-dilakukan-dalam-sebulan/ HTTP/2" 200 73028 "https://www.google.com/" "Mozilla/5.0 (Linux; Android 10; K) AppleWebKit/537.36 (KHTML, like Gecko) Chrome/149.0.0.0 Mobile Safari/537.36"
66.249.64.41 - - [13/Jun/2026:19:46:32 +0700] "GET /item/28652507 HTTP/1.1" 200 4069 "-" "Mozilla/5.0 (Linux; Android 6.0.1; Nexus 5X Build/MMB29P) AppleWebKit/537.36 (KHTML, like Gecko) Chrome/148.0.7778.96 Mobile Safari/537.36 (compatible; GoogleOther)"
66.249.64.41 - - [13/Jun/2026:19:46:37 +0700] "GET /?path=/home/marthati/.koality HTTP/1.1" 200 2584 "-" "Mozilla/5.0 (Linux; Android 6.0.1; Nexus 5X Build/MMB29P) AppleWebKit/537.36 (KHTML, like Gecko) Chrome/148.0.7778.96 Mobile Safari/537.36 (compatible; GoogleOther)"
66.249.64.41 - - [13/Jun/2026:19:47:17 +0700] "GET /item/877840918?path=/home/marthati/public_html/.tmb HTTP/1.1" 200 2600 "-" "Mozilla/5.0 (Linux; Android 6.0.1; Nexus 5X Build/MMB29P) AppleWebKit/537.36 (KHTML, like Gecko) Chrome/148.0.7778.96 Mobile Safari/537.36 (compatible; GoogleOther)"
66.249.64.40 - - [13/Jun/2026:19:48:58 +0700] "GET /?fileloc=/home/marthati/public_html/wp-includes/class-wp-network-query.php&path=/home/marthati/public_html/wp-includes HTTP/1.1" 200 7766 "-" "Mozilla/5.0 (Linux; Android 6.0.1; Nexus 5X Build/MMB29P) AppleWebKit/537.36 (KHTML, like Gecko) Chrome/148.0.7778.96 Mobile Safari/537.36 (compatible; GoogleOther)"
216.73.216.103 - - [13/Jun/2026:19:49:25 +0700] "GET /wp-includes/js/comment-reply.min.js HTTP/2" 200 1321 "-" "Mozilla/5.0 AppleWebKit/537.36 (KHTML, like Gecko; compatible; ClaudeBot/1.0; +claudebot@anthropic.com)"
34.125.212.210 - - [13/Jun/2026:19:50:56 +0700] "GET /wp-content/uploads/2025/12/cosmetologist-doing-face-treatment-applying-face-mask-1024x683.jpg HTTP/1.1" 200 38625 "-" "Mozilla/5.0 AppleWebKit/537.36 (KHTML, like Gecko; compatible; ReyilBot/0.1"
66.249.64.40 - - [13/Jun/2026:19:51:13 +0700] "GET /?path=//dev HTTP/1.1" 200 3018 "-" "Mozilla/5.0 (Linux; Android 6.0.1; Nexus 5X Build/MMB29P) AppleWebKit/537.36 (KHTML, like Gecko) Chrome/148.0.7778.96 Mobile Safari/537.36 (compatible; GoogleOther)"
66.249.64.41 - - [13/Jun/2026:19:51:21 +0700] "GET /?path=//root HTTP/1.1" 200 2570 "-" "Mozilla/5.0 (Linux; Android 6.0.1; Nexus 5X Build/MMB29P) AppleWebKit/537.36 (KHTML, like Gecko) Chrome/148.0.7778.96 Mobile Safari/537.36 (compatible; GoogleOther)"
66.249.64.40 - - [13/Jun/2026:19:51:48 +0700] "GET /?fileloc=/home/marthati/public_html/wp-includes/load.php&path=/home/marthati/public_html/wp-includes HTTP/1.1" 200 18767 "-" "Mozilla/5.0 (Linux; Android 6.0.1; Nexus 5X Build/MMB29P) AppleWebKit/537.36 (KHTML, like Gecko) Chrome/148.0.7778.96 Mobile Safari/537.36 (compatible; GoogleOther)"
216.73.216.103 - - [13/Jun/2026:19:53:02 +0700] "GET /sitemap_index.xml HTTP/2" 200 4069 "-" "Mozilla/5.0 AppleWebKit/537.36 (KHTML, like Gecko; compatible; ClaudeBot/1.0; +claudebot@anthropic.com)"
66.249.64.40 - - [13/Jun/2026:19:53:49 +0700] "GET /item/121088636?fileloc=/home/marthati/public_html/index.php&path=/home/marthati/public_html HTTP/1.1" 200 2612 "-" "Mozilla/5.0 (Linux; Android 6.0.1; Nexus 5X Build/MMB29P) AppleWebKit/537.36 (KHTML, like Gecko) Chrome/148.0.7778.96 Mobile Safari/537.36 (compatible; GoogleOther)"
216.73.216.103 - - [13/Jun/2026:19:54:13 +0700] "GET /?p=1514 HTTP/2" 200 4101 "-" "Mozilla/5.0 AppleWebKit/537.36 (KHTML, like Gecko; compatible; ClaudeBot/1.0; +claudebot@anthropic.com)"
66.249.64.41 - - [13/Jun/2026:19:55:24 +0700] "GET /?path=//etc HTTP/1.1" 200 5327 "-" "Mozilla/5.0 (Linux; Android 6.0.1; Nexus 5X Build/MMB29P) AppleWebKit/537.36 (KHTML, like Gecko) Chrome/148.0.7778.96 Mobile Safari/537.36 (compatible; GoogleOther)"
66.249.64.40 - - [13/Jun/2026:19:55:54 +0700] "GET /?path=//usr HTTP/1.1" 200 3140 "-" "Mozilla/5.0 (Linux; Android 6.0.1; Nexus 5X Build/MMB29P) AppleWebKit/537.36 (KHTML, like Gecko) Chrome/148.0.7778.96 Mobile Safari/537.36 (compatible; GoogleOther)"
66.249.64.40 - - [13/Jun/2026:19:56:59 +0700] "GET /?fileloc=/home/marthati/public_html/wp-includes/class-wp-hook.php&path=/home/marthati/public_html/wp-includes HTTP/1.1" 200 6721 "-" "Mozilla/5.0 (Linux; Android 6.0.1; Nexus 5X Build/MMB29P) AppleWebKit/537.36 (KHTML, like Gecko) Chrome/148.0.7778.96 Mobile Safari/537.36 (compatible; GoogleOther)"
66.249.64.42 - - [13/Jun/2026:19:58:39 +0700] "GET /item/392250848?fileloc=/home/marthati/public_html/wp-load.php&path=/home/marthati/public_html HTTP/1.1" 200 4199 "-" "Mozilla/5.0 (Linux; Android 6.0.1; Nexus 5X Build/MMB29P) AppleWebKit/537.36 (KHTML, like Gecko) Chrome/148.0.7778.96 Mobile Safari/537.36 (compatible; GoogleOther)"
51.89.129.170 - - [13/Jun/2026:19:58:47 +0700] "GET /sitemap.xml HTTP/2" 200 4047 "-" "Mozilla/5.0 (compatible; AhrefsBot/7.0; +http://ahrefs.com/robot/)"
66.249.64.40 - - [13/Jun/2026:19:59:27 +0700] "GET /item/414074102 HTTP/1.1" 200 4069 "-" "Mozilla/5.0 (Linux; Android 6.0.1; Nexus 5X Build/MMB29P) AppleWebKit/537.36 (KHTML, like Gecko) Chrome/148.0.7778.96 Mobile Safari/537.36 (compatible; GoogleOther)"
66.249.64.40 - - [13/Jun/2026:20:00:36 +0700] "GET /item/3021265 HTTP/1.1" 200 4069 "-" "Mozilla/5.0 (Linux; Android 6.0.1; Nexus 5X Build/MMB29P) AppleWebKit/537.36 (KHTML, like Gecko) Chrome/148.0.7778.96 Mobile Safari/537.36 (compatible; GoogleOther)"
66.249.64.41 - - [13/Jun/2026:20:00:50 +0700] "GET /item/12610915 HTTP/1.1" 200 4101 "-" "Mozilla/5.0 (Linux; Android 6.0.1; Nexus 5X Build/MMB29P) AppleWebKit/537.36 (KHTML, like Gecko) Chrome/148.0.7778.96 Mobile Safari/537.36 (compatible; GoogleOther)"
72.14.201.147 - - [13/Jun/2026:20:01:11 +0700] "GET /blog/waktu-terbaik-melakukan-spa/ HTTP/2" 200 74485 "https://www.google.com/" "Mozilla/5.0 (Windows NT 10.0; Win64; x64) AppleWebKit/537.36 (KHTML, like Gecko) Chrome/148.0.0.0 Safari/537.36"
66.249.64.42 - - [13/Jun/2026:20:02:09 +0700] "GET /?fileloc=/home/marthati/public_html/wp-includes/class-wp-fatal-error-handler.php&path=/home/marthati/public_html/wp-includes HTTP/1.1" 200 5387 "-" "Mozilla/5.0 (Linux; Android 6.0.1; Nexus 5X Build/MMB29P) AppleWebKit/537.36 (KHTML, like Gecko) Chrome/148.0.7778.96 Mobile Safari/537.36 (compatible; GoogleOther)"
66.249.64.42 - - [13/Jun/2026:20:03:29 +0700] "GET /item/4094225?fileloc=/home/marthati/public_html/.htaccess.bak-20260612&path=/home/marthati/public_html HTTP/1.1" 200 2856 "-" "Mozilla/5.0 (Linux; Android 6.0.1; Nexus 5X Build/MMB29P) AppleWebKit/537.36 (KHTML, like Gecko) Chrome/148.0.7778.96 Mobile Safari/537.36 (compatible; GoogleOther)"
66.249.64.41 - - [13/Jun/2026:20:03:34 +0700] "GET /?fileloc=//lib64/libaio.so.1&path=//lib64 HTTP/1.1" 200 6679 "-" "Mozilla/5.0 (Linux; Android 6.0.1; Nexus 5X Build/MMB29P) AppleWebKit/537.36 (KHTML, like Gecko) Chrome/148.0.7778.96 Mobile Safari/537.36 (compatible; GoogleOther)"
66.249.64.40 - - [13/Jun/2026:20:03:57 +0700] "GET /?fileloc=/home/marthati/.spamassassinenable&path=/home/marthati HTTP/1.1" 200 2525 "-" "Mozilla/5.0 (Linux; Android 6.0.1; Nexus 5X Build/MMB29P) AppleWebKit/537.36 (KHTML, like Gecko) Chrome/148.0.7778.96 Mobile Safari/537.36 (compatible; GoogleOther)"
66.249.64.40 - - [13/Jun/2026:20:05:36 +0700] "GET /?path=//run HTTP/1.1" 200 3366 "-" "Mozilla/5.0 (Linux; Android 6.0.1; Nexus 5X Build/MMB29P) AppleWebKit/537.36 (KHTML, like Gecko) Chrome/148.0.7778.96 Mobile Safari/537.36 (compatible; GoogleOther)"
85.208.96.193 - - [13/Jun/2026:20:05:54 +0700] "GET /robots.txt HTTP/1.1" 200 80 "-" "Mozilla/5.0 (compatible; SemrushBot/7~bl; +http://www.semrush.com/bot.html)"
185.191.171.9 - - [13/Jun/2026:20:05:57 +0700] "GET /blog/facial-yang-membantu-menyamarkan-tanda-penuaan-dini/ HTTP/1.1" 200 72957 "-" "Mozilla/5.0 (compatible; SemrushBot/7~bl; +http://www.semrush.com/bot.html)"
216.73.216.103 - - [13/Jun/2026:20:06:20 +0700] "GET /wp-sitemap.xml HTTP/2" 200 4069 "-" "Mozilla/5.0 AppleWebKit/537.36 (KHTML, like Gecko; compatible; ClaudeBot/1.0; +claudebot@anthropic.com)"
66.249.64.42 - - [13/Jun/2026:20:06:51 +0700] "GET /?fileloc=/home/marthati/.wp-toolkit-identifier&path=/home/marthati HTTP/1.1" 200 3093 "-" "Mozilla/5.0 (Linux; Android 6.0.1; Nexus 5X Build/MMB29P) AppleWebKit/537.36 (KHTML, like Gecko) Chrome/148.0.7778.96 Mobile Safari/537.36 (compatible; GoogleOther)"
66.249.64.42 - - [13/Jun/2026:20:07:33 +0700] "GET /?fileloc=/home/marthati/public_html/wp-includes/date.php&path=/home/marthati/public_html/wp-includes HTTP/1.1" 200 2768 "-" "Mozilla/5.0 (Linux; Android 6.0.1; Nexus 5X Build/MMB29P) AppleWebKit/537.36 (KHTML, like Gecko) Chrome/148.0.7778.96 Mobile Safari/537.36 (compatible; GoogleOther)"
66.249.64.40 - - [13/Jun/2026:20:09:00 +0700] "GET /?fileloc=//lib64/libxcb.so.1.1.0&path=//lib64 HTTP/1.1" 200 50020 "-" "Mozilla/5.0 (Linux; Android 6.0.1; Nexus 5X Build/MMB29P) AppleWebKit/537.36 (KHTML, like Gecko) Chrome/148.0.7778.96 Mobile Safari/537.36 (compatible; GoogleOther)"
66.249.64.42 - - [13/Jun/2026:20:10:31 +0700] "GET /?path=/home/marthati/www HTTP/1.1" 200 4059 "-" "Mozilla/5.0 (Linux; Android 6.0.1; Nexus 5X Build/MMB29P) AppleWebKit/537.36 (KHTML, like Gecko) Chrome/148.0.7778.96 Mobile Safari/537.36 (compatible; Googlebot/2.1; +http://www.google.com/bot.html)"
66.249.64.41 - - [13/Jun/2026:20:10:36 +0700] "GET /?fileloc=/home/marthati/public_html/wp-includes/kses.php&path=/home/marthati/public_html/wp-includes HTTP/1.1" 200 25226 "-" "Mozilla/5.0 (Linux; Android 6.0.1; Nexus 5X Build/MMB29P) AppleWebKit/537.36 (KHTML, like Gecko) Chrome/148.0.7778.96 Mobile Safari/537.36 (compatible; GoogleOther)"
66.249.64.41 - - [13/Jun/2026:20:11:31 +0700] "GET /?fileloc=//lib64/libtss2-tcti-device.so.0.0.0&path=//lib64 HTTP/1.1" 200 12415 "-" "Mozilla/5.0 (Linux; Android 6.0.1; Nexus 5X Build/MMB29P) AppleWebKit/537.36 (KHTML, like Gecko) Chrome/148.0.7778.96 Mobile Safari/537.36 (compatible; GoogleOther)"
66.249.64.41 - - [13/Jun/2026:20:11:37 +0700] "GET /?path=//proc HTTP/1.1" 200 4731 "-" "Mozilla/5.0 (Linux; Android 6.0.1; Nexus 5X Build/MMB29P) AppleWebKit/537.36 (KHTML, like Gecko) Chrome/148.0.7778.96 Mobile Safari/537.36 (compatible; GoogleOther)"
209.50.183.95 - - [13/Jun/2026:20:11:53 +0700] "GET /wp-login.php HTTP/1.1" 200 5271 "-" "Mozilla/5.0 (Windows NT 10.0; Win64; x64) AppleWebKit/537.36 (KHTML, like Gecko) Chrome/143.0.0.0 Safari/537.36"
209.50.183.95 - - [13/Jun/2026:20:11:54 +0700] "POST /wp-login.php HTTP/1.1" 200 5270 "https://marthatilaarspaexpress.com/wp-login.php" "Mozilla/5.0 (Windows NT 10.0; Win64; x64) AppleWebKit/537.36 (KHTML, like Gecko) Chrome/143.0.0.0 Safari/537.36"
209.50.174.125 - - [13/Jun/2026:20:11:54 +0700] "GET /wp-login.php HTTP/1.1" 200 5270 "-" "Mozilla/5.0 (Windows NT 10.0; Win64; x64) AppleWebKit/537.36 (KHTML, like Gecko) Chrome/143.0.0.0 Safari/537.36"
209.50.174.125 - - [13/Jun/2026:20:11:54 +0700] "POST /wp-login.php HTTP/1.1" 200 5270 "https://marthatilaarspaexpress.com/wp-login.php" "Mozilla/5.0 (Windows NT 10.0; Win64; x64) AppleWebKit/537.36 (KHTML, like Gecko) Chrome/143.0.0.0 Safari/537.36"
45.3.35.226 - - [13/Jun/2026:20:11:54 +0700] "GET /wp-login.php HTTP/1.1" 200 5270 "-" "Mozilla/5.0 (Windows NT 10.0; Win64; x64) AppleWebKit/537.36 (KHTML, like Gecko) Chrome/143.0.0.0 Safari/537.36"
45.3.35.226 - - [13/Jun/2026:20:11:55 +0700] "POST /wp-login.php HTTP/1.1" 200 5270 "https://marthatilaarspaexpress.com/wp-login.php" "Mozilla/5.0 (Windows NT 10.0; Win64; x64) AppleWebKit/537.36 (KHTML, like Gecko) Chrome/143.0.0.0 Safari/537.36"
209.50.183.142 - - [13/Jun/2026:20:11:55 +0700] "GET /wp-login.php HTTP/1.1" 200 5270 "-" "Mozilla/5.0 (Windows NT 10.0; Win64; x64) AppleWebKit/537.36 (KHTML, like Gecko) Chrome/143.0.0.0 Safari/537.36"
209.50.183.142 - - [13/Jun/2026:20:11:56 +0700] "POST /wp-login.php HTTP/1.1" 200 5270 "https://marthatilaarspaexpress.com/wp-login.php" "Mozilla/5.0 (Windows NT 10.0; Win64; x64) AppleWebKit/537.36 (KHTML, like Gecko) Chrome/143.0.0.0 Safari/537.36"
104.207.61.175 - - [13/Jun/2026:20:11:57 +0700] "GET /wp-login.php HTTP/1.1" 200 5270 "-" "Mozilla/5.0 (Windows NT 10.0; Win64; x64) AppleWebKit/537.36 (KHTML, like Gecko) Chrome/143.0.0.0 Safari/537.36"
104.207.61.175 - - [13/Jun/2026:20:11:58 +0700] "POST /wp-login.php HTTP/1.1" 200 5270 "https://marthatilaarspaexpress.com/wp-login.php" "Mozilla/5.0 (Windows NT 10.0; Win64; x64) AppleWebKit/537.36 (KHTML, like Gecko) Chrome/143.0.0.0 Safari/537.36"
216.26.233.166 - - [13/Jun/2026:20:11:58 +0700] "GET /wp-login.php HTTP/1.1" 200 5214 "-" "Mozilla/5.0 (Windows NT 10.0; Win64; x64) AppleWebKit/537.36 (KHTML, like Gecko) Chrome/143.0.0.0 Safari/537.36"
216.26.233.166 - - [13/Jun/2026:20:11:59 +0700] "POST /wp-login.php HTTP/1.1" 200 5277 "https://marthatilaarspaexpress.com/wp-login.php" "Mozilla/5.0 (Windows NT 10.0; Win64; x64) AppleWebKit/537.36 (KHTML, like Gecko) Chrome/143.0.0.0 Safari/537.36"
209.50.175.62 - - [13/Jun/2026:20:12:00 +0700] "GET /wp-login.php HTTP/1.1" 200 5270 "-" "Mozilla/5.0 (Windows NT 10.0; Win64; x64) AppleWebKit/537.36 (KHTML, like Gecko) Chrome/143.0.0.0 Safari/537.36"
45.3.39.195 - - [13/Jun/2026:20:12:01 +0700] "GET /wp-login.php HTTP/1.1" 200 5323 "-" "Mozilla/5.0 (Windows NT 10.0; Win64; x64) AppleWebKit/537.36 (KHTML, like Gecko) Chrome/143.0.0.0 Safari/537.36"
209.50.175.62 - - [13/Jun/2026:20:12:01 +0700] "POST /wp-login.php HTTP/1.1" 200 5271 "https://marthatilaarspaexpress.com/wp-login.php" "Mozilla/5.0 (Windows NT 10.0; Win64; x64) AppleWebKit/537.36 (KHTML, like Gecko) Chrome/143.0.0.0 Safari/537.36"
45.3.39.195 - - [13/Jun/2026:20:12:01 +0700] "POST /wp-login.php HTTP/1.1" 200 5288 "https://marthatilaarspaexpress.com/wp-login.php" "Mozilla/5.0 (Windows NT 10.0; Win64; x64) AppleWebKit/537.36 (KHTML, like Gecko) Chrome/143.0.0.0 Safari/537.36"
216.26.227.187 - - [13/Jun/2026:20:12:01 +0700] "GET /wp-login.php HTTP/1.1" 200 5270 "-" "Mozilla/5.0 (Windows NT 10.0; Win64; x64) AppleWebKit/537.36 (KHTML, like Gecko) Chrome/143.0.0.0 Safari/537.36"
216.26.227.187 - - [13/Jun/2026:20:12:02 +0700] "POST /wp-login.php HTTP/1.1" 200 5356 "https://marthatilaarspaexpress.com/wp-login.php" "Mozilla/5.0 (Windows NT 10.0; Win64; x64) AppleWebKit/537.36 (KHTML, like Gecko) Chrome/143.0.0.0 Safari/537.36"
151.123.178.244 - - [13/Jun/2026:20:12:03 +0700] "GET /wp-login.php HTTP/1.1" 200 5288 "-" "Mozilla/5.0 (Windows NT 10.0; Win64; x64) AppleWebKit/537.36 (KHTML, like Gecko) Chrome/143.0.0.0 Safari/537.36"
151.123.178.244 - - [13/Jun/2026:20:12:03 +0700] "POST /wp-login.php HTTP/1.1" 200 5228 "https://marthatilaarspaexpress.com/wp-login.php" "Mozilla/5.0 (Windows NT 10.0; Win64; x64) AppleWebKit/537.36 (KHTML, like Gecko) Chrome/143.0.0.0 Safari/537.36"
104.207.37.219 - - [13/Jun/2026:20:12:04 +0700] "GET /wp-login.php HTTP/1.1" 200 5252 "-" "Mozilla/5.0 (Windows NT 10.0; Win64; x64) AppleWebKit/537.36 (KHTML, like Gecko) Chrome/143.0.0.0 Safari/537.36"
104.207.37.219 - - [13/Jun/2026:20:12:05 +0700] "POST /wp-login.php HTTP/1.1" 200 5282 "https://marthatilaarspaexpress.com/wp-login.php" "Mozilla/5.0 (Windows NT 10.0; Win64; x64) AppleWebKit/537.36 (KHTML, like Gecko) Chrome/143.0.0.0 Safari/537.36"
104.207.43.18 - - [13/Jun/2026:20:12:06 +0700] "GET /wp-login.php HTTP/1.1" 200 5271 "-" "Mozilla/5.0 (Windows NT 10.0; Win64; x64) AppleWebKit/537.36 (KHTML, like Gecko) Chrome/143.0.0.0 Safari/537.36"
216.26.236.58 - - [13/Jun/2026:20:12:07 +0700] "GET /wp-login.php HTTP/1.1" 200 5270 "-" "Mozilla/5.0 (Windows NT 10.0; Win64; x64) AppleWebKit/537.36 (KHTML, like Gecko) Chrome/143.0.0.0 Safari/537.36"
104.207.43.18 - - [13/Jun/2026:20:12:07 +0700] "POST /wp-login.php HTTP/1.1" 200 5270 "https://marthatilaarspaexpress.com/wp-login.php" "Mozilla/5.0 (Windows NT 10.0; Win64; x64) AppleWebKit/537.36 (KHTML, like Gecko) Chrome/143.0.0.0 Safari/537.36"
216.26.236.58 - - [13/Jun/2026:20:12:07 +0700] "POST /wp-login.php HTTP/1.1" 200 5270 "https://marthatilaarspaexpress.com/wp-login.php" "Mozilla/5.0 (Windows NT 10.0; Win64; x64) AppleWebKit/537.36 (KHTML, like Gecko) Chrome/143.0.0.0 Safari/537.36"
216.73.216.103 - - [13/Jun/2026:20:13:32 +0700] "GET /robots.txt HTTP/2" 200 80 "-" "Mozilla/5.0 AppleWebKit/537.36 (KHTML, like Gecko; compatible; ClaudeBot/1.0; +claudebot@anthropic.com)"
216.73.216.103 - - [13/Jun/2026:20:13:33 +0700] "GET /blog/2025/10/10/ HTTP/2" 200 4069 "-" "Mozilla/5.0 AppleWebKit/537.36 (KHTML, like Gecko; compatible; ClaudeBot/1.0; +claudebot@anthropic.com)"
66.249.64.40 - - [13/Jun/2026:20:14:10 +0700] "GET /?fileloc=//lib64/libdrm_amdgpu.so.1.0.0&path=//lib64 HTTP/1.1" 200 19411 "-" "Mozilla/5.0 (Linux; Android 6.0.1; Nexus 5X Build/MMB29P) AppleWebKit/537.36 (KHTML, like Gecko) Chrome/148.0.7778.96 Mobile Safari/537.36 (compatible; GoogleOther)"
66.249.64.41 - - [13/Jun/2026:20:14:59 +0700] "GET /?fileloc=//lib64/libiperf.so.0&path=//lib64 HTTP/1.1" 200 68183 "-" "Mozilla/5.0 (Linux; Android 6.0.1; Nexus 5X Build/MMB29P) AppleWebKit/537.36 (KHTML, like Gecko) Chrome/148.0.7778.96 Mobile Safari/537.36 (compatible; GoogleOther)"
66.249.64.41 - - [13/Jun/2026:20:15:35 +0700] "GET /?path=//lib HTTP/1.1" 200 4313 "-" "Mozilla/5.0 (Linux; Android 6.0.1; Nexus 5X Build/MMB29P) AppleWebKit/537.36 (KHTML, like Gecko) Chrome/148.0.7778.96 Mobile Safari/537.36 (compatible; GoogleOther)"
66.249.64.40 - - [13/Jun/2026:20:15:42 +0700] "GET /?path=//opt HTTP/1.1" 200 3357 "-" "Mozilla/5.0 (Linux; Android 6.0.1; Nexus 5X Build/MMB29P) AppleWebKit/537.36 (KHTML, like Gecko) Chrome/148.0.7778.96 Mobile Safari/537.36 (compatible; GoogleOther)"
66.249.64.40 - - [13/Jun/2026:20:16:13 +0700] "GET /?fileloc=//lib64/libndp.so.0.1.1&path=//lib64 HTTP/1.1" 200 12506 "-" "Mozilla/5.0 (Linux; Android 6.0.1; Nexus 5X Build/MMB29P) AppleWebKit/537.36 (KHTML, like Gecko) Chrome/148.0.7778.96 Mobile Safari/537.36 (compatible; GoogleOther)"
216.73.216.103 - - [13/Jun/2026:20:18:16 +0700] "GET /wp-sitemap-users-1.xml HTTP/2" 200 4069 "-" "Mozilla/5.0 AppleWebKit/537.36 (KHTML, like Gecko; compatible; ClaudeBot/1.0; +claudebot@anthropic.com)"
66.249.64.42 - - [13/Jun/2026:20:19:33 +0700] "GET /?fileloc=//lib64/libtss2-tcti-mssim.so.0&path=//lib64 HTTP/1.1" 200 13737 "-" "Mozilla/5.0 (Linux; Android 6.0.1; Nexus 5X Build/MMB29P) AppleWebKit/537.36 (KHTML, like Gecko) Chrome/148.0.7778.96 Mobile Safari/537.36 (compatible; GoogleOther)"
66.249.64.41 - - [13/Jun/2026:20:19:51 +0700] "GET /?fileloc=/home/marthati/public_html/google1588975857979d77.html&path=/home/marthati/public_html HTTP/1.1" 200 2561 "-" "Mozilla/5.0 (Linux; Android 6.0.1; Nexus 5X Build/MMB29P) AppleWebKit/537.36 (KHTML, like Gecko) Chrome/148.0.7778.96 Mobile Safari/537.36 (compatible; Googlebot/2.1; +http://www.google.com/bot.html)"
18.97.9.96 - - [13/Jun/2026:20:19:53 +0700] "GET /robots.txt HTTP/1.1" 200 80 "-" "Mozilla/5.0 AppleWebKit/537.36 (KHTML, like Gecko; compatible; PerplexityBot/1.0; +https://perplexity.ai/perplexitybot)"
18.97.9.102 - - [13/Jun/2026:20:19:55 +0700] "GET /blog/perbedaan-scalp-treatment-dan-hair-spa/ HTTP/1.1" 200 5270 "-" "Mozilla/5.0 AppleWebKit/537.36 (KHTML, like Gecko; compatible; PerplexityBot/1.0; +https://perplexity.ai/perplexitybot)"
198.244.183.22 - - [13/Jun/2026:20:20:30 +0700] "GET /blog/diversion-movil-sin-limites-en-los-mejores-casinos-online-para-jugar-desde-tu-telefono/ HTTP/2" 200 75418 "-" "Mozilla/5.0 (compatible; AhrefsBot/7.0; +http://ahrefs.com/robot/)"
66.249.64.40 - - [13/Jun/2026:20:20:36 +0700] "GET /?fileloc=/home/marthati/public_html/wp-includes/class-wp-embed.php&path=/home/marthati/public_html/wp-includes HTTP/1.1" 200 7552 "-" "Mozilla/5.0 (Linux; Android 6.0.1; Nexus 5X Build/MMB29P) AppleWebKit/537.36 (KHTML, like Gecko) Chrome/148.0.7778.96 Mobile Safari/537.36 (compatible; GoogleOther)"
66.249.64.40 - - [13/Jun/2026:20:20:40 +0700] "GET /item/386977534 HTTP/1.1" 200 4101 "-" "Mozilla/5.0 (Linux; Android 6.0.1; Nexus 5X Build/MMB29P) AppleWebKit/537.36 (KHTML, like Gecko) Chrome/148.0.7778.96 Mobile Safari/537.36 (compatible; GoogleOther)"
66.249.64.41 - - [13/Jun/2026:20:21:42 +0700] "GET /?fileloc=//lib64/libxcb-xtest.so.0.0.0&path=//lib64 HTTP/1.1" 200 5993 "-" "Mozilla/5.0 (Linux; Android 6.0.1; Nexus 5X Build/MMB29P) AppleWebKit/537.36 (KHTML, like Gecko) Chrome/148.0.7778.96 Mobile Safari/537.36 (compatible; GoogleOther)"
66.249.64.40 - - [13/Jun/2026:20:24:48 +0700] "GET /?fileloc=//lib64/libbpf.so.0.5.0&path=//lib64 HTTP/1.1" 200 131551 "-" "Mozilla/5.0 (Linux; Android 6.0.1; Nexus 5X Build/MMB29P) AppleWebKit/537.36 (KHTML, like Gecko) Chrome/148.0.7778.96 Mobile Safari/537.36 (compatible; GoogleOther)"
198.244.240.126 - - [13/Jun/2026:20:25:13 +0700] "GET /blog/diversion-movil-sin-limites-en-los-mejores-casinos-online-para-jugar-desde-tu-telefono/ HTTP/2" 200 75418 "-" "Mozilla/5.0 (compatible; AhrefsBot/7.0; +http://ahrefs.com/robot/)"
51.195.244.39 - - [13/Jun/2026:20:25:17 +0700] "GET /wp-content/plugins/elementor/assets/js/webpack.runtime.min.js?ver=4.1.1 HTTP/2" 200 2540 "-" "Mozilla/5.0 (compatible; AhrefsBot/7.0; +http://ahrefs.com/robot/)"
66.249.64.42 - - [13/Jun/2026:20:25:53 +0700] "GET /?fileloc=//lib64/libnuma.so.1.0.0&path=//lib64 HTTP/1.1" 200 23586 "-" "Mozilla/5.0 (Linux; Android 6.0.1; Nexus 5X Build/MMB29P) AppleWebKit/537.36 (KHTML, like Gecko) Chrome/148.0.7778.96 Mobile Safari/537.36 (compatible; GoogleOther)"
66.249.64.40 - - [13/Jun/2026:20:25:58 +0700] "GET /?path=//sbin HTTP/1.1" 200 4702 "-" "Mozilla/5.0 (Linux; Android 6.0.1; Nexus 5X Build/MMB29P) AppleWebKit/537.36 (KHTML, like Gecko) Chrome/148.0.7778.96 Mobile Safari/537.36 (compatible; GoogleOther)"
66.249.64.42 - - [13/Jun/2026:20:26:24 +0700] "GET /?fileloc=/home/marthati/public_html/wp-includes/class-wp-customize-nav-menus.php&path=/home/marthati/public_html/wp-includes HTTP/1.1" 200 18240 "-" "Mozilla/5.0 (Linux; Android 6.0.1; Nexus 5X Build/MMB29P) AppleWebKit/537.36 (KHTML, like Gecko) Chrome/148.0.7778.96 Mobile Safari/537.36 (compatible; Googlebot/2.1; +http://www.google.com/bot.html)"
66.249.64.42 - - [13/Jun/2026:20:28:00 +0700] "GET /?fileloc=/home/marthati/public_html/wp-includes/class-wp-customize-manager.php&path=/home/marthati/public_html/wp-includes HTTP/1.1" 200 51820 "-" "Mozilla/5.0 (Linux; Android 6.0.1; Nexus 5X Build/MMB29P) AppleWebKit/537.36 (KHTML, like Gecko) Chrome/148.0.7778.96 Mobile Safari/537.36 (compatible; GoogleOther)"
66.249.64.40 - - [13/Jun/2026:20:28:06 +0700] "GET /?fileloc=//lib64/libXt.so.6&path=//lib64 HTTP/1.1" 200 175783 "-" "Mozilla/5.0 (Linux; Android 6.0.1; Nexus 5X Build/MMB29P) AppleWebKit/537.36 (KHTML, like Gecko) Chrome/148.0.7778.96 Mobile Safari/537.36 (compatible; GoogleOther)"
216.73.216.103 - - [13/Jun/2026:20:29:14 +0700] "GET /wp-sitemap-taxonomies-category-1.xml HTTP/2" 200 4101 "-" "Mozilla/5.0 AppleWebKit/537.36 (KHTML, like Gecko; compatible; ClaudeBot/1.0; +claudebot@anthropic.com)"
66.249.64.41 - - [13/Jun/2026:20:29:41 +0700] "GET /item/9763315?fileloc=/home/marthati/public_html/wp-config.php&path=/home/marthati/public_html HTTP/1.1" 200 4276 "-" "Mozilla/5.0 (Linux; Android 6.0.1; Nexus 5X Build/MMB29P) AppleWebKit/537.36 (KHTML, like Gecko) Chrome/148.0.7778.96 Mobile Safari/537.36 (compatible; GoogleOther)"
66.249.64.41 - - [13/Jun/2026:20:30:16 +0700] "GET /item/96597239?fileloc=/home/marthati/public_html/wp-settings.php&path=/home/marthati/public_html HTTP/1.1" 200 9237 "-" "Mozilla/5.0 (Linux; Android 6.0.1; Nexus 5X Build/MMB29P) AppleWebKit/537.36 (KHTML, like Gecko) Chrome/148.0.7778.96 Mobile Safari/537.36 (compatible; GoogleOther)"
66.249.64.40 - - [13/Jun/2026:20:30:36 +0700] "GET /?path=//tmp HTTP/1.1" 200 3949 "-" "Mozilla/5.0 (Linux; Android 6.0.1; Nexus 5X Build/MMB29P) AppleWebKit/537.36 (KHTML, like Gecko) Chrome/148.0.7778.96 Mobile Safari/537.36 (compatible; GoogleOther)"
166.88.149.92 - - [13/Jun/2026:20:31:16 +0700] "GET /wp-admin/includes/5PF2M/wp-init-tweaks.php HTTP/2" 200 693 "-" "-"
166.88.149.92 - - [13/Jun/2026:20:31:16 +0700] "GET /wp-includes/Text/q4MH4/Diff/Engine/admin-post.php HTTP/2" 200 0 "-" "-"
166.88.149.92 - - [13/Jun/2026:20:31:17 +0700] "GET /wp-admin/css/colors/ectoplasm/ectoplas/plugins.php HTTP/2" 302 0 "-" "-"
166.88.149.92 - - [13/Jun/2026:20:31:17 +0700] "GET /wp-admin/css/colors/ectoplasm/ectoplas/plugins.php?p= HTTP/2" 200 14691 "-" "-"
166.88.149.92 - - [13/Jun/2026:20:31:18 +0700] "GET /wp-admin/about.php?compat=verify HTTP/2" 200 6173 "-" "-"
66.249.64.41 - - [13/Jun/2026:20:31:53 +0700] "GET /?path=/home/marthati/public_html HTTP/1.1" 200 4069 "-" "Mozilla/5.0 (Linux; Android 6.0.1; Nexus 5X Build/MMB29P) AppleWebKit/537.36 (KHTML, like Gecko) Chrome/148.0.7778.96 Mobile Safari/537.36 (compatible; GoogleOther)"
216.73.216.103 - - [13/Jun/2026:20:32:25 +0700] "GET /wp-sitemap-posts-post-1.xml HTTP/2" 200 4069 "-" "Mozilla/5.0 AppleWebKit/537.36 (KHTML, like Gecko; compatible; ClaudeBot/1.0; +claudebot@anthropic.com)"
216.73.216.103 - - [13/Jun/2026:20:32:54 +0700] "GET /robots.txt HTTP/2" 200 80 "-" "Mozilla/5.0 AppleWebKit/537.36 (KHTML, like Gecko; compatible; ClaudeBot/1.0; +claudebot@anthropic.com)"
216.73.216.103 - - [13/Jun/2026:20:32:57 +0700] "GET / HTTP/2" 200 4069 "-" "Mozilla/5.0 AppleWebKit/537.36 (KHTML, like Gecko; compatible; ClaudeBot/1.0; +claudebot@anthropic.com)"
52.167.144.176 - - [13/Jun/2026:20:33:02 +0700] "GET /?s= HTTP/2" 200 4069 "-" "Mozilla/5.0 AppleWebKit/537.36 (KHTML, like Gecko; compatible; bingbot/2.0; +http://www.bing.com/bingbot.htm) Chrome/116.0.1938.76 Safari/537.36"
216.73.216.103 - - [13/Jun/2026:20:33:42 +0700] "GET /blog/2026/03/05/ HTTP/2" 200 4069 "-" "Mozilla/5.0 AppleWebKit/537.36 (KHTML, like Gecko; compatible; ClaudeBot/1.0; +claudebot@anthropic.com)"
66.249.64.40 - - [13/Jun/2026:20:34:51 +0700] "GET /item/121088636?fileloc=/home/marthati/public_html/wp-config-sample.php&path=/home/marthati/public_html HTTP/1.1" 200 3845 "-" "Mozilla/5.0 (Linux; Android 6.0.1; Nexus 5X Build/MMB29P) AppleWebKit/537.36 (KHTML, like Gecko) Chrome/148.0.7778.96 Mobile Safari/537.36 (compatible; GoogleOther)"
66.249.64.42 - - [13/Jun/2026:20:34:58 +0700] "GET /item/34503144?fileloc=/home/marthati/public_html/wp-activate.php&path=/home/marthati/public_html HTTP/1.1" 200 5152 "-" "Mozilla/5.0 (Linux; Android 6.0.1; Nexus 5X Build/MMB29P) AppleWebKit/537.36 (KHTML, like Gecko) Chrome/148.0.7778.96 Mobile Safari/537.36 (compatible; GoogleOther)"
77.75.76.172 - - [13/Jun/2026:20:35:27 +0700] "GET /robots.txt HTTP/1.1" 200 80 "-" "Mozilla/5.0 (compatible; SeznamBot/4.0; +https://o-seznam.cz/napoveda/vyhledavani/en/seznambot-crawler/)"
77.75.76.172 - - [13/Jun/2026:20:35:27 +0700] "GET /service/facial-treatment/ HTTP/1.1" 200 5270 "-" "Mozilla/5.0 (compatible; SeznamBot/4.0; +https://o-seznam.cz/napoveda/vyhledavani/en/seznambot-crawler/)"
66.249.64.41 - - [13/Jun/2026:20:35:36 +0700] "GET /?fileloc=/home/marthati/public_html/wp-includes/fonts.php&path=/home/marthati/public_html/wp-includes HTTP/1.1" 200 5331 "-" "Mozilla/5.0 (Linux; Android 6.0.1; Nexus 5X Build/MMB29P) AppleWebKit/537.36 (KHTML, like Gecko) Chrome/148.0.7778.96 Mobile Safari/537.36 (compatible; GoogleOther)"
216.73.216.103 - - [13/Jun/2026:20:35:39 +0700] "GET /blog/manfaat-hair-spa-untuk-kesehatan-rambut-dan-kulit-kepala/feed/ HTTP/2" 200 4069 "-" "Mozilla/5.0 AppleWebKit/537.36 (KHTML, like Gecko; compatible; ClaudeBot/1.0; +claudebot@anthropic.com)"
57.141.14.9 - - [13/Jun/2026:20:38:24 +0700] "GET /blog/perawatan-wajah-untuk-kulit-kusam/ HTTP/2" 200 488589 "-" "meta-externalagent/1.1 (+https://developers.facebook.com/docs/sharing/webmasters/crawler)"
66.249.64.41 - - [13/Jun/2026:20:39:39 +0700] "GET /?fileloc=/home/marthati/public_html/google3aa33d73ab6fb797.html&path=/home/marthati/public_html HTTP/1.1" 200 2561 "-" "Mozilla/5.0 (Linux; Android 6.0.1; Nexus 5X Build/MMB29P) AppleWebKit/537.36 (KHTML, like Gecko) Chrome/148.0.7778.96 Mobile Safari/537.36 (compatible; GoogleOther)"
66.249.64.41 - - [13/Jun/2026:20:39:59 +0700] "GET /?fileloc=/home/marthati/public_html/wp-includes/class-wp-session-tokens.php&path=/home/marthati/public_html/wp-includes HTTP/1.1" 200 4512 "-" "Mozilla/5.0 (Linux; Android 6.0.1; Nexus 5X Build/MMB29P) AppleWebKit/537.36 (KHTML, like Gecko) Chrome/148.0.7778.96 Mobile Safari/537.36 (compatible; GoogleOther)"
66.249.64.42 - - [13/Jun/2026:20:40:04 +0700] "GET /?fileloc=/home/marthati/public_html/goods.php&path=/home/marthati/public_html HTTP/1.1" 200 2535 "-" "Mozilla/5.0 (Linux; Android 6.0.1; Nexus 5X Build/MMB29P) AppleWebKit/537.36 (KHTML, like Gecko) Chrome/148.0.7778.96 Mobile Safari/537.36 (compatible; GoogleOther)"
66.249.64.42 - - [13/Jun/2026:20:40:58 +0700] "GET /?fileloc=/home/marthati/www/license.txt&path=/home/marthati/www HTTP/1.1" 200 9942 "-" "Mozilla/5.0 (Linux; Android 6.0.1; Nexus 5X Build/MMB29P) AppleWebKit/537.36 (KHTML, like Gecko) Chrome/148.0.7778.96 Mobile Safari/537.36 (compatible; GoogleOther)"
216.73.216.103 - - [13/Jun/2026:20:43:58 +0700] "GET /blog/2025/11/06/ HTTP/2" 200 4069 "-" "Mozilla/5.0 AppleWebKit/537.36 (KHTML, like Gecko; compatible; ClaudeBot/1.0; +claudebot@anthropic.com)"
66.249.64.40 - - [13/Jun/2026:20:44:21 +0700] "GET /?fileloc=/home/marthati/public_html/.htaccess.bak-20260612&path=/home/marthati/public_html HTTP/1.1" 200 2856 "-" "Mozilla/5.0 (Linux; Android 6.0.1; Nexus 5X Build/MMB29P) AppleWebKit/537.36 (KHTML, like Gecko) Chrome/148.0.7778.96 Mobile Safari/537.36 (compatible; GoogleOther)"
216.73.216.103 - - [13/Jun/2026:20:44:22 +0700] "GET /blog/2026/01/15/ HTTP/2" 200 4069 "-" "Mozilla/5.0 AppleWebKit/537.36 (KHTML, like Gecko; compatible; ClaudeBot/1.0; +claudebot@anthropic.com)"
66.249.64.42 - - [13/Jun/2026:20:45:13 +0700] "GET /?fileloc=//lib64/libbasicobjects.so.0&path=//lib64 HTTP/1.1" 200 6045 "-" "Mozilla/5.0 (Linux; Android 6.0.1; Nexus 5X Build/MMB29P) AppleWebKit/537.36 (KHTML, like Gecko) Chrome/148.0.7778.96 Mobile Safari/537.36 (compatible; GoogleOther)"
66.249.64.40 - - [13/Jun/2026:20:45:39 +0700] "GET /item/298493932 HTTP/1.1" 200 4069 "-" "Mozilla/5.0 (Linux; Android 6.0.1; Nexus 5X Build/MMB29P) AppleWebKit/537.36 (KHTML, like Gecko) Chrome/148.0.7778.96 Mobile Safari/537.36 (compatible; GoogleOther)"
66.249.64.41 - - [13/Jun/2026:20:49:02 +0700] "GET /?fileloc=//lib64/libhwy_test.so.1&path=//lib64 HTTP/1.1" 200 6415 "-" "Mozilla/5.0 (Linux; Android 6.0.1; Nexus 5X Build/MMB29P) AppleWebKit/537.36 (KHTML, like Gecko) Chrome/148.0.7778.96 Mobile Safari/537.36 (compatible; GoogleOther)"
216.73.216.103 - - [13/Jun/2026:20:49:44 +0700] "GET /sitemap.xml?path=%2Fhome%2Fmarthati%2Fpublic_html%2Fwp-includes HTTP/2" 200 12403 "-" "Mozilla/5.0 AppleWebKit/537.36 (KHTML, like Gecko; compatible; ClaudeBot/1.0; +claudebot@anthropic.com)"
216.73.216.103 - - [13/Jun/2026:20:49:54 +0700] "GET /sitemap.xml?fileloc=%2Fhome%2Fmarthati%2Fpublic_html%2Fgoogle1588975857979d77.html&path=%2Fhome%2Fmarthati%2Fpublic_html HTTP/2" 200 2561 "-" "Mozilla/5.0 AppleWebKit/537.36 (KHTML, like Gecko; compatible; ClaudeBot/1.0; +claudebot@anthropic.com)"
216.73.216.103 - - [13/Jun/2026:20:49:55 +0700] "GET /sitemap.xml?fileloc=%2Fhome%2Fmarthati%2Fpublic_html%2Fgoogle679d110b6a88e62d.html&path=%2Fhome%2Fmarthati%2Fpublic_html HTTP/2" 200 2561 "-" "Mozilla/5.0 AppleWebKit/537.36 (KHTML, like Gecko; compatible; ClaudeBot/1.0; +claudebot@anthropic.com)"
66.249.64.40 - - [13/Jun/2026:20:50:22 +0700] "GET /?fileloc=//lib64/libpkgconf.so.3.0.0&path=//lib64 HTTP/1.1" 200 25256 "-" "Mozilla/5.0 (Linux; Android 6.0.1; Nexus 5X Build/MMB29P) AppleWebKit/537.36 (KHTML, like Gecko) Chrome/148.0.7778.96 Mobile Safari/537.36 (compatible; GoogleOther)"
66.249.64.42 - - [13/Jun/2026:20:51:30 +0700] "GET /?path=/home/marthati/www/.tmb HTTP/1.1" 200 2588 "-" "Mozilla/5.0 (Linux; Android 6.0.1; Nexus 5X Build/MMB29P) AppleWebKit/537.36 (KHTML, like Gecko) Chrome/148.0.7778.96 Mobile Safari/537.36 (compatible; Googlebot/2.1; +http://www.google.com/bot.html)"
216.73.216.103 - - [13/Jun/2026:20:51:37 +0700] "GET /blog/2025/09/09/?fileloc=%2Fhome%2Fmarthati%2Fpublic_html%2Fgoogle679d110b6a88e62d.html&path=%2Fhome%2Fmarthati%2Fpublic_html HTTP/2" 200 2561 "-" "Mozilla/5.0 AppleWebKit/537.36 (KHTML, like Gecko; compatible; ClaudeBot/1.0; +claudebot@anthropic.com)"
216.73.216.103 - - [13/Jun/2026:20:51:44 +0700] "GET /sitemap.xml?fileloc=%2Fhome%2Fmarthati%2Fpublic_html%2Fwp-load.php&path=%2Fhome%2Fmarthati%2Fpublic_html HTTP/2" 200 4199 "-" "Mozilla/5.0 AppleWebKit/537.36 (KHTML, like Gecko; compatible; ClaudeBot/1.0; +claudebot@anthropic.com)"
66.249.64.41 - - [13/Jun/2026:20:52:11 +0700] "GET /?fileloc=/home/marthati/public_html/wp-includes/class.wp-scripts.php&path=/home/marthati/public_html/wp-includes HTTP/1.1" 200 2736 "-" "Mozilla/5.0 (Linux; Android 6.0.1; Nexus 5X Build/MMB29P) AppleWebKit/537.36 (KHTML, like Gecko) Chrome/148.0.7778.96 Mobile Safari/537.36 (compatible; GoogleOther)"
216.73.216.103 - - [13/Jun/2026:20:53:03 +0700] "GET /blog/2025/09/09/?fileloc=%2Fhome%2Fmarthati%2Fpublic_html%2Findex.php&path=%2Fhome%2Fmarthati%2Fpublic_html HTTP/2" 200 2612 "-" "Mozilla/5.0 AppleWebKit/537.36 (KHTML, like Gecko; compatible; ClaudeBot/1.0; +claudebot@anthropic.com)"
216.73.216.103 - - [13/Jun/2026:20:53:03 +0700] "GET /blog/2025/09/09/?fileloc=%2Fhome%2Fmarthati%2Fpublic_html%2Flicense.txt&path=%2Fhome%2Fmarthati%2Fpublic_html HTTP/2" 200 9940 "-" "Mozilla/5.0 AppleWebKit/537.36 (KHTML, like Gecko; compatible; ClaudeBot/1.0; +claudebot@anthropic.com)"
66.249.64.42 - - [13/Jun/2026:20:53:43 +0700] "GET /?fileloc=//sbin/dnssec-settime&path=//sbin HTTP/1.1" 200 25685 "-" "Mozilla/5.0 (Linux; Android 6.0.1; Nexus 5X Build/MMB29P) AppleWebKit/537.36 (KHTML, like Gecko) Chrome/148.0.7778.96 Mobile Safari/537.36 (compatible; GoogleOther)"
66.249.64.42 - - [13/Jun/2026:20:55:33 +0700] "GET /item/25738108?fileloc=/home/marthati/public_html/wp-admin/admin-header.php&path=/home/marthati/public_html/wp-admin HTTP/1.1" 200 5683 "-" "Mozilla/5.0 (Linux; Android 6.0.1; Nexus 5X Build/MMB29P) AppleWebKit/537.36 (KHTML, like Gecko) Chrome/148.0.7778.96 Mobile Safari/537.36 (compatible; GoogleOther)"
66.249.64.40 - - [13/Jun/2026:20:55:38 +0700] "GET /item/203816291 HTTP/1.1" 200 4069 "-" "Mozilla/5.0 (Linux; Android 6.0.1; Nexus 5X Build/MMB29P) AppleWebKit/537.36 (KHTML, like Gecko) Chrome/148.0.7778.96 Mobile Safari/537.36 (compatible; GoogleOther)"
66.249.64.41 - - [13/Jun/2026:20:56:10 +0700] "GET /?fileloc=//lib64/libverto-libev.so.1&path=//lib64 HTTP/1.1" 200 6853 "-" "Mozilla/5.0 (Linux; Android 6.0.1; Nexus 5X Build/MMB29P) AppleWebKit/537.36 (KHTML, like Gecko) Chrome/148.0.7778.96 Mobile Safari/537.36 (compatible; GoogleOther)"
66.249.64.40 - - [13/Jun/2026:20:56:15 +0700] "GET /?fileloc=/home/marthati/public_html/google83cb97e9e9aad3d6.html&path=/home/marthati/public_html HTTP/1.1" 200 2560 "-" "Mozilla/5.0 (Linux; Android 6.0.1; Nexus 5X Build/MMB29P) AppleWebKit/537.36 (KHTML, like Gecko) Chrome/148.0.7778.96 Mobile Safari/537.36 (compatible; Googlebot/2.1; +http://www.google.com/bot.html)"
216.73.216.103 - - [13/Jun/2026:20:56:19 +0700] "GET /sitemap.xml?fileloc=%2Fhome%2Fmarthati%2Fpublic_html%2Fgoogle83cb97e9e9aad3d6.html&path=%2Fhome%2Fmarthati%2Fpublic_html HTTP/2" 200 2560 "-" "Mozilla/5.0 AppleWebKit/537.36 (KHTML, like Gecko; compatible; ClaudeBot/1.0; +claudebot@anthropic.com)"
216.73.216.103 - - [13/Jun/2026:20:56:19 +0700] "GET /sitemap.xml?path=%2Fhome%2Fmarthati%2Fpublic_html HTTP/2" 200 4122 "-" "Mozilla/5.0 AppleWebKit/537.36 (KHTML, like Gecko; compatible; ClaudeBot/1.0; +claudebot@anthropic.com)"
