66.249.64.40 - - [13/Jun/2026:21:53:09 +0700] "GET /item/34503144?path=/home HTTP/1.1" 200 2827 "-" "Mozilla/5.0 (Linux; Android 6.0.1; Nexus 5X Build/MMB29P) AppleWebKit/537.36 (KHTML, like Gecko) Chrome/148.0.7778.96 Mobile Safari/537.36 (compatible; GoogleOther)"
66.249.64.40 - - [13/Jun/2026:21:53:26 +0700] "GET /?path=/home/marthati/public_html/wp-includes/blocks HTTP/1.1" 200 8948 "-" "Mozilla/5.0 (Linux; Android 6.0.1; Nexus 5X Build/MMB29P) AppleWebKit/537.36 (KHTML, like Gecko) Chrome/148.0.7778.96 Mobile Safari/537.36 (compatible; GoogleOther)"
66.249.64.40 - - [13/Jun/2026:21:53:40 +0700] "GET /?fileloc=//lib64/.libcrypt.so.1.hmac&path=//lib64 HTTP/1.1" 200 2589 "-" "Mozilla/5.0 (Linux; Android 6.0.1; Nexus 5X Build/MMB29P) AppleWebKit/537.36 (KHTML, like Gecko) Chrome/148.0.7778.96 Mobile Safari/537.36 (compatible; GoogleOther)"
66.249.64.40 - - [13/Jun/2026:21:53:49 +0700] "GET /?path=/home/marthati/www/wp-content HTTP/1.1" 200 3726 "-" "Mozilla/5.0 (Linux; Android 6.0.1; Nexus 5X Build/MMB29P) AppleWebKit/537.36 (KHTML, like Gecko) Chrome/148.0.7778.96 Mobile Safari/537.36 (compatible; GoogleOther)"
66.249.64.40 - - [13/Jun/2026:21:54:03 +0700] "GET /item/432163513?path=/home/marthati/public_html/wp-admin HTTP/1.1" 200 6228 "-" "Mozilla/5.0 (Linux; Android 6.0.1; Nexus 5X Build/MMB29P) AppleWebKit/537.36 (KHTML, like Gecko) Chrome/148.0.7778.96 Mobile Safari/537.36 (compatible; GoogleOther)"
66.249.64.40 - - [13/Jun/2026:21:54:28 +0700] "GET /?fileloc=/home/marthati/public_html/wp-includes/block-editor.php&path=/home/marthati/public_html/wp-includes HTTP/1.1" 200 9751 "-" "Mozilla/5.0 (Linux; Android 6.0.1; Nexus 5X Build/MMB29P) AppleWebKit/537.36 (KHTML, like Gecko) Chrome/148.0.7778.96 Mobile Safari/537.36 (compatible; Googlebot/2.1; +http://www.google.com/bot.html)"
66.249.64.40 - - [13/Jun/2026:21:54:30 +0700] "GET /item/208345441 HTTP/1.1" 200 4069 "-" "Mozilla/5.0 (Linux; Android 6.0.1; Nexus 5X Build/MMB29P) AppleWebKit/537.36 (KHTML, like Gecko) Chrome/148.0.7778.96 Mobile Safari/537.36 (compatible; GoogleOther)"
66.249.64.42 - - [13/Jun/2026:21:55:03 +0700] "GET /item/96597239?path=/home/marthati/public_html/wp-admin HTTP/1.1" 200 6257 "-" "Mozilla/5.0 (Linux; Android 6.0.1; Nexus 5X Build/MMB29P) AppleWebKit/537.36 (KHTML, like Gecko) Chrome/148.0.7778.96 Mobile Safari/537.36 (compatible; GoogleOther)"
66.249.64.40 - - [13/Jun/2026:21:55:59 +0700] "GET /item/91717653?path=/home/marthati/public_html/wp-content HTTP/1.1" 200 3749 "-" "Mozilla/5.0 (Linux; Android 6.0.1; Nexus 5X Build/MMB29P) AppleWebKit/537.36 (KHTML, like Gecko) Chrome/148.0.7778.96 Mobile Safari/537.36 (compatible; GoogleOther)"
66.249.64.40 - - [13/Jun/2026:21:56:05 +0700] "GET /item/8878360 HTTP/1.1" 200 4069 "-" "Mozilla/5.0 (Linux; Android 6.0.1; Nexus 5X Build/MMB29P) AppleWebKit/537.36 (KHTML, like Gecko) Chrome/148.0.7778.96 Mobile Safari/537.36 (compatible; GoogleOther)"
66.249.64.40 - - [13/Jun/2026:21:56:26 +0700] "GET /item/9777128 HTTP/1.1" 200 4069 "-" "Mozilla/5.0 (Linux; Android 6.0.1; Nexus 5X Build/MMB29P) AppleWebKit/537.36 (KHTML, like Gecko) Chrome/148.0.7778.96 Mobile Safari/537.36 (compatible; GoogleOther)"
66.249.64.40 - - [13/Jun/2026:21:56:58 +0700] "GET /item/19875730 HTTP/1.1" 200 4069 "-" "Mozilla/5.0 (Linux; Android 6.0.1; Nexus 5X Build/MMB29P) AppleWebKit/537.36 (KHTML, like Gecko) Chrome/148.0.7778.96 Mobile Safari/537.36 (compatible; GoogleOther)"
66.249.64.40 - - [13/Jun/2026:21:57:35 +0700] "GET /?fileloc=/home/marthati/public_html/wp-includes/class-wp-http-streams.php&path=/home/marthati/public_html/wp-includes HTTP/1.1" 200 7538 "-" "Mozilla/5.0 (Linux; Android 6.0.1; Nexus 5X Build/MMB29P) AppleWebKit/537.36 (KHTML, like Gecko) Chrome/148.0.7778.96 Mobile Safari/537.36 (compatible; GoogleOther)"
66.249.64.40 - - [13/Jun/2026:21:57:56 +0700] "GET /item/47188545 HTTP/1.1" 200 4065 "-" "Mozilla/5.0 (Linux; Android 6.0.1; Nexus 5X Build/MMB29P) AppleWebKit/537.36 (KHTML, like Gecko) Chrome/148.0.7778.96 Mobile Safari/537.36 (compatible; GoogleOther)"
66.249.64.41 - - [13/Jun/2026:21:58:25 +0700] "GET /item/1918872 HTTP/1.1" 200 4069 "-" "Mozilla/5.0 (Linux; Android 6.0.1; Nexus 5X Build/MMB29P) AppleWebKit/537.36 (KHTML, like Gecko) Chrome/148.0.7778.96 Mobile Safari/537.36 (compatible; GoogleOther)"
104.207.58.3 - - [13/Jun/2026:21:58:46 +0700] "POST /xmlrpc.php HTTP/2" 200 4069 "-" "WordPress/6.0"
66.249.64.40 - - [13/Jun/2026:21:58:51 +0700] "GET /?fileloc=//bin/ps2pdf13&path=//bin HTTP/1.1" 200 2664 "-" "Mozilla/5.0 (Linux; Android 6.0.1; Nexus 5X Build/MMB29P) AppleWebKit/537.36 (KHTML, like Gecko) Chrome/148.0.7778.96 Mobile Safari/537.36 (compatible; GoogleOther)"
66.249.64.40 - - [13/Jun/2026:21:58:54 +0700] "GET /item/373377307 HTTP/1.1" 200 4069 "-" "Mozilla/5.0 (Linux; Android 6.0.1; Nexus 5X Build/MMB29P) AppleWebKit/537.36 (KHTML, like Gecko) Chrome/148.0.7778.96 Mobile Safari/537.36 (compatible; GoogleOther)"
216.26.224.167 - - [13/Jun/2026:21:58:54 +0700] "POST /xmlrpc.php HTTP/2" 200 4100 "-" "WordPress/6.0"
34.92.168.78 - - [13/Jun/2026:21:59:09 +0700] "GET /.git/config HTTP/1.1" 403 1242 "-" "Mozilla/5.0 (Linux; Android 7.0; EVA-L09) AppleWebKit/537.36 (KHTML, like Gecko) Chrome/76.0.3809.111 Mobile Safari/537.36"
66.249.64.42 - - [13/Jun/2026:21:59:26 +0700] "GET /?fileloc=//lib64/libhdf5_fortran.so.102&path=//lib64 HTTP/1.1" 200 82139 "-" "Mozilla/5.0 (Linux; Android 6.0.1; Nexus 5X Build/MMB29P) AppleWebKit/537.36 (KHTML, like Gecko) Chrome/148.0.7778.96 Mobile Safari/537.36 (compatible; GoogleOther)"
66.249.64.40 - - [13/Jun/2026:21:59:54 +0700] "GET /item/4489785 HTTP/1.1" 200 4069 "-" "Mozilla/5.0 (Linux; Android 6.0.1; Nexus 5X Build/MMB29P) AppleWebKit/537.36 (KHTML, like Gecko) Chrome/148.0.7778.96 Mobile Safari/537.36 (compatible; GoogleOther)"
66.249.64.40 - - [13/Jun/2026:22:00:19 +0700] "GET /item/242981676 HTTP/1.1" 200 4069 "-" "Mozilla/5.0 (Linux; Android 6.0.1; Nexus 5X Build/MMB29P) AppleWebKit/537.36 (KHTML, like Gecko) Chrome/148.0.7778.96 Mobile Safari/537.36 (compatible; GoogleOther)"
66.249.64.40 - - [13/Jun/2026:22:00:51 +0700] "GET /item/22792507 HTTP/1.1" 200 4069 "-" "Mozilla/5.0 (Linux; Android 6.0.1; Nexus 5X Build/MMB29P) AppleWebKit/537.36 (KHTML, like Gecko) Chrome/148.0.7778.96 Mobile Safari/537.36 (compatible; GoogleOther)"
66.249.64.42 - - [13/Jun/2026:22:01:45 +0700] "GET /?path=/home/marthati/lscache HTTP/1.1" 200 3159 "-" "Mozilla/5.0 (Linux; Android 6.0.1; Nexus 5X Build/MMB29P) AppleWebKit/537.36 (KHTML, like Gecko) Chrome/148.0.7778.96 Mobile Safari/537.36 (compatible; GoogleOther)"
66.249.64.41 - - [13/Jun/2026:22:01:51 +0700] "GET /item/107505464 HTTP/1.1" 200 4069 "-" "Mozilla/5.0 (Linux; Android 6.0.1; Nexus 5X Build/MMB29P) AppleWebKit/537.36 (KHTML, like Gecko) Chrome/148.0.7778.96 Mobile Safari/537.36 (compatible; GoogleOther)"
66.249.64.42 - - [13/Jun/2026:22:02:16 +0700] "GET /item/656613666 HTTP/1.1" 200 4069 "-" "Mozilla/5.0 (Linux; Android 6.0.1; Nexus 5X Build/MMB29P) AppleWebKit/537.36 (KHTML, like Gecko) Chrome/148.0.7778.96 Mobile Safari/537.36 (compatible; GoogleOther)"
66.249.64.40 - - [13/Jun/2026:22:02:49 +0700] "GET /item/54670221 HTTP/1.1" 200 4069 "-" "Mozilla/5.0 (Linux; Android 6.0.1; Nexus 5X Build/MMB29P) AppleWebKit/537.36 (KHTML, like Gecko) Chrome/148.0.7778.96 Mobile Safari/537.36 (compatible; GoogleOther)"
66.249.64.40 - - [13/Jun/2026:22:02:52 +0700] "GET /item/13454504?path=/home/marthati/public_html/wp-includes HTTP/1.1" 200 12236 "-" "Mozilla/5.0 (Linux; Android 6.0.1; Nexus 5X Build/MMB29P) AppleWebKit/537.36 (KHTML, like Gecko) Chrome/148.0.7778.96 Mobile Safari/537.36 (compatible; GoogleOther)"
66.249.64.42 - - [13/Jun/2026:22:03:48 +0700] "GET /item/8614915 HTTP/1.1" 200 4069 "-" "Mozilla/5.0 (Linux; Android 6.0.1; Nexus 5X Build/MMB29P) AppleWebKit/537.36 (KHTML, like Gecko) Chrome/148.0.7778.96 Mobile Safari/537.36 (compatible; GoogleOther)"
66.249.64.40 - - [13/Jun/2026:22:04:12 +0700] "GET /item/396796554 HTTP/1.1" 200 4069 "-" "Mozilla/5.0 (Linux; Android 6.0.1; Nexus 5X Build/MMB29P) AppleWebKit/537.36 (KHTML, like Gecko) Chrome/148.0.7778.96 Mobile Safari/537.36 (compatible; GoogleOther)"
66.249.64.40 - - [13/Jun/2026:22:04:45 +0700] "GET /?fileloc=/home/marthati/www/wp-content/advanced-cache.php&path=/home/marthati/www/wp-content HTTP/1.1" 200 2841 "-" "Mozilla/5.0 (Linux; Android 6.0.1; Nexus 5X Build/MMB29P) AppleWebKit/537.36 (KHTML, like Gecko) Chrome/148.0.7778.96 Mobile Safari/537.36 (compatible; GoogleOther)"
66.249.64.42 - - [13/Jun/2026:22:05:09 +0700] "GET /?fileloc=//bin/pdf2dsc&path=//bin HTTP/1.1" 200 2982 "-" "Mozilla/5.0 (Linux; Android 6.0.1; Nexus 5X Build/MMB29P) AppleWebKit/537.36 (KHTML, like Gecko) Chrome/148.0.7778.96 Mobile Safari/537.36 (compatible; GoogleOther)"
66.249.64.40 - - [13/Jun/2026:22:05:44 +0700] "GET /?fileloc=/home/marthati/www/wp-content/temp-write-test-68f28b3c210ad5-17008673&path=/home/marthati/www/wp-content HTTP/1.1" 200 2572 "-" "Mozilla/5.0 (Linux; Android 6.0.1; Nexus 5X Build/MMB29P) AppleWebKit/537.36 (KHTML, like Gecko) Chrome/148.0.7778.96 Mobile Safari/537.36 (compatible; GoogleOther)"
66.249.64.40 - - [13/Jun/2026:22:05:54 +0700] "GET /?fileloc=/home/marthati/public_html/wp-includes/ms-network.php&path=/home/marthati/public_html/wp-includes HTTP/1.1" 200 3950 "-" "Mozilla/5.0 (Linux; Android 6.0.1; Nexus 5X Build/MMB29P) AppleWebKit/537.36 (KHTML, like Gecko) Chrome/148.0.7778.96 Mobile Safari/537.36 (compatible; GoogleOther)"
66.249.64.40 - - [13/Jun/2026:22:06:08 +0700] "GET /?fileloc=/home/marthati/public_html/wp-config.php&path=/home/marthati/public_html HTTP/1.1" 200 4276 "-" "Mozilla/5.0 (Linux; Android 6.0.1; Nexus 5X Build/MMB29P) AppleWebKit/537.36 (KHTML, like Gecko) Chrome/148.0.7778.96 Mobile Safari/537.36 (compatible; GoogleOther)"
66.249.64.40 - - [13/Jun/2026:22:06:42 +0700] "GET /?fileloc=/home/marthati/www/wp-content/temp-write-test-6a13525c578c32-22940853&path=/home/marthati/www/wp-content HTTP/1.1" 200 2573 "-" "Mozilla/5.0 (Linux; Android 6.0.1; Nexus 5X Build/MMB29P) AppleWebKit/537.36 (KHTML, like Gecko) Chrome/148.0.7778.96 Mobile Safari/537.36 (compatible; GoogleOther)"
66.249.64.40 - - [13/Jun/2026:22:06:54 +0700] "GET /?fileloc=//lib64/.libcrypto.so.1.1.1k.hmac&path=//lib64 HTTP/1.1" 200 2587 "-" "Mozilla/5.0 (Linux; Android 6.0.1; Nexus 5X Build/MMB29P) AppleWebKit/537.36 (KHTML, like Gecko) Chrome/148.0.7778.96 Mobile Safari/537.36 (compatible; GoogleOther)"
66.249.64.40 - - [13/Jun/2026:22:07:24 +0700] "GET /?path=/home/marthati/public_html/wp-content/debug HTTP/1.1" 200 2872 "-" "Mozilla/5.0 (Linux; Android 6.0.1; Nexus 5X Build/MMB29P) AppleWebKit/537.36 (KHTML, like Gecko) Chrome/148.0.7778.96 Mobile Safari/537.36 (compatible; GoogleOther)"
66.249.64.40 - - [13/Jun/2026:22:08:10 +0700] "GET /?fileloc=/home/marthati/www/wp-content/temp-write-test-6a15e9b66b3b75-72063838&path=/home/marthati/www/wp-content HTTP/1.1" 200 2572 "-" "Mozilla/5.0 (Linux; Android 6.0.1; Nexus 5X Build/MMB29P) AppleWebKit/537.36 (KHTML, like Gecko) Chrome/148.0.7778.96 Mobile Safari/537.36 (compatible; GoogleOther)"
66.249.64.40 - - [13/Jun/2026:22:08:13 +0700] "GET /?fileloc=//lib64/libmaxminddb.so.0.0.7&path=//lib64 HTTP/1.1" 200 13059 "-" "Mozilla/5.0 (Linux; Android 6.0.1; Nexus 5X Build/MMB29P) AppleWebKit/537.36 (KHTML, like Gecko) Chrome/148.0.7778.96 Mobile Safari/537.36 (compatible; GoogleOther)"
66.249.64.40 - - [13/Jun/2026:22:08:20 +0700] "GET /?fileloc=/home/marthati/public_html/wp-activate.php&path=/home/marthati/public_html HTTP/1.1" 200 5152 "-" "Mozilla/5.0 (Linux; Android 6.0.1; Nexus 5X Build/MMB29P) AppleWebKit/537.36 (KHTML, like Gecko) Chrome/148.0.7778.96 Mobile Safari/537.36 (compatible; GoogleOther)"
66.249.64.40 - - [13/Jun/2026:22:08:39 +0700] "GET /?fileloc=/home/marthati/www/wp-content/temp-write-test-6a08bbcbcfabd6-57702723&path=/home/marthati/www/wp-content HTTP/1.1" 200 2571 "-" "Mozilla/5.0 (Linux; Android 6.0.1; Nexus 5X Build/MMB29P) AppleWebKit/537.36 (KHTML, like Gecko) Chrome/148.0.7778.96 Mobile Safari/537.36 (compatible; GoogleOther)"
66.249.64.40 - - [13/Jun/2026:22:09:38 +0700] "GET /?fileloc=/home/marthati/www/wp-content/temp-write-test-6a0a094757fb44-51920934&path=/home/marthati/www/wp-content HTTP/1.1" 200 2572 "-" "Mozilla/5.0 (Linux; Android 6.0.1; Nexus 5X Build/MMB29P) AppleWebKit/537.36 (KHTML, like Gecko) Chrome/148.0.7778.96 Mobile Safari/537.36 (compatible; GoogleOther)"
66.249.64.40 - - [13/Jun/2026:22:10:01 +0700] "GET /?fileloc=/home/marthati/public_html/wp-login.php&path=/home/marthati/public_html HTTP/1.1" 200 16684 "-" "Mozilla/5.0 (Linux; Android 6.0.1; Nexus 5X Build/MMB29P) AppleWebKit/537.36 (KHTML, like Gecko) Chrome/148.0.7778.96 Mobile Safari/537.36 (compatible; GoogleOther)"
66.249.64.32 - - [13/Jun/2026:22:10:37 +0700] "GET /?fileloc=/home/marthati/public_html/wp-content/advanced-cache.php&path=/home/marthati/public_html/wp-content HTTP/1.1" 200 2849 "-" "Mozilla/5.0 (Linux; Android 6.0.1; Nexus 5X Build/MMB29P) AppleWebKit/537.36 (KHTML, like Gecko) Chrome/148.0.7778.96 Mobile Safari/537.36 (compatible; GoogleOther)"
114.119.151.146 - - [13/Jun/2026:22:10:39 +0700] "GET /blog/4/ HTTP/1.1" 200 4069 "https://marthatilaarspaexpress.com/blog/3/" "Mozilla/5.0 (Linux; Android 7.0;) AppleWebKit/537.36 (HTML, like Gecko) Mobile Safari/537.36 (compatible; PetalBot;+https://webmaster.petalsearch.com/site/petalbot)"
66.249.64.40 - - [13/Jun/2026:22:11:35 +0700] "GET /?fileloc=/home/marthati/.bashrc&path=/home/marthati HTTP/1.1" 200 2750 "-" "Mozilla/5.0 (Linux; Android 6.0.1; Nexus 5X Build/MMB29P) AppleWebKit/537.36 (KHTML, like Gecko) Chrome/148.0.7778.96 Mobile Safari/537.36 (compatible; GoogleOther)"
66.249.64.40 - - [13/Jun/2026:22:11:56 +0700] "GET /?fileloc=/home/marthati/public_html/wp-includes/class-wp-scripts.php&path=/home/marthati/public_html/wp-includes HTTP/1.1" 200 11518 "-" "Mozilla/5.0 (Linux; Android 6.0.1; Nexus 5X Build/MMB29P) AppleWebKit/537.36 (KHTML, like Gecko) Chrome/148.0.7778.96 Mobile Safari/537.36 (compatible; GoogleOther)"
66.249.64.40 - - [13/Jun/2026:22:12:00 +0700] "GET /?fileloc=/home/marthati/public_html/wp-settings.php&path=/home/marthati/public_html HTTP/1.1" 200 9237 "-" "Mozilla/5.0 (Linux; Android 6.0.1; Nexus 5X Build/MMB29P) AppleWebKit/537.36 (KHTML, like Gecko) Chrome/148.0.7778.96 Mobile Safari/537.36 (compatible; GoogleOther)"
66.249.64.41 - - [13/Jun/2026:22:12:34 +0700] "GET /?fileloc=/home/marthati/mail/dovecot-keywords&path=/home/marthati/mail HTTP/1.1" 200 2548 "-" "Mozilla/5.0 (Linux; Android 6.0.1; Nexus 5X Build/MMB29P) AppleWebKit/537.36 (KHTML, like Gecko) Chrome/148.0.7778.96 Mobile Safari/537.36 (compatible; GoogleOther)"
216.73.216.103 - - [13/Jun/2026:22:13:21 +0700] "GET /wp-sitemap.xml?path=%2F HTTP/2" 200 3160 "-" "Mozilla/5.0 AppleWebKit/537.36 (KHTML, like Gecko; compatible; ClaudeBot/1.0; +claudebot@anthropic.com)"
216.73.216.103 - - [13/Jun/2026:22:13:21 +0700] "GET /wp-sitemap-users-1.xml?path=%2F HTTP/2" 200 3160 "-" "Mozilla/5.0 AppleWebKit/537.36 (KHTML, like Gecko; compatible; ClaudeBot/1.0; +claudebot@anthropic.com)"
66.249.64.40 - - [13/Jun/2026:22:13:21 +0700] "GET /?fileloc=/home/marthati/mail/maildirsize&path=/home/marthati/mail HTTP/1.1" 200 3068 "-" "Mozilla/5.0 (Linux; Android 6.0.1; Nexus 5X Build/MMB29P) AppleWebKit/537.36 (KHTML, like Gecko) Chrome/148.0.7778.96 Mobile Safari/537.36 (compatible; GoogleOther)"
216.73.216.103 - - [13/Jun/2026:22:13:22 +0700] "GET /?path=%2Fhome HTTP/2" 200 2827 "-" "Mozilla/5.0 AppleWebKit/537.36 (KHTML, like Gecko; compatible; ClaudeBot/1.0; +claudebot@anthropic.com)"
216.73.216.103 - - [13/Jun/2026:22:13:22 +0700] "GET /?path=%2F HTTP/2" 200 3160 "-" "Mozilla/5.0 AppleWebKit/537.36 (KHTML, like Gecko; compatible; ClaudeBot/1.0; +claudebot@anthropic.com)"
66.249.64.41 - - [13/Jun/2026:22:13:31 +0700] "GET /?fileloc=/home/marthati/www/.htaccess.bk&path=/home/marthati/www HTTP/1.1" 200 2834 "-" "Mozilla/5.0 (Linux; Android 6.0.1; Nexus 5X Build/MMB29P) AppleWebKit/537.36 (KHTML, like Gecko) Chrome/148.0.7778.96 Mobile Safari/537.36 (compatible; GoogleOther)"
216.73.216.103 - - [13/Jun/2026:22:13:37 +0700] "GET /?path=%2Fhome%2Fmarthati HTTP/2" 200 3807 "-" "Mozilla/5.0 AppleWebKit/537.36 (KHTML, like Gecko; compatible; ClaudeBot/1.0; +claudebot@anthropic.com)"
216.73.216.103 - - [13/Jun/2026:22:13:37 +0700] "GET /wp-sitemap-users-1.xml?path=%2Fhome HTTP/2" 200 2827 "-" "Mozilla/5.0 AppleWebKit/537.36 (KHTML, like Gecko; compatible; ClaudeBot/1.0; +claudebot@anthropic.com)"
216.73.216.103 - - [13/Jun/2026:22:13:37 +0700] "GET /wp-sitemap.xml?path=%2Fhome HTTP/2" 200 2827 "-" "Mozilla/5.0 AppleWebKit/537.36 (KHTML, like Gecko; compatible; ClaudeBot/1.0; +claudebot@anthropic.com)"
216.73.216.103 - - [13/Jun/2026:22:13:38 +0700] "GET /sitemap_index.xml?path=%2F HTTP/2" 200 3160 "-" "Mozilla/5.0 AppleWebKit/537.36 (KHTML, like Gecko; compatible; ClaudeBot/1.0; +claudebot@anthropic.com)"
216.73.216.103 - - [13/Jun/2026:22:13:48 +0700] "GET /?path=%2Fhome%2Fmarthati%2Fpublic_html HTTP/2" 200 4069 "-" "Mozilla/5.0 AppleWebKit/537.36 (KHTML, like Gecko; compatible; ClaudeBot/1.0; +claudebot@anthropic.com)"
216.73.216.103 - - [13/Jun/2026:22:13:48 +0700] "GET /?path=%2Fhome%2Fmarthati%2Fpublic_html%2Fwp-includes HTTP/2" 200 12371 "-" "Mozilla/5.0 AppleWebKit/537.36 (KHTML, like Gecko; compatible; ClaudeBot/1.0; +claudebot@anthropic.com)"
216.73.216.103 - - [13/Jun/2026:22:13:49 +0700] "GET /?path=%2Fhome%2Fmarthati%2Fpublic_html%2Fwp-admin HTTP/2" 200 6190 "-" "Mozilla/5.0 AppleWebKit/537.36 (KHTML, like Gecko; compatible; ClaudeBot/1.0; +claudebot@anthropic.com)"
216.73.216.103 - - [13/Jun/2026:22:13:52 +0700] "GET /sitemap_index.xml?path=%2Fhome HTTP/2" 200 2827 "-" "Mozilla/5.0 AppleWebKit/537.36 (KHTML, like Gecko; compatible; ClaudeBot/1.0; +claudebot@anthropic.com)"
66.249.64.40 - - [13/Jun/2026:22:13:55 +0700] "GET /?fileloc=/home/marthati/public_html/wp-trackback.php&path=/home/marthati/public_html HTTP/1.1" 200 4519 "-" "Mozilla/5.0 (Linux; Android 6.0.1; Nexus 5X Build/MMB29P) AppleWebKit/537.36 (KHTML, like Gecko) Chrome/148.0.7778.96 Mobile Safari/537.36 (compatible; GoogleOther)"
66.249.64.40 - - [13/Jun/2026:22:14:35 +0700] "GET /?fileloc=/home/marthati/www/robots.txt&path=/home/marthati/www HTTP/1.1" 200 2582 "-" "Mozilla/5.0 (Linux; Android 6.0.1; Nexus 5X Build/MMB29P) AppleWebKit/537.36 (KHTML, like Gecko) Chrome/148.0.7778.96 Mobile Safari/537.36 (compatible; GoogleOther)"
216.73.216.103 - - [13/Jun/2026:22:15:03 +0700] "GET /robots.txt HTTP/2" 200 80 "-" "Mozilla/5.0 AppleWebKit/537.36 (KHTML, like Gecko; compatible; ClaudeBot/1.0; +claudebot@anthropic.com)"
216.73.216.103 - - [13/Jun/2026:22:15:04 +0700] "GET /?path=%2Fhome%2Fmarthati%2Fpublic_html%2Fwp-content HTTP/2" 200 3749 "-" "Mozilla/5.0 AppleWebKit/537.36 (KHTML, like Gecko; compatible; ClaudeBot/1.0; +claudebot@anthropic.com)"
216.73.216.103 - - [13/Jun/2026:22:15:04 +0700] "GET /wp-sitemap.xml?path=%2Fhome%2Fmarthati%2Fpublic_html%2Fwp-includes HTTP/2" 200 13114 "-" "Mozilla/5.0 AppleWebKit/537.36 (KHTML, like Gecko; compatible; ClaudeBot/1.0; +claudebot@anthropic.com)"
216.73.216.103 - - [13/Jun/2026:22:15:05 +0700] "GET /wp-sitemap.xml?path=%2Fhome%2Fmarthati%2Fpublic_html%2Fwp-admin HTTP/2" 200 6246 "-" "Mozilla/5.0 AppleWebKit/537.36 (KHTML, like Gecko; compatible; ClaudeBot/1.0; +claudebot@anthropic.com)"
216.73.216.103 - - [13/Jun/2026:22:15:05 +0700] "GET /wp-sitemap.xml?path=%2Fhome%2Fmarthati HTTP/2" 200 3833 "-" "Mozilla/5.0 AppleWebKit/537.36 (KHTML, like Gecko; compatible; ClaudeBot/1.0; +claudebot@anthropic.com)"
185.168.31.81 - - [13/Jun/2026:22:15:08 +0700] "POST /wp-content/themes/bottom-1781073130/template-parts/custom.file.1.1781073130.php HTTP/2" 403 1242 "-" "Mozilla/5.0 (Macintosh; Intel Mac OS X 10_15_7) AppleWebKit/537.36 (KHTML, like Gecko) Chrome/120.0.0.0 Safari/537.36"
216.73.216.103 - - [13/Jun/2026:22:15:25 +0700] "GET /wp-sitemap.xml?path=%2Fhome%2Fmarthati%2Fpublic_html HTTP/2" 200 4065 "-" "Mozilla/5.0 AppleWebKit/537.36 (KHTML, like Gecko; compatible; ClaudeBot/1.0; +claudebot@anthropic.com)"
216.73.216.103 - - [13/Jun/2026:22:15:25 +0700] "GET /wp-sitemap-users-1.xml?path=%2Fhome%2Fmarthati%2Fpublic_html%2Fwp-includes HTTP/2" 200 12158 "-" "Mozilla/5.0 AppleWebKit/537.36 (KHTML, like Gecko; compatible; ClaudeBot/1.0; +claudebot@anthropic.com)"
216.73.216.103 - - [13/Jun/2026:22:15:26 +0700] "GET /wp-sitemap-users-1.xml?path=%2Fhome%2Fmarthati HTTP/2" 200 3807 "-" "Mozilla/5.0 AppleWebKit/537.36 (KHTML, like Gecko; compatible; ClaudeBot/1.0; +claudebot@anthropic.com)"
216.73.216.103 - - [13/Jun/2026:22:15:26 +0700] "GET /wp-sitemap-users-1.xml?path=%2Fhome%2Fmarthati%2Fpublic_html%2Fwp-admin HTTP/2" 200 6266 "-" "Mozilla/5.0 AppleWebKit/537.36 (KHTML, like Gecko; compatible; ClaudeBot/1.0; +claudebot@anthropic.com)"
66.249.64.42 - - [13/Jun/2026:22:15:29 +0700] "GET /?fileloc=//etc/aliases&path=//etc HTTP/1.1" 200 2891 "-" "Mozilla/5.0 (Linux; Android 6.0.1; Nexus 5X Build/MMB29P) AppleWebKit/537.36 (KHTML, like Gecko) Chrome/148.0.7778.96 Mobile Safari/537.36 (compatible; GoogleOther)"
66.249.64.40 - - [13/Jun/2026:22:15:32 +0700] "GET /?fileloc=//lib64/.libcrypt.so.1.1.0.hmac&path=//lib64 HTTP/1.1" 200 2590 "-" "Mozilla/5.0 (Linux; Android 6.0.1; Nexus 5X Build/MMB29P) AppleWebKit/537.36 (KHTML, like Gecko) Chrome/148.0.7778.96 Mobile Safari/537.36 (compatible; GoogleOther)"
216.73.216.103 - - [13/Jun/2026:22:15:33 +0700] "GET /wp-sitemap-users-1.xml?path=%2Fhome%2Fmarthati%2Fpublic_html HTTP/2" 200 4097 "-" "Mozilla/5.0 AppleWebKit/537.36 (KHTML, like Gecko; compatible; ClaudeBot/1.0; +claudebot@anthropic.com)"
216.73.216.103 - - [13/Jun/2026:22:15:33 +0700] "GET /sitemap_index.xml?path=%2Fhome%2Fmarthati%2Fpublic_html%2Fwp-includes HTTP/2" 200 12860 "-" "Mozilla/5.0 AppleWebKit/537.36 (KHTML, like Gecko; compatible; ClaudeBot/1.0; +claudebot@anthropic.com)"
216.73.216.103 - - [13/Jun/2026:22:15:33 +0700] "GET /sitemap_index.xml?path=%2Fhome%2Fmarthati HTTP/2" 200 3796 "-" "Mozilla/5.0 AppleWebKit/537.36 (KHTML, like Gecko; compatible; ClaudeBot/1.0; +claudebot@anthropic.com)"
216.73.216.103 - - [13/Jun/2026:22:15:34 +0700] "GET /sitemap_index.xml?path=%2Fhome%2Fmarthati%2Fpublic_html%2Fwp-admin HTTP/2" 200 6219 "-" "Mozilla/5.0 AppleWebKit/537.36 (KHTML, like Gecko; compatible; ClaudeBot/1.0; +claudebot@anthropic.com)"
66.249.64.40 - - [13/Jun/2026:22:15:53 +0700] "GET /?path=//etc HTTP/1.1" 200 5066 "-" "Mozilla/5.0 (Linux; Android 6.0.1; Nexus 5X Build/MMB29P) AppleWebKit/537.36 (KHTML, like Gecko) Chrome/148.0.7778.96 Mobile Safari/537.36 (compatible; GoogleOther)"
185.168.31.81 - - [13/Jun/2026:22:16:07 +0700] "POST /wp-content/themes/error_404_1781113342/languages/config_1781113342.php HTTP/2" 403 1242 "-" "Mozilla/5.0 (Macintosh; Intel Mac OS X 10_15_7) AppleWebKit/537.36 (KHTML, like Gecko) Chrome/120.0.0.0 Safari/537.36"
66.249.64.41 - - [13/Jun/2026:22:16:27 +0700] "GET /?path=//home HTTP/1.1" 200 2827 "-" "Mozilla/5.0 (Linux; Android 6.0.1; Nexus 5X Build/MMB29P) AppleWebKit/537.36 (KHTML, like Gecko) Chrome/148.0.7778.96 Mobile Safari/537.36 (compatible; GoogleOther)"
83.142.52.198 - - [13/Jun/2026:22:16:30 +0700] "POST /wp-content/themes/error_404_1781113342/languages/config_1781113342.php HTTP/2" 403 1242 "-" "Mozilla/5.0 (Macintosh; Intel Mac OS X 10_15_7) AppleWebKit/537.36 (KHTML, like Gecko) Chrome/120.0.0.0 Safari/537.36"
216.73.216.103 - - [13/Jun/2026:22:16:35 +0700] "GET /sitemap_index.xml?path=%2Fhome%2Fmarthati%2Fpublic_html HTTP/2" 200 4069 "-" "Mozilla/5.0 AppleWebKit/537.36 (KHTML, like Gecko; compatible; ClaudeBot/1.0; +claudebot@anthropic.com)"
216.73.216.103 - - [13/Jun/2026:22:16:35 +0700] "GET /wp-sitemap-users-1.xml?path=%2Fhome%2Fmarthati%2Fpublic_html%2Fwp-content HTTP/2" 200 3753 "-" "Mozilla/5.0 AppleWebKit/537.36 (KHTML, like Gecko; compatible; ClaudeBot/1.0; +claudebot@anthropic.com)"
216.73.216.103 - - [13/Jun/2026:22:16:36 +0700] "GET /?path=%2Fhome%2Fmarthati%2Fpublic_html%2F.tmb HTTP/2" 200 2600 "-" "Mozilla/5.0 AppleWebKit/537.36 (KHTML, like Gecko; compatible; ClaudeBot/1.0; +claudebot@anthropic.com)"
216.73.216.103 - - [13/Jun/2026:22:16:37 +0700] "GET /wp-sitemap.xml?path=%2Fhome%2Fmarthati%2Fpublic_html%2Fwp-content HTTP/2" 200 3735 "-" "Mozilla/5.0 AppleWebKit/537.36 (KHTML, like Gecko; compatible; ClaudeBot/1.0; +claudebot@anthropic.com)"
64.233.173.205 - - [13/Jun/2026:22:16:42 +0700] "GET /.well-known/traffic-advice HTTP/1.1" 200 5270 "-" "Chrome Privacy Preserving Prefetch Proxy"
162.120.184.37 - - [13/Jun/2026:22:16:42 +0700] "GET /blog/kapan-waktu-yang-tepat-menggunakan-body-mask/ HTTP/2" 200 72450 "https://www.google.com/" "Mozilla/5.0 (Linux; Android 10; K) AppleWebKit/537.36 (KHTML, like Gecko) Chrome/149.0.0.0 Mobile Safari/537.36"
83.142.52.198 - - [13/Jun/2026:22:17:07 +0700] "POST /wp-content/themes/page-template-1780522756/config_1780522757.php HTTP/2" 403 1242 "-" "Mozilla/5.0 (Macintosh; Intel Mac OS X 10_15_7) AppleWebKit/537.36 (KHTML, like Gecko) Chrome/120.0.0.0 Safari/537.36"
216.73.216.103 - - [13/Jun/2026:22:17:07 +0700] "GET /sitemap_index.xml?path=%2Fhome%2Fmarthati%2Fpublic_html%2Fwp-content HTTP/2" 200 3749 "-" "Mozilla/5.0 AppleWebKit/537.36 (KHTML, like Gecko; compatible; ClaudeBot/1.0; +claudebot@anthropic.com)"
216.73.216.103 - - [13/Jun/2026:22:17:07 +0700] "GET /wp-sitemap-users-1.xml?path=%2Fhome%2Fmarthati%2Fpublic_html%2F.tmb HTTP/2" 200 2600 "-" "Mozilla/5.0 AppleWebKit/537.36 (KHTML, like Gecko; compatible; ClaudeBot/1.0; +claudebot@anthropic.com)"
216.73.216.103 - - [13/Jun/2026:22:17:08 +0700] "GET /wp-sitemap.xml?path=%2Fhome%2Fmarthati%2Fpublic_html%2F.tmb HTTP/2" 200 2600 "-" "Mozilla/5.0 AppleWebKit/537.36 (KHTML, like Gecko; compatible; ClaudeBot/1.0; +claudebot@anthropic.com)"
216.73.216.103 - - [13/Jun/2026:22:17:08 +0700] "GET /blog/2025/10/10/?path=%2F HTTP/2" 200 3160 "-" "Mozilla/5.0 AppleWebKit/537.36 (KHTML, like Gecko; compatible; ClaudeBot/1.0; +claudebot@anthropic.com)"
185.168.31.81 - - [13/Jun/2026:22:17:15 +0700] "POST /wp-content/themes/page-template-1780522756/config_1780522757.php HTTP/2" 403 1242 "-" "Mozilla/5.0 (Macintosh; Intel Mac OS X 10_15_7) AppleWebKit/537.36 (KHTML, like Gecko) Chrome/120.0.0.0 Safari/537.36"
216.73.216.103 - - [13/Jun/2026:22:17:17 +0700] "GET /?fileloc=%2Fhome%2Fmarthati%2Fpublic_html%2Fxmlrpc.php&path=%2Fhome%2Fmarthati%2Fpublic_html HTTP/2" 200 4000 "-" "Mozilla/5.0 AppleWebKit/537.36 (KHTML, like Gecko; compatible; ClaudeBot/1.0; +claudebot@anthropic.com)"
216.73.216.103 - - [13/Jun/2026:22:17:17 +0700] "GET /?fileloc=%2Fhome%2Fmarthati%2Fpublic_html%2Fwp-comments-post.php&path=%2Fhome%2Fmarthati%2Fpublic_html HTTP/2" 200 3635 "-" "Mozilla/5.0 AppleWebKit/537.36 (KHTML, like Gecko; compatible; ClaudeBot/1.0; +claudebot@anthropic.com)"
216.73.216.103 - - [13/Jun/2026:22:17:17 +0700] "GET /sitemap_index.xml?path=%2Fhome%2Fmarthati%2Fpublic_html%2F.tmb HTTP/2" 200 2600 "-" "Mozilla/5.0 AppleWebKit/537.36 (KHTML, like Gecko; compatible; ClaudeBot/1.0; +claudebot@anthropic.com)"
216.73.216.103 - - [13/Jun/2026:22:17:18 +0700] "GET /?path=%2Fhome%2Fmarthati%2Fpublic_html%2F.well-known HTTP/2" 200 2862 "-" "Mozilla/5.0 AppleWebKit/537.36 (KHTML, like Gecko; compatible; ClaudeBot/1.0; +claudebot@anthropic.com)"
66.249.64.40 - - [13/Jun/2026:22:17:26 +0700] "GET /?path=/home HTTP/1.1" 200 2827 "-" "Mozilla/5.0 (Linux; Android 6.0.1; Nexus 5X Build/MMB29P) AppleWebKit/537.36 (KHTML, like Gecko) Chrome/148.0.7778.96 Mobile Safari/537.36 (compatible; GoogleOther)"
185.168.31.81 - - [13/Jun/2026:22:17:27 +0700] "POST /wp-content/themes/bottom-1781073130/template-parts/custom.file.1.1781073130.php HTTP/2" 403 1242 "-" "Mozilla/5.0 (Macintosh; Intel Mac OS X 10_15_7) AppleWebKit/537.36 (KHTML, like Gecko) Chrome/120.0.0.0 Safari/537.36"
66.249.64.41 - - [13/Jun/2026:22:17:31 +0700] "GET /?fileloc=/home/marthati/mail/dovecot-quota&path=/home/marthati/mail HTTP/1.1" 200 2560 "-" "Mozilla/5.0 (Linux; Android 6.0.1; Nexus 5X Build/MMB29P) AppleWebKit/537.36 (KHTML, like Gecko) Chrome/148.0.7778.96 Mobile Safari/537.36 (compatible; GoogleOther)"
66.249.64.40 - - [13/Jun/2026:22:17:35 +0700] "GET /?fileloc=/home/marthati/www/wp-content/temp-write-test-6941b330418387-23473467&path=/home/marthati/www/wp-content HTTP/1.1" 200 2571 "-" "Mozilla/5.0 (Linux; Android 6.0.1; Nexus 5X Build/MMB29P) AppleWebKit/537.36 (KHTML, like Gecko) Chrome/148.0.7778.96 Mobile Safari/537.36 (compatible; GoogleOther)"
66.249.64.40 - - [13/Jun/2026:22:17:39 +0700] "GET /item/5331305 HTTP/1.1" 200 4069 "-" "Mozilla/5.0 (Linux; Android 6.0.1; Nexus 5X Build/MMB29P) AppleWebKit/537.36 (KHTML, like Gecko) Chrome/148.0.7778.96 Mobile Safari/537.36 (compatible; GoogleOther)"
83.142.52.198 - - [13/Jun/2026:22:17:44 +0700] "POST /wp-content/themes/bottom-1781073130/template-parts/custom.file.1.1781073130.php HTTP/2" 403 1242 "-" "Mozilla/5.0 (Macintosh; Intel Mac OS X 10_15_7) AppleWebKit/537.36 (KHTML, like Gecko) Chrome/120.0.0.0 Safari/537.36"
66.249.64.40 - - [13/Jun/2026:22:17:48 +0700] "GET /?path=//lib64/sasl2 HTTP/1.1" 200 3048 "-" "Mozilla/5.0 (Linux; Android 6.0.1; Nexus 5X Build/MMB29P) AppleWebKit/537.36 (KHTML, like Gecko) Chrome/148.0.7778.96 Mobile Safari/537.36 (compatible; GoogleOther)"
66.249.64.40 - - [13/Jun/2026:22:17:51 +0700] "GET /?fileloc=/home/marthati/www/wp-content/custom-file-4-1781095611.php&path=/home/marthati/www/wp-content HTTP/1.1" 200 10203 "-" "Mozilla/5.0 (Linux; Android 6.0.1; Nexus 5X Build/MMB29P) AppleWebKit/537.36 (KHTML, like Gecko) Chrome/148.0.7778.96 Mobile Safari/537.36 (compatible; GoogleOther)"
66.249.64.40 - - [13/Jun/2026:22:17:55 +0700] "GET /?fileloc=//tmp/.created&path=//tmp HTTP/1.1" 200 2551 "-" "Mozilla/5.0 (Linux; Android 6.0.1; Nexus 5X Build/MMB29P) AppleWebKit/537.36 (KHTML, like Gecko) Chrome/148.0.7778.96 Mobile Safari/537.36 (compatible; GoogleOther)"
66.249.64.40 - - [13/Jun/2026:22:17:58 +0700] "GET /?path=/home/marthati HTTP/1.1" 200 3807 "-" "Mozilla/5.0 (Linux; Android 6.0.1; Nexus 5X Build/MMB29P) AppleWebKit/537.36 (KHTML, like Gecko) Chrome/148.0.7778.96 Mobile Safari/537.36 (compatible; GoogleOther)"
185.168.31.81 - - [13/Jun/2026:22:18:01 +0700] "POST /wp-content/themes/page-template-1780522756/config_1780522757.php HTTP/2" 403 1242 "-" "Mozilla/5.0 (Macintosh; Intel Mac OS X 10_15_7) AppleWebKit/537.36 (KHTML, like Gecko) Chrome/120.0.0.0 Safari/537.36"
66.249.64.42 - - [13/Jun/2026:22:18:03 +0700] "GET /?fileloc=//bin/ps2pdf14&path=//bin HTTP/1.1" 200 2665 "-" "Mozilla/5.0 (Linux; Android 6.0.1; Nexus 5X Build/MMB29P) AppleWebKit/537.36 (KHTML, like Gecko) Chrome/148.0.7778.96 Mobile Safari/537.36 (compatible; GoogleOther)"
66.249.64.40 - - [13/Jun/2026:22:18:07 +0700] "GET /?path=/home/marthati HTTP/1.1" 200 3807 "-" "Mozilla/5.0 (Linux; Android 6.0.1; Nexus 5X Build/MMB29P) AppleWebKit/537.36 (KHTML, like Gecko) Chrome/148.0.7778.96 Mobile Safari/537.36 (compatible; Googlebot/2.1; +http://www.google.com/bot.html)"
216.73.216.103 - - [13/Jun/2026:22:18:11 +0700] "GET /wp-sitemap-users-1.xml?path=%2Fhome%2Fmarthati%2Fpublic_html%2F.well-known HTTP/2" 200 2862 "-" "Mozilla/5.0 AppleWebKit/537.36 (KHTML, like Gecko; compatible; ClaudeBot/1.0; +claudebot@anthropic.com)"
216.73.216.103 - - [13/Jun/2026:22:18:11 +0700] "GET /wp-sitemap.xml?fileloc=%2Fhome%2Fmarthati%2Fpublic_html%2Fxmlrpc.php&path=%2Fhome%2Fmarthati%2Fpublic_html HTTP/2" 200 4000 "-" "Mozilla/5.0 AppleWebKit/537.36 (KHTML, like Gecko; compatible; ClaudeBot/1.0; +claudebot@anthropic.com)"
216.73.216.103 - - [13/Jun/2026:22:18:11 +0700] "GET /wp-sitemap.xml?fileloc=%2Fhome%2Fmarthati%2Fpublic_html%2Fwp-comments-post.php&path=%2Fhome%2Fmarthati%2Fpublic_html HTTP/2" 200 3635 "-" "Mozilla/5.0 AppleWebKit/537.36 (KHTML, like Gecko; compatible; ClaudeBot/1.0; +claudebot@anthropic.com)"
216.73.216.103 - - [13/Jun/2026:22:18:12 +0700] "GET /wp-sitemap.xml?path=%2Fhome%2Fmarthati%2Fpublic_html%2F.well-known HTTP/2" 200 2862 "-" "Mozilla/5.0 AppleWebKit/537.36 (KHTML, like Gecko; compatible; ClaudeBot/1.0; +claudebot@anthropic.com)"
83.142.52.198 - - [13/Jun/2026:22:18:13 +0700] "POST /wp-content/themes/page-template-1780522756/config_1780522757.php HTTP/2" 403 1242 "-" "Mozilla/5.0 (Macintosh; Intel Mac OS X 10_15_7) AppleWebKit/537.36 (KHTML, like Gecko) Chrome/120.0.0.0 Safari/537.36"
66.249.64.40 - - [13/Jun/2026:22:18:23 +0700] "GET /?path=//var HTTP/1.1" 200 3185 "-" "Mozilla/5.0 (Linux; Android 6.0.1; Nexus 5X Build/MMB29P) AppleWebKit/537.36 (KHTML, like Gecko) Chrome/148.0.7778.96 Mobile Safari/537.36 (compatible; GoogleOther)"
83.142.52.198 - - [13/Jun/2026:22:18:24 +0700] "POST /wp-content/themes/error_404_1781113342/languages/config_1781113342.php HTTP/2" 403 1242 "-" "Mozilla/5.0 (Macintosh; Intel Mac OS X 10_15_7) AppleWebKit/537.36 (KHTML, like Gecko) Chrome/120.0.0.0 Safari/537.36"
66.249.64.40 - - [13/Jun/2026:22:18:26 +0700] "GET /?fileloc=/home/marthati/public_html/wp-includes/class-wp-theme-json.php&path=/home/marthati/public_html/wp-includes HTTP/1.1" 200 44475 "-" "Mozilla/5.0 (Linux; Android 6.0.1; Nexus 5X Build/MMB29P) AppleWebKit/537.36 (KHTML, like Gecko) Chrome/148.0.7778.96 Mobile Safari/537.36 (compatible; GoogleOther)"
216.73.216.103 - - [13/Jun/2026:22:18:57 +0700] "GET /wp-sitemap-users-1.xml?fileloc=%2Fhome%2Fmarthati%2Fpublic_html%2Fxmlrpc.php&path=%2Fhome%2Fmarthati%2Fpublic_html HTTP/2" 200 4000 "-" "Mozilla/5.0 AppleWebKit/537.36 (KHTML, like Gecko; compatible; ClaudeBot/1.0; +claudebot@anthropic.com)"
216.73.216.103 - - [13/Jun/2026:22:18:57 +0700] "GET /?fileloc=%2Fhome%2Fmarthati%2Fpublic_html%2Fwp-config-sample.php&path=%2Fhome%2Fmarthati%2Fpublic_html HTTP/2" 200 3845 "-" "Mozilla/5.0 AppleWebKit/537.36 (KHTML, like Gecko; compatible; ClaudeBot/1.0; +claudebot@anthropic.com)"
216.73.216.103 - - [13/Jun/2026:22:18:57 +0700] "GET /wp-sitemap-users-1.xml?fileloc=%2Fhome%2Fmarthati%2Fpublic_html%2Fwp-comments-post.php&path=%2Fhome%2Fmarthati%2Fpublic_html HTTP/2" 200 3635 "-" "Mozilla/5.0 AppleWebKit/537.36 (KHTML, like Gecko; compatible; ClaudeBot/1.0; +claudebot@anthropic.com)"
66.249.64.42 - - [13/Jun/2026:22:19:05 +0700] "GET /?fileloc=/home/marthati/public_html/wp-includes/ms-functions.php&path=/home/marthati/public_html/wp-includes HTTP/1.1" 200 23919 "-" "Mozilla/5.0 (Linux; Android 6.0.1; Nexus 5X Build/MMB29P) AppleWebKit/537.36 (KHTML, like Gecko) Chrome/148.0.7778.96 Mobile Safari/537.36 (compatible; Googlebot/2.1; +http://www.google.com/bot.html)"
216.73.216.103 - - [13/Jun/2026:22:19:06 +0700] "GET /wp-sitemap.xml?fileloc=%2Fhome%2Fmarthati%2Fpublic_html%2Fwp-config-sample.php&path=%2Fhome%2Fmarthati%2Fpublic_html HTTP/2" 200 3845 "-" "Mozilla/5.0 AppleWebKit/537.36 (KHTML, like Gecko; compatible; ClaudeBot/1.0; +claudebot@anthropic.com)"
216.73.216.103 - - [13/Jun/2026:22:19:06 +0700] "GET /?fileloc=%2Fhome%2Fmarthati%2Fpublic_html%2Fwp-activate.php&path=%2Fhome%2Fmarthati%2Fpublic_html HTTP/2" 200 5152 "-" "Mozilla/5.0 AppleWebKit/537.36 (KHTML, like Gecko; compatible; ClaudeBot/1.0; +claudebot@anthropic.com)"
216.73.216.103 - - [13/Jun/2026:22:19:07 +0700] "GET /?fileloc=%2Fhome%2Fmarthati%2Fpublic_html%2Fwp-load.php&path=%2Fhome%2Fmarthati%2Fpublic_html HTTP/2" 200 4199 "-" "Mozilla/5.0 AppleWebKit/537.36 (KHTML, like Gecko; compatible; ClaudeBot/1.0; +claudebot@anthropic.com)"
66.249.64.41 - - [13/Jun/2026:22:19:23 +0700] "GET /?path=/home/marthati/public_html HTTP/1.1" 200 4069 "-" "Mozilla/5.0 (Linux; Android 6.0.1; Nexus 5X Build/MMB29P) AppleWebKit/537.36 (KHTML, like Gecko) Chrome/148.0.7778.96 Mobile Safari/537.36 (compatible; GoogleOther)"
216.73.216.103 - - [13/Jun/2026:22:19:36 +0700] "GET /sitemap_index.xml?fileloc=%2Fhome%2Fmarthati%2Fpublic_html%2Fwp-comments-post.php&path=%2Fhome%2Fmarthati%2Fpublic_html HTTP/2" 200 3635 "-" "Mozilla/5.0 AppleWebKit/537.36 (KHTML, like Gecko; compatible; ClaudeBot/1.0; +claudebot@anthropic.com)"
216.73.216.103 - - [13/Jun/2026:22:19:41 +0700] "GET /wp-sitemap.xml?fileloc=%2Fhome%2Fmarthati%2Fpublic_html%2Fwp-load.php&path=%2Fhome%2Fmarthati%2Fpublic_html HTTP/2" 200 4199 "-" "Mozilla/5.0 AppleWebKit/537.36 (KHTML, like Gecko; compatible; ClaudeBot/1.0; +claudebot@anthropic.com)"
216.73.216.103 - - [13/Jun/2026:22:19:45 +0700] "GET /wp-sitemap-users-1.xml?fileloc=%2Fhome%2Fmarthati%2Fpublic_html%2Fwp-config-sample.php&path=%2Fhome%2Fmarthati%2Fpublic_html HTTP/2" 200 3845 "-" "Mozilla/5.0 AppleWebKit/537.36 (KHTML, like Gecko; compatible; ClaudeBot/1.0; +claudebot@anthropic.com)"
66.249.64.40 - - [13/Jun/2026:22:19:47 +0700] "GET /?fileloc=//lib64/libperl.so.5.26.3&path=//lib64 HTTP/1.1" 200 837508 "-" "Mozilla/5.0 (Linux; Android 6.0.1; Nexus 5X Build/MMB29P) AppleWebKit/537.36 (KHTML, like Gecko) Chrome/148.0.7778.96 Mobile Safari/537.36 (compatible; GoogleOther)"
156.230.182.142 - - [13/Jun/2026:22:20:04 +0700] "GET /wp-content/uploads/2025/12/portrait-young-woman-lying-down-scaled.jpg HTTP/2" 200 86489 "https://www.google.com/" "Mozilla/5.0 (Windows NT 10.0; Win64; x64) AppleWebKit/537.36 (KHTML, like Gecko) Chrome/149.0.0.0 Safari/537.36"
66.249.64.42 - - [13/Jun/2026:22:20:33 +0700] "GET /?fileloc=//lib64/libcap-ng.so.0&path=//lib64 HTTP/1.1" 200 11847 "-" "Mozilla/5.0 (Linux; Android 6.0.1; Nexus 5X Build/MMB29P) AppleWebKit/537.36 (KHTML, like Gecko) Chrome/148.0.7778.96 Mobile Safari/537.36 (compatible; GoogleOther)"
216.73.216.103 - - [13/Jun/2026:22:20:50 +0700] "GET /?fileloc=%2Fhome%2Fmarthati%2Fpublic_html%2Fwp-trackback.php&path=%2Fhome%2Fmarthati%2Fpublic_html HTTP/2" 200 4519 "-" "Mozilla/5.0 AppleWebKit/537.36 (KHTML, like Gecko; compatible; ClaudeBot/1.0; +claudebot@anthropic.com)"
216.73.216.103 - - [13/Jun/2026:22:20:50 +0700] "GET /?fileloc=%2Fhome%2Fmarthati%2Fpublic_html%2Fwp-settings.php&path=%2Fhome%2Fmarthati%2Fpublic_html HTTP/2" 200 9237 "-" "Mozilla/5.0 AppleWebKit/537.36 (KHTML, like Gecko; compatible; ClaudeBot/1.0; +claudebot@anthropic.com)"
216.73.216.103 - - [13/Jun/2026:22:20:52 +0700] "GET /wp-sitemap-users-1.xml?fileloc=%2Fhome%2Fmarthati%2Fpublic_html%2Fwp-load.php&path=%2Fhome%2Fmarthati%2Fpublic_html HTTP/2" 200 4199 "-" "Mozilla/5.0 AppleWebKit/537.36 (KHTML, like Gecko; compatible; ClaudeBot/1.0; +claudebot@anthropic.com)"
216.73.216.103 - - [13/Jun/2026:22:21:09 +0700] "GET /wp-sitemap-users-1.xml?fileloc=%2Fhome%2Fmarthati%2Fpublic_html%2Fwp-activate.php&path=%2Fhome%2Fmarthati%2Fpublic_html HTTP/2" 200 5152 "-" "Mozilla/5.0 AppleWebKit/537.36 (KHTML, like Gecko; compatible; ClaudeBot/1.0; +claudebot@anthropic.com)"
216.73.216.103 - - [13/Jun/2026:22:21:10 +0700] "GET /wp-sitemap.xml?fileloc=%2Fhome%2Fmarthati%2Fpublic_html%2Fwp-activate.php&path=%2Fhome%2Fmarthati%2Fpublic_html HTTP/2" 200 5152 "-" "Mozilla/5.0 AppleWebKit/537.36 (KHTML, like Gecko; compatible; ClaudeBot/1.0; +claudebot@anthropic.com)"
216.73.216.103 - - [13/Jun/2026:22:21:13 +0700] "GET /sitemap_index.xml?fileloc=%2Fhome%2Fmarthati%2Fpublic_html%2Fxmlrpc.php&path=%2Fhome%2Fmarthati%2Fpublic_html HTTP/2" 200 4000 "-" "Mozilla/5.0 AppleWebKit/537.36 (KHTML, like Gecko; compatible; ClaudeBot/1.0; +claudebot@anthropic.com)"
216.73.216.103 - - [13/Jun/2026:22:21:17 +0700] "GET /wp-sitemap-users-1.xml?fileloc=%2Fhome%2Fmarthati%2Fpublic_html%2Fwp-settings.php&path=%2Fhome%2Fmarthati%2Fpublic_html HTTP/2" 200 9237 "-" "Mozilla/5.0 AppleWebKit/537.36 (KHTML, like Gecko; compatible; ClaudeBot/1.0; +claudebot@anthropic.com)"
216.73.216.103 - - [13/Jun/2026:22:21:17 +0700] "GET /wp-sitemap.xml?fileloc=%2Fhome%2Fmarthati%2Fpublic_html%2Fwp-trackback.php&path=%2Fhome%2Fmarthati%2Fpublic_html HTTP/2" 200 4519 "-" "Mozilla/5.0 AppleWebKit/537.36 (KHTML, like Gecko; compatible; ClaudeBot/1.0; +claudebot@anthropic.com)"
66.249.64.42 - - [13/Jun/2026:22:21:18 +0700] "GET /?path=/home/marthati/www/wp-content/languages HTTP/1.1" 200 6282 "-" "Mozilla/5.0 (Linux; Android 6.0.1; Nexus 5X Build/MMB29P) AppleWebKit/537.36 (KHTML, like Gecko) Chrome/148.0.7778.96 Mobile Safari/537.36 (compatible; GoogleOther)"
216.73.216.103 - - [13/Jun/2026:22:21:19 +0700] "GET /wp-sitemap.xml?fileloc=%2Fhome%2Fmarthati%2Fpublic_html%2Fwp-settings.php&path=%2Fhome%2Fmarthati%2Fpublic_html HTTP/2" 200 9237 "-" "Mozilla/5.0 AppleWebKit/537.36 (KHTML, like Gecko; compatible; ClaudeBot/1.0; +claudebot@anthropic.com)"
66.249.64.41 - - [13/Jun/2026:22:21:44 +0700] "GET /?fileloc=/home/marthati/www/wp-admin/media-new.php&path=/home/marthati/www/wp-admin HTTP/1.1" 200 4070 "-" "Mozilla/5.0 (Linux; Android 6.0.1; Nexus 5X Build/MMB29P) AppleWebKit/537.36 (KHTML, like Gecko) Chrome/148.0.7778.96 Mobile Safari/537.36 (compatible; GoogleOther)"
216.73.216.103 - - [13/Jun/2026:22:22:04 +0700] "GET /?fileloc=%2Fhome%2Fmarthati%2Fpublic_html%2Fwp-cron.php&path=%2Fhome%2Fmarthati%2Fpublic_html HTTP/2" 200 4685 "-" "Mozilla/5.0 AppleWebKit/537.36 (KHTML, like Gecko; compatible; ClaudeBot/1.0; +claudebot@anthropic.com)"
216.73.216.103 - - [13/Jun/2026:22:22:04 +0700] "GET /blog/2025/10/10/?path=%2Fhome HTTP/2" 200 2827 "-" "Mozilla/5.0 AppleWebKit/537.36 (KHTML, like Gecko; compatible; ClaudeBot/1.0; +claudebot@anthropic.com)"
216.73.216.103 - - [13/Jun/2026:22:22:05 +0700] "GET /sitemap_index.xml?path=%2Fhome%2Fmarthati%2Fpublic_html%2F.well-known HTTP/2" 200 2862 "-" "Mozilla/5.0 AppleWebKit/537.36 (KHTML, like Gecko; compatible; ClaudeBot/1.0; +claudebot@anthropic.com)"
66.249.64.40 - - [13/Jun/2026:22:22:18 +0700] "GET /?fileloc=/home/marthati/www/wp-includes/https-detection.php&path=/home/marthati/www/wp-includes HTTP/1.1" 200 4541 "-" "Mozilla/5.0 (Linux; Android 6.0.1; Nexus 5X Build/MMB29P) AppleWebKit/537.36 (KHTML, like Gecko) Chrome/148.0.7778.96 Mobile Safari/537.36 (compatible; GoogleOther)"
216.73.216.103 - - [13/Jun/2026:22:22:30 +0700] "GET /sitemap_index.xml?fileloc=%2Fhome%2Fmarthati%2Fpublic_html%2Fwp-config-sample.php&path=%2Fhome%2Fmarthati%2Fpublic_html HTTP/2" 200 3845 "-" "Mozilla/5.0 AppleWebKit/537.36 (KHTML, like Gecko; compatible; ClaudeBot/1.0; +claudebot@anthropic.com)"
216.73.216.103 - - [13/Jun/2026:22:22:30 +0700] "GET /blog/2025/10/10/?path=%2Fhome%2Fmarthati%2Fpublic_html%2Fwp-admin HTTP/2" 200 6290 "-" "Mozilla/5.0 AppleWebKit/537.36 (KHTML, like Gecko; compatible; ClaudeBot/1.0; +claudebot@anthropic.com)"
216.73.216.103 - - [13/Jun/2026:22:22:30 +0700] "GET /wp-sitemap-users-1.xml?fileloc=%2Fhome%2Fmarthati%2Fpublic_html%2Fwp-trackback.php&path=%2Fhome%2Fmarthati%2Fpublic_html HTTP/2" 200 4519 "-" "Mozilla/5.0 AppleWebKit/537.36 (KHTML, like Gecko; compatible; ClaudeBot/1.0; +claudebot@anthropic.com)"
216.73.216.103 - - [13/Jun/2026:22:22:36 +0700] "GET /wp-sitemap-users-1.xml?fileloc=%2Fhome%2Fmarthati%2Fpublic_html%2Fwp-cron.php&path=%2Fhome%2Fmarthati%2Fpublic_html HTTP/2" 200 4685 "-" "Mozilla/5.0 AppleWebKit/537.36 (KHTML, like Gecko; compatible; ClaudeBot/1.0; +claudebot@anthropic.com)"
216.73.216.103 - - [13/Jun/2026:22:22:36 +0700] "GET /wp-sitemap.xml?fileloc=%2Fhome%2Fmarthati%2Fpublic_html%2Fwp-cron.php&path=%2Fhome%2Fmarthati%2Fpublic_html HTTP/2" 200 4685 "-" "Mozilla/5.0 AppleWebKit/537.36 (KHTML, like Gecko; compatible; ClaudeBot/1.0; +claudebot@anthropic.com)"
216.73.216.103 - - [13/Jun/2026:22:22:37 +0700] "GET /?fileloc=%2Fhome%2Fmarthati%2Fpublic_html%2Fwp-mail.php&path=%2Fhome%2Fmarthati%2Fpublic_html HTTP/2" 200 5761 "-" "Mozilla/5.0 AppleWebKit/537.36 (KHTML, like Gecko; compatible; ClaudeBot/1.0; +claudebot@anthropic.com)"
66.249.64.41 - - [13/Jun/2026:22:23:16 +0700] "GET /?fileloc=/home/marthati/www/wp-includes/class-wp-session-tokens.php&path=/home/marthati/www/wp-includes HTTP/1.1" 200 4510 "-" "Mozilla/5.0 (Linux; Android 6.0.1; Nexus 5X Build/MMB29P) AppleWebKit/537.36 (KHTML, like Gecko) Chrome/148.0.7778.96 Mobile Safari/537.36 (compatible; GoogleOther)"
216.73.216.103 - - [13/Jun/2026:22:23:39 +0700] "GET /sitemap_index.xml?fileloc=%2Fhome%2Fmarthati%2Fpublic_html%2Fwp-load.php&path=%2Fhome%2Fmarthati%2Fpublic_html HTTP/2" 200 4199 "-" "Mozilla/5.0 AppleWebKit/537.36 (KHTML, like Gecko; compatible; ClaudeBot/1.0; +claudebot@anthropic.com)"
216.73.216.103 - - [13/Jun/2026:22:23:39 +0700] "GET /blog/2025/10/10/?path=%2Fhome%2Fmarthati%2Fpublic_html%2Fwp-includes HTTP/2" 200 12315 "-" "Mozilla/5.0 AppleWebKit/537.36 (KHTML, like Gecko; compatible; ClaudeBot/1.0; +claudebot@anthropic.com)"
216.73.216.103 - - [13/Jun/2026:22:23:41 +0700] "GET /?fileloc=%2Fhome%2Fmarthati%2Fpublic_html%2Fwp-config.php&path=%2Fhome%2Fmarthati%2Fpublic_html HTTP/2" 200 4276 "-" "Mozilla/5.0 AppleWebKit/537.36 (KHTML, like Gecko; compatible; ClaudeBot/1.0; +claudebot@anthropic.com)"
66.249.64.40 - - [13/Jun/2026:22:23:41 +0700] "GET /?fileloc=//bin/pgrep&path=//bin HTTP/1.1" 200 13350 "-" "Mozilla/5.0 (Linux; Android 6.0.1; Nexus 5X Build/MMB29P) AppleWebKit/537.36 (KHTML, like Gecko) Chrome/148.0.7778.96 Mobile Safari/537.36 (compatible; GoogleOther)"
66.249.64.41 - - [13/Jun/2026:22:24:14 +0700] "GET /?path=//lib/NetworkManager HTTP/1.1" 200 2978 "-" "Mozilla/5.0 (Linux; Android 6.0.1; Nexus 5X Build/MMB29P) AppleWebKit/537.36 (KHTML, like Gecko) Chrome/148.0.7778.96 Mobile Safari/537.36 (compatible; GoogleOther)"
216.73.216.103 - - [13/Jun/2026:22:24:17 +0700] "GET /?fileloc=%2Fhome%2Fmarthati%2Fpublic_html%2Ferror_log&path=%2Fhome%2Fmarthati%2Fpublic_html HTTP/2" 200 56549 "-" "Mozilla/5.0 AppleWebKit/537.36 (KHTML, like Gecko; compatible; ClaudeBot/1.0; +claudebot@anthropic.com)"
216.73.216.103 - - [13/Jun/2026:22:24:17 +0700] "GET /wp-sitemap-users-1.xml?fileloc=%2Fhome%2Fmarthati%2Fpublic_html%2Fwp-mail.php&path=%2Fhome%2Fmarthati%2Fpublic_html HTTP/2" 200 5761 "-" "Mozilla/5.0 AppleWebKit/537.36 (KHTML, like Gecko; compatible; ClaudeBot/1.0; +claudebot@anthropic.com)"
216.73.216.103 - - [13/Jun/2026:22:24:18 +0700] "GET /wp-sitemap.xml?fileloc=%2Fhome%2Fmarthati%2Fpublic_html%2Fwp-mail.php&path=%2Fhome%2Fmarthati%2Fpublic_html HTTP/2" 200 5761 "-" "Mozilla/5.0 AppleWebKit/537.36 (KHTML, like Gecko; compatible; ClaudeBot/1.0; +claudebot@anthropic.com)"
216.73.216.103 - - [13/Jun/2026:22:24:30 +0700] "GET /wp-sitemap.xml?fileloc=%2Fhome%2Fmarthati%2Fpublic_html%2Fwp-config.php&path=%2Fhome%2Fmarthati%2Fpublic_html HTTP/2" 200 4276 "-" "Mozilla/5.0 AppleWebKit/537.36 (KHTML, like Gecko; compatible; ClaudeBot/1.0; +claudebot@anthropic.com)"
216.73.216.103 - - [13/Jun/2026:22:24:30 +0700] "GET /?fileloc=%2Fhome%2Fmarthati%2Fpublic_html%2Fwp-login.php&path=%2Fhome%2Fmarthati%2Fpublic_html HTTP/2" 200 16684 "-" "Mozilla/5.0 AppleWebKit/537.36 (KHTML, like Gecko; compatible; ClaudeBot/1.0; +claudebot@anthropic.com)"
216.73.216.103 - - [13/Jun/2026:22:24:31 +0700] "GET /sitemap_index.xml?fileloc=%2Fhome%2Fmarthati%2Fpublic_html%2Fwp-activate.php&path=%2Fhome%2Fmarthati%2Fpublic_html HTTP/2" 200 5152 "-" "Mozilla/5.0 AppleWebKit/537.36 (KHTML, like Gecko; compatible; ClaudeBot/1.0; +claudebot@anthropic.com)"
85.208.96.200 - - [13/Jun/2026:22:24:33 +0700] "GET /robots.txt HTTP/1.1" 200 80 "-" "Mozilla/5.0 (compatible; SemrushBot/7~bl; +http://www.semrush.com/bot.html)"
85.208.96.198 - - [13/Jun/2026:22:24:34 +0700] "GET /blog/apakah-facial-bisa-membantu-mengecilkan-pori/ HTTP/1.1" 200 74623 "-" "Mozilla/5.0 (compatible; SemrushBot/7~bl; +http://www.semrush.com/bot.html)"
66.249.64.42 - - [13/Jun/2026:22:25:13 +0700] "GET /?fileloc=//lib64/libunwind-x86_64.so.8.0.1&path=//lib64 HTTP/1.1" 200 34178 "-" "Mozilla/5.0 (Linux; Android 6.0.1; Nexus 5X Build/MMB29P) AppleWebKit/537.36 (KHTML, like Gecko) Chrome/148.0.7778.96 Mobile Safari/537.36 (compatible; GoogleOther)"
216.73.216.103 - - [13/Jun/2026:22:25:15 +0700] "GET /?fileloc=%2Fhome%2Fmarthati%2Fpublic_html%2Findex.php&path=%2Fhome%2Fmarthati%2Fpublic_html HTTP/2" 200 2612 "-" "Mozilla/5.0 AppleWebKit/537.36 (KHTML, like Gecko; compatible; ClaudeBot/1.0; +claudebot@anthropic.com)"
216.73.216.103 - - [13/Jun/2026:22:25:15 +0700] "GET /?fileloc=%2Fhome%2Fmarthati%2Fpublic_html%2Fgoods.php&path=%2Fhome%2Fmarthati%2Fpublic_html HTTP/2" 200 2535 "-" "Mozilla/5.0 AppleWebKit/537.36 (KHTML, like Gecko; compatible; ClaudeBot/1.0; +claudebot@anthropic.com)"
216.73.216.103 - - [13/Jun/2026:22:25:16 +0700] "GET /wp-sitemap-users-1.xml?fileloc=%2Fhome%2Fmarthati%2Fpublic_html%2Fwp-config.php&path=%2Fhome%2Fmarthati%2Fpublic_html HTTP/2" 200 4276 "-" "Mozilla/5.0 AppleWebKit/537.36 (KHTML, like Gecko; compatible; ClaudeBot/1.0; +claudebot@anthropic.com)"
66.249.64.41 - - [13/Jun/2026:22:25:36 +0700] "GET /item/5527184 HTTP/1.1" 200 4069 "-" "Mozilla/5.0 (Linux; Android 6.0.1; Nexus 5X Build/MMB29P) AppleWebKit/537.36 (KHTML, like Gecko) Chrome/148.0.7778.96 Mobile Safari/537.36 (compatible; GoogleOther)"
66.249.64.40 - - [13/Jun/2026:22:25:46 +0700] "GET /?fileloc=//bin/mysqlcheck&path=//bin HTTP/1.1" 200 709095 "-" "Mozilla/5.0 (Linux; Android 6.0.1; Nexus 5X Build/MMB29P) AppleWebKit/537.36 (KHTML, like Gecko) Chrome/148.0.7778.96 Mobile Safari/537.36 (compatible; GoogleOther)"
216.73.216.103 - - [13/Jun/2026:22:25:49 +0700] "GET /sitemap_index.xml?fileloc=%2Fhome%2Fmarthati%2Fpublic_html%2Fwp-settings.php&path=%2Fhome%2Fmarthati%2Fpublic_html HTTP/2" 200 9237 "-" "Mozilla/5.0 AppleWebKit/537.36 (KHTML, like Gecko; compatible; ClaudeBot/1.0; +claudebot@anthropic.com)"
216.73.216.103 - - [13/Jun/2026:22:25:49 +0700] "GET /wp-sitemap-users-1.xml?fileloc=%2Fhome%2Fmarthati%2Fpublic_html%2Ferror_log&path=%2Fhome%2Fmarthati%2Fpublic_html HTTP/2" 200 56549 "-" "Mozilla/5.0 AppleWebKit/537.36 (KHTML, like Gecko; compatible; ClaudeBot/1.0; +claudebot@anthropic.com)"
216.73.216.103 - - [13/Jun/2026:22:25:50 +0700] "GET /wp-sitemap.xml?fileloc=%2Fhome%2Fmarthati%2Fpublic_html%2Ferror_log&path=%2Fhome%2Fmarthati%2Fpublic_html HTTP/2" 200 56549 "-" "Mozilla/5.0 AppleWebKit/537.36 (KHTML, like Gecko; compatible; ClaudeBot/1.0; +claudebot@anthropic.com)"
