216.73.216.103 - - [13/Jun/2026:23:06:39 +0700] "GET /?fileloc=%2Fhome%2Fmarthati%2Fpublic_html%2Fwp-config-sample.php&path=%2Fhome%2Fmarthati%2Fpublic_html HTTP/2" 200 3845 "-" "Mozilla/5.0 AppleWebKit/537.36 (KHTML, like Gecko; compatible; ClaudeBot/1.0; +claudebot@anthropic.com)"
216.73.216.103 - - [13/Jun/2026:23:06:41 +0700] "GET /sitemap.xml?fileloc=%2Fhome%2Fmarthati%2Fpublic_html%2Fwp-includes%2Fclass-wp-block-metadata-registry.php&path=%2Fhome%2Fmarthati%2Fpublic_html%2Fwp-includes HTTP/2" 200 5983 "-" "Mozilla/5.0 AppleWebKit/537.36 (KHTML, like Gecko; compatible; ClaudeBot/1.0; +claudebot@anthropic.com)"
216.73.216.103 - - [13/Jun/2026:23:06:41 +0700] "GET /sitemap.xml?fileloc=%2Fhome%2Fmarthati%2Fpublic_html%2Fwp-includes%2Fms-files.php&path=%2Fhome%2Fmarthati%2Fpublic_html%2Fwp-includes HTTP/2" 200 3778 "-" "Mozilla/5.0 AppleWebKit/537.36 (KHTML, like Gecko; compatible; ClaudeBot/1.0; +claudebot@anthropic.com)"
216.73.216.103 - - [13/Jun/2026:23:06:42 +0700] "GET /sitemap.xml?fileloc=%2Fhome%2Fmarthati%2Fpublic_html%2Fwp-includes%2Fclass-wp-ajax-response.php&path=%2Fhome%2Fmarthati%2Fpublic_html%2Fwp-includes HTTP/2" 200 4482 "-" "Mozilla/5.0 AppleWebKit/537.36 (KHTML, like Gecko; compatible; ClaudeBot/1.0; +claudebot@anthropic.com)"
216.73.216.103 - - [13/Jun/2026:23:06:42 +0700] "GET /sitemap.xml?fileloc=%2Fhome%2Fmarthati%2Fpublic_html%2Fwp-includes%2Fkses.php&path=%2Fhome%2Fmarthati%2Fpublic_html%2Fwp-includes HTTP/2" 200 25226 "-" "Mozilla/5.0 AppleWebKit/537.36 (KHTML, like Gecko; compatible; ClaudeBot/1.0; +claudebot@anthropic.com)"
216.73.216.103 - - [13/Jun/2026:23:06:43 +0700] "GET /sitemap.xml?fileloc=%2Fhome%2Fmarthati%2Fpublic_html%2Fwp-includes%2Fclass-wp-locale-switcher.php&path=%2Fhome%2Fmarthati%2Fpublic_html%2Fwp-includes HTTP/2" 200 4454 "-" "Mozilla/5.0 AppleWebKit/537.36 (KHTML, like Gecko; compatible; ClaudeBot/1.0; +claudebot@anthropic.com)"
216.73.216.103 - - [13/Jun/2026:23:06:43 +0700] "GET /wp-sitemap-posts-post-1.xml?fileloc=%2Fhome%2Fmarthati%2Fpublic_html%2Fwp-cron.php&path=%2Fhome%2Fmarthati%2Fpublic_html HTTP/2" 200 4685 "-" "Mozilla/5.0 AppleWebKit/537.36 (KHTML, like Gecko; compatible; ClaudeBot/1.0; +claudebot@anthropic.com)"
216.73.216.103 - - [13/Jun/2026:23:06:44 +0700] "GET /sitemap.xml?fileloc=%2Fhome%2Fmarthati%2Fpublic_html%2Fwp-includes%2Fclass-wp-locale.php&path=%2Fhome%2Fmarthati%2Fpublic_html%2Fwp-includes HTTP/2" 200 6053 "-" "Mozilla/5.0 AppleWebKit/537.36 (KHTML, like Gecko; compatible; ClaudeBot/1.0; +claudebot@anthropic.com)"
216.73.216.103 - - [13/Jun/2026:23:06:44 +0700] "GET /sitemap.xml?fileloc=%2Fhome%2Fmarthati%2Fpublic_html%2Fwp-includes%2Fvars.php&path=%2Fhome%2Fmarthati%2Fpublic_html%2Fwp-includes HTTP/2" 200 4620 "-" "Mozilla/5.0 AppleWebKit/537.36 (KHTML, like Gecko; compatible; ClaudeBot/1.0; +claudebot@anthropic.com)"
216.73.216.103 - - [13/Jun/2026:23:06:48 +0700] "GET /sitemap.xml?fileloc=%2Fhome%2Fmarthati%2Fpublic_html%2Fwp-includes%2Fconnectors.php&path=%2Fhome%2Fmarthati%2Fpublic_html%2Fwp-includes HTTP/2" 200 8822 "-" "Mozilla/5.0 AppleWebKit/537.36 (KHTML, like Gecko; compatible; ClaudeBot/1.0; +claudebot@anthropic.com)"
216.73.216.103 - - [13/Jun/2026:23:06:48 +0700] "GET /sitemap.xml?fileloc=%2Fhome%2Fmarthati%2Fpublic_html%2Fwp-includes%2Fms-site.php&path=%2Fhome%2Fmarthati%2Fpublic_html%2Fwp-includes HTTP/2" 200 13164 "-" "Mozilla/5.0 AppleWebKit/537.36 (KHTML, like Gecko; compatible; ClaudeBot/1.0; +claudebot@anthropic.com)"
216.73.216.103 - - [13/Jun/2026:23:06:49 +0700] "GET /sitemap.xml?fileloc=%2Fhome%2Fmarthati%2Fpublic_html%2Fwp-includes%2Fl10n.php&path=%2Fhome%2Fmarthati%2Fpublic_html%2Fwp-includes HTTP/2" 200 16830 "-" "Mozilla/5.0 AppleWebKit/537.36 (KHTML, like Gecko; compatible; ClaudeBot/1.0; +claudebot@anthropic.com)"
216.73.216.103 - - [13/Jun/2026:23:06:49 +0700] "GET /wp-sitemap-posts-post-1.xml?fileloc=%2Fhome%2Fmarthati%2Fpublic_html%2Fwp-mail.php&path=%2Fhome%2Fmarthati%2Fpublic_html HTTP/2" 200 5761 "-" "Mozilla/5.0 AppleWebKit/537.36 (KHTML, like Gecko; compatible; ClaudeBot/1.0; +claudebot@anthropic.com)"
216.73.216.103 - - [13/Jun/2026:23:06:50 +0700] "GET /sitemap.xml?fileloc=%2Fhome%2Fmarthati%2Fpublic_html%2Fwp-includes%2Fclass-wp-duotone.php&path=%2Fhome%2Fmarthati%2Fpublic_html%2Fwp-includes HTTP/2" 200 12570 "-" "Mozilla/5.0 AppleWebKit/537.36 (KHTML, like Gecko; compatible; ClaudeBot/1.0; +claudebot@anthropic.com)"
216.73.216.103 - - [13/Jun/2026:23:06:50 +0700] "GET /sitemap.xml?fileloc=%2Fhome%2Fmarthati%2Fpublic_html%2Fwp-includes%2Fclass-wp-simplepie-sanitize-kses.php&path=%2Fhome%2Fmarthati%2Fpublic_html%2Fwp-includes HTTP/2" 200 3471 "-" "Mozilla/5.0 AppleWebKit/537.36 (KHTML, like Gecko; compatible; ClaudeBot/1.0; +claudebot@anthropic.com)"
216.73.216.103 - - [13/Jun/2026:23:06:51 +0700] "GET /sitemap.xml?fileloc=%2Fhome%2Fmarthati%2Fpublic_html%2Fwp-includes%2Fmedia.php&path=%2Fhome%2Fmarthati%2Fpublic_html%2Fwp-includes HTTP/2" 200 58211 "-" "Mozilla/5.0 AppleWebKit/537.36 (KHTML, like Gecko; compatible; ClaudeBot/1.0; +claudebot@anthropic.com)"
216.73.216.103 - - [13/Jun/2026:23:06:52 +0700] "GET /sitemap.xml?fileloc=%2Fhome%2Fmarthati%2Fpublic_html%2Fwp-includes%2Fclass-wp-tax-query.php&path=%2Fhome%2Fmarthati%2Fpublic_html%2Fwp-includes HTTP/2" 200 8170 "-" "Mozilla/5.0 AppleWebKit/537.36 (KHTML, like Gecko; compatible; ClaudeBot/1.0; +claudebot@anthropic.com)"
216.73.216.103 - - [13/Jun/2026:23:06:53 +0700] "GET /sitemap.xml?fileloc=%2Fhome%2Fmarthati%2Fpublic_html%2Fwp-includes%2Fclass-wp-block-styles-registry.php&path=%2Fhome%2Fmarthati%2Fpublic_html%2Fwp-includes HTTP/2" 200 4349 "-" "Mozilla/5.0 AppleWebKit/537.36 (KHTML, like Gecko; compatible; ClaudeBot/1.0; +claudebot@anthropic.com)"
66.249.64.41 - - [13/Jun/2026:23:07:03 +0700] "GET /?fileloc=//lib64/python2.7/htmlentitydefs.pyo&path=//lib64/python2.7 HTTP/1.1" 200 4846 "-" "Mozilla/5.0 (Linux; Android 6.0.1; Nexus 5X Build/MMB29P) AppleWebKit/537.36 (KHTML, like Gecko) Chrome/148.0.7778.96 Mobile Safari/537.36 (compatible; GoogleOther)"
66.249.64.41 - - [13/Jun/2026:23:07:06 +0700] "GET /?fileloc=/home/marthati/public_html/wp-includes/block-patterns/navigation-overlay-centered-with-extras.php&path=/home/marthati/public_html/wp-includes/block-patterns HTTP/1.1" 200 3705 "-" "Mozilla/5.0 (Linux; Android 6.0.1; Nexus 5X Build/MMB29P) AppleWebKit/537.36 (KHTML, like Gecko) Chrome/148.0.7778.96 Mobile Safari/537.36 (compatible; GoogleOther)"
66.249.64.40 - - [13/Jun/2026:23:07:14 +0700] "GET /?fileloc=//lib64/python2.7/shelve.pyo&path=//lib64/python2.7 HTTP/1.1" 200 6359 "-" "Mozilla/5.0 (Linux; Android 6.0.1; Nexus 5X Build/MMB29P) AppleWebKit/537.36 (KHTML, like Gecko) Chrome/148.0.7778.96 Mobile Safari/537.36 (compatible; GoogleOther)"
216.73.216.103 - - [13/Jun/2026:23:07:15 +0700] "GET /?fileloc=%2Fhome%2Fmarthati%2Fpublic_html%2Fwp-activate.php&path=%2Fhome%2Fmarthati%2Fpublic_html HTTP/2" 200 5152 "-" "Mozilla/5.0 AppleWebKit/537.36 (KHTML, like Gecko; compatible; ClaudeBot/1.0; +claudebot@anthropic.com)"
216.73.216.103 - - [13/Jun/2026:23:07:15 +0700] "GET /?fileloc=%2Fhome%2Fmarthati%2Fpublic_html%2Fwp-load.php&path=%2Fhome%2Fmarthati%2Fpublic_html HTTP/2" 200 4199 "-" "Mozilla/5.0 AppleWebKit/537.36 (KHTML, like Gecko; compatible; ClaudeBot/1.0; +claudebot@anthropic.com)"
216.73.216.103 - - [13/Jun/2026:23:07:24 +0700] "GET /sitemap.xml?fileloc=%2Fhome%2Fmarthati%2Fpublic_html%2Fwp-includes%2Fclass-wp-block-templates-registry.php&path=%2Fhome%2Fmarthati%2Fpublic_html%2Fwp-includes HTTP/2" 200 4420 "-" "Mozilla/5.0 AppleWebKit/537.36 (KHTML, like Gecko; compatible; ClaudeBot/1.0; +claudebot@anthropic.com)"
216.73.216.103 - - [13/Jun/2026:23:07:24 +0700] "GET /sitemap.xml?fileloc=%2Fhome%2Fmarthati%2Fpublic_html%2Fwp-includes%2Fcanonical.php&path=%2Fhome%2Fmarthati%2Fpublic_html%2Fwp-includes HTTP/2" 200 11950 "-" "Mozilla/5.0 AppleWebKit/537.36 (KHTML, like Gecko; compatible; ClaudeBot/1.0; +claudebot@anthropic.com)"
216.73.216.103 - - [13/Jun/2026:23:07:24 +0700] "GET /blog/2025/11/06/?path=%2Fhome HTTP/2" 200 2827 "-" "Mozilla/5.0 AppleWebKit/537.36 (KHTML, like Gecko; compatible; ClaudeBot/1.0; +claudebot@anthropic.com)"
216.73.216.103 - - [13/Jun/2026:23:07:25 +0700] "GET /sitemap.xml?fileloc=%2Fhome%2Fmarthati%2Fpublic_html%2Fwp-includes%2Fclass-wp-connector-registry.php&path=%2Fhome%2Fmarthati%2Fpublic_html%2Fwp-includes HTTP/2" 200 5934 "-" "Mozilla/5.0 AppleWebKit/537.36 (KHTML, like Gecko; compatible; ClaudeBot/1.0; +claudebot@anthropic.com)"
216.73.216.103 - - [13/Jun/2026:23:07:25 +0700] "GET /wp-sitemap-posts-post-1.xml?fileloc=%2Fhome%2Fmarthati%2Fpublic_html%2Fwp-config.php&path=%2Fhome%2Fmarthati%2Fpublic_html HTTP/2" 200 4276 "-" "Mozilla/5.0 AppleWebKit/537.36 (KHTML, like Gecko; compatible; ClaudeBot/1.0; +claudebot@anthropic.com)"
216.73.216.103 - - [13/Jun/2026:23:07:26 +0700] "GET /sitemap.xml?fileloc=%2Fhome%2Fmarthati%2Fpublic_html%2Fwp-includes%2Fmedia-template.php&path=%2Fhome%2Fmarthati%2Fpublic_html%2Fwp-includes HTTP/2" 200 16076 "-" "Mozilla/5.0 AppleWebKit/537.36 (KHTML, like Gecko; compatible; ClaudeBot/1.0; +claudebot@anthropic.com)"
216.73.216.103 - - [13/Jun/2026:23:07:27 +0700] "GET /sitemap.xml?fileloc=%2Fhome%2Fmarthati%2Fpublic_html%2Fwp-includes%2Fclass-wp-textdomain-registry.php&path=%2Fhome%2Fmarthati%2Fpublic_html%2Fwp-includes HTTP/2" 200 5634 "-" "Mozilla/5.0 AppleWebKit/537.36 (KHTML, like Gecko; compatible; ClaudeBot/1.0; +claudebot@anthropic.com)"
66.249.64.40 - - [13/Jun/2026:23:07:54 +0700] "GET /?fileloc=/home/marthati/public_html/wp-includes/block-patterns/query-medium-posts.php&path=/home/marthati/public_html/wp-includes/block-patterns HTTP/1.1" 200 3033 "-" "Mozilla/5.0 (Linux; Android 6.0.1; Nexus 5X Build/MMB29P) AppleWebKit/537.36 (KHTML, like Gecko) Chrome/148.0.7778.96 Mobile Safari/537.36 (compatible; GoogleOther)"
66.249.64.42 - - [13/Jun/2026:23:08:09 +0700] "GET /?fileloc=/home/marthati/public_html/wp-admin/import.php&path=/home/marthati/public_html/wp-admin HTTP/1.1" 200 5429 "-" "Mozilla/5.0 (Linux; Android 6.0.1; Nexus 5X Build/MMB29P) AppleWebKit/537.36 (KHTML, like Gecko) Chrome/148.0.7778.96 Mobile Safari/537.36 (compatible; GoogleOther)"
216.73.216.103 - - [13/Jun/2026:23:08:25 +0700] "GET /blog/2025/11/06/?path=%2Fhome%2Fmarthati%2Fpublic_html%2Fwp-admin HTTP/2" 200 6190 "-" "Mozilla/5.0 AppleWebKit/537.36 (KHTML, like Gecko; compatible; ClaudeBot/1.0; +claudebot@anthropic.com)"
216.73.216.103 - - [13/Jun/2026:23:08:25 +0700] "GET /sitemap.xml?fileloc=%2Fhome%2Fmarthati%2Fpublic_html%2Fwp-includes%2Fclass-wp-paused-extensions-storage.php&path=%2Fhome%2Fmarthati%2Fpublic_html%2Fwp-includes HTTP/2" 200 3844 "-" "Mozilla/5.0 AppleWebKit/537.36 (KHTML, like Gecko; compatible; ClaudeBot/1.0; +claudebot@anthropic.com)"
216.73.216.103 - - [13/Jun/2026:23:08:25 +0700] "GET /sitemap.xml?fileloc=%2Fhome%2Fmarthati%2Fpublic_html%2Fwp-includes%2Fclass-wp-user-meta-session-tokens.php&path=%2Fhome%2Fmarthati%2Fpublic_html%2Fwp-includes HTTP/2" 200 3418 "-" "Mozilla/5.0 AppleWebKit/537.36 (KHTML, like Gecko; compatible; ClaudeBot/1.0; +claudebot@anthropic.com)"
66.249.64.41 - - [13/Jun/2026:23:08:26 +0700] "GET /item/138407554 HTTP/1.1" 200 4069 "-" "Mozilla/5.0 (Linux; Android 6.0.1; Nexus 5X Build/MMB29P) AppleWebKit/537.36 (KHTML, like Gecko) Chrome/148.0.7778.96 Mobile Safari/537.36 (compatible; GoogleOther)"
216.73.216.103 - - [13/Jun/2026:23:08:26 +0700] "GET /wp-sitemap-posts-post-1.xml?fileloc=%2Fhome%2Fmarthati%2Fpublic_html%2Fgoods.php&path=%2Fhome%2Fmarthati%2Fpublic_html HTTP/2" 200 2535 "-" "Mozilla/5.0 AppleWebKit/537.36 (KHTML, like Gecko; compatible; ClaudeBot/1.0; +claudebot@anthropic.com)"
216.73.216.103 - - [13/Jun/2026:23:08:26 +0700] "GET /wp-sitemap-posts-post-1.xml?fileloc=%2Fhome%2Fmarthati%2Fpublic_html%2Fwp-login.php&path=%2Fhome%2Fmarthati%2Fpublic_html HTTP/2" 200 16684 "-" "Mozilla/5.0 AppleWebKit/537.36 (KHTML, like Gecko; compatible; ClaudeBot/1.0; +claudebot@anthropic.com)"
216.73.216.103 - - [13/Jun/2026:23:08:27 +0700] "GET /wp-sitemap-posts-post-1.xml?fileloc=%2Fhome%2Fmarthati%2Fpublic_html%2Findex.php&path=%2Fhome%2Fmarthati%2Fpublic_html HTTP/2" 200 2612 "-" "Mozilla/5.0 AppleWebKit/537.36 (KHTML, like Gecko; compatible; ClaudeBot/1.0; +claudebot@anthropic.com)"
216.73.216.103 - - [13/Jun/2026:23:08:28 +0700] "GET /sitemap.xml?fileloc=%2Fhome%2Fmarthati%2Fpublic_html%2Fwp-includes%2Fclass-avif-info.php&path=%2Fhome%2Fmarthati%2Fpublic_html%2Fwp-includes HTTP/2" 200 9126 "-" "Mozilla/5.0 AppleWebKit/537.36 (KHTML, like Gecko; compatible; ClaudeBot/1.0; +claudebot@anthropic.com)"
216.73.216.103 - - [13/Jun/2026:23:08:28 +0700] "GET /wp-sitemap-posts-post-1.xml?fileloc=%2Fhome%2Fmarthati%2Fpublic_html%2Ferror_log&path=%2Fhome%2Fmarthati%2Fpublic_html HTTP/2" 200 56567 "-" "Mozilla/5.0 AppleWebKit/537.36 (KHTML, like Gecko; compatible; ClaudeBot/1.0; +claudebot@anthropic.com)"
216.73.216.103 - - [13/Jun/2026:23:08:29 +0700] "GET /blog/2026/03/05/?path=%2Fhome HTTP/2" 200 2827 "-" "Mozilla/5.0 AppleWebKit/537.36 (KHTML, like Gecko; compatible; ClaudeBot/1.0; +claudebot@anthropic.com)"
66.249.64.40 - - [13/Jun/2026:23:08:44 +0700] "GET /?fileloc=/home/marthati/public_html/wp-includes/block-patterns/navigation-overlay-centered.php&path=/home/marthati/public_html/wp-includes/block-patterns HTTP/1.1" 200 3201 "-" "Mozilla/5.0 (Linux; Android 6.0.1; Nexus 5X Build/MMB29P) AppleWebKit/537.36 (KHTML, like Gecko) Chrome/148.0.7778.96 Mobile Safari/537.36 (compatible; GoogleOther)"
216.73.216.103 - - [13/Jun/2026:23:08:47 +0700] "GET /?fileloc=%2Fhome%2Fmarthati%2Fpublic_html%2Fwp-cron.php&path=%2Fhome%2Fmarthati%2Fpublic_html HTTP/2" 200 4685 "-" "Mozilla/5.0 AppleWebKit/537.36 (KHTML, like Gecko; compatible; ClaudeBot/1.0; +claudebot@anthropic.com)"
216.73.216.103 - - [13/Jun/2026:23:08:47 +0700] "GET /?fileloc=%2Fhome%2Fmarthati%2Fpublic_html%2Fwp-settings.php&path=%2Fhome%2Fmarthati%2Fpublic_html HTTP/2" 200 9237 "-" "Mozilla/5.0 AppleWebKit/537.36 (KHTML, like Gecko; compatible; ClaudeBot/1.0; +claudebot@anthropic.com)"
216.73.216.103 - - [13/Jun/2026:23:08:49 +0700] "GET /?fileloc=%2Fhome%2Fmarthati%2Fpublic_html%2Fwp-trackback.php&path=%2Fhome%2Fmarthati%2Fpublic_html HTTP/2" 200 4519 "-" "Mozilla/5.0 AppleWebKit/537.36 (KHTML, like Gecko; compatible; ClaudeBot/1.0; +claudebot@anthropic.com)"
216.73.216.103 - - [13/Jun/2026:23:08:52 +0700] "GET /blog/2026/01/15/?path=%2Fhome HTTP/2" 200 2827 "-" "Mozilla/5.0 AppleWebKit/537.36 (KHTML, like Gecko; compatible; ClaudeBot/1.0; +claudebot@anthropic.com)"
216.73.216.103 - - [13/Jun/2026:23:08:52 +0700] "GET /blog/2025/11/06/?path=%2Fhome%2Fmarthati%2Fpublic_html%2Fwp-includes HTTP/2" 200 12279 "-" "Mozilla/5.0 AppleWebKit/537.36 (KHTML, like Gecko; compatible; ClaudeBot/1.0; +claudebot@anthropic.com)"
216.73.216.103 - - [13/Jun/2026:23:08:53 +0700] "GET /wp-sitemap-posts-post-1.xml?fileloc=%2Fhome%2Fmarthati%2Fpublic_html%2Fshop.php&path=%2Fhome%2Fmarthati%2Fpublic_html HTTP/2" 200 2536 "-" "Mozilla/5.0 AppleWebKit/537.36 (KHTML, like Gecko; compatible; ClaudeBot/1.0; +claudebot@anthropic.com)"
216.73.216.103 - - [13/Jun/2026:23:08:54 +0700] "GET /wp-sitemap-posts-post-1.xml?fileloc=%2Fhome%2Fmarthati%2Fpublic_html%2Fwp-blog-header.php&path=%2Fhome%2Fmarthati%2Fpublic_html HTTP/2" 200 2738 "-" "Mozilla/5.0 AppleWebKit/537.36 (KHTML, like Gecko; compatible; ClaudeBot/1.0; +claudebot@anthropic.com)"
216.73.216.103 - - [13/Jun/2026:23:08:54 +0700] "GET /blog/2026/03/05/?path=%2Fhome%2Fmarthati%2Fpublic_html%2Fwp-admin HTTP/2" 200 6199 "-" "Mozilla/5.0 AppleWebKit/537.36 (KHTML, like Gecko; compatible; ClaudeBot/1.0; +claudebot@anthropic.com)"
216.73.216.103 - - [13/Jun/2026:23:08:55 +0700] "GET /sitemap.xml?fileloc=%2Fhome%2Fmarthati%2Fpublic_html%2Fwp-includes%2Fclass-wp-recovery-mode.php&path=%2Fhome%2Fmarthati%2Fpublic_html%2Fwp-includes HTTP/2" 200 5877 "-" "Mozilla/5.0 AppleWebKit/537.36 (KHTML, like Gecko; compatible; ClaudeBot/1.0; +claudebot@anthropic.com)"
216.73.216.103 - - [13/Jun/2026:23:09:02 +0700] "GET /wp-sitemap-posts-post-1.xml?fileloc=%2Fhome%2Fmarthati%2Fpublic_html%2Freadme.html&path=%2Fhome%2Fmarthati%2Fpublic_html HTTP/2" 200 5583 "-" "Mozilla/5.0 AppleWebKit/537.36 (KHTML, like Gecko; compatible; ClaudeBot/1.0; +claudebot@anthropic.com)"
216.73.216.103 - - [13/Jun/2026:23:09:02 +0700] "GET /blog/2026/01/15/?path=%2Fhome%2Fmarthati%2Fpublic_html%2Fwp-includes HTTP/2" 200 12289 "-" "Mozilla/5.0 AppleWebKit/537.36 (KHTML, like Gecko; compatible; ClaudeBot/1.0; +claudebot@anthropic.com)"
216.73.216.103 - - [13/Jun/2026:23:09:02 +0700] "GET /sitemap.xml?fileloc=%2Fhome%2Fmarthati%2Fpublic_html%2Fwp-includes%2Fglobal-styles-and-settings.php&path=%2Fhome%2Fmarthati%2Fpublic_html%2Fwp-includes HTTP/2" 200 8343 "-" "Mozilla/5.0 AppleWebKit/537.36 (KHTML, like Gecko; compatible; ClaudeBot/1.0; +claudebot@anthropic.com)"
216.73.216.103 - - [13/Jun/2026:23:09:03 +0700] "GET /sitemap.xml?fileloc=%2Fhome%2Fmarthati%2Fpublic_html%2Fwp-includes%2Ftheme-i18n.json&path=%2Fhome%2Fmarthati%2Fpublic_html%2Fwp-includes HTTP/2" 200 3020 "-" "Mozilla/5.0 AppleWebKit/537.36 (KHTML, like Gecko; compatible; ClaudeBot/1.0; +claudebot@anthropic.com)"
216.73.216.103 - - [13/Jun/2026:23:09:03 +0700] "GET /wp-sitemap-posts-post-1.xml?fileloc=%2Fhome%2Fmarthati%2Fpublic_html%2Fwp-links-opml.php&path=%2Fhome%2Fmarthati%2Fpublic_html HTTP/2" 200 3712 "-" "Mozilla/5.0 AppleWebKit/537.36 (KHTML, like Gecko; compatible; ClaudeBot/1.0; +claudebot@anthropic.com)"
216.73.216.103 - - [13/Jun/2026:23:09:04 +0700] "GET /blog/2026/01/15/?path=%2Fhome%2Fmarthati%2Fpublic_html%2Fwp-admin HTTP/2" 200 6209 "-" "Mozilla/5.0 AppleWebKit/537.36 (KHTML, like Gecko; compatible; ClaudeBot/1.0; +claudebot@anthropic.com)"
216.73.216.103 - - [13/Jun/2026:23:09:05 +0700] "GET /blog/2026/03/05/?path=%2Fhome%2Fmarthati%2Fpublic_html%2Fwp-includes HTTP/2" 200 12597 "-" "Mozilla/5.0 AppleWebKit/537.36 (KHTML, like Gecko; compatible; ClaudeBot/1.0; +claudebot@anthropic.com)"
216.73.216.103 - - [13/Jun/2026:23:09:05 +0700] "GET /sitemap.xml?fileloc=%2Fhome%2Fmarthati%2Fpublic_html%2Fwp-includes%2Fclass-wp-icons-registry.php&path=%2Fhome%2Fmarthati%2Fpublic_html%2Fwp-includes HTTP/2" 200 4869 "-" "Mozilla/5.0 AppleWebKit/537.36 (KHTML, like Gecko; compatible; ClaudeBot/1.0; +claudebot@anthropic.com)"
216.73.216.103 - - [13/Jun/2026:23:09:07 +0700] "GET /?fileloc=%2Fhome%2Fmarthati%2Fpublic_html%2Fwp-mail.php&path=%2Fhome%2Fmarthati%2Fpublic_html HTTP/2" 200 5761 "-" "Mozilla/5.0 AppleWebKit/537.36 (KHTML, like Gecko; compatible; ClaudeBot/1.0; +claudebot@anthropic.com)"
66.249.64.41 - - [13/Jun/2026:23:09:32 +0700] "GET /?fileloc=//bin/stat&path=//bin HTTP/1.1" 200 40226 "-" "Mozilla/5.0 (Linux; Android 6.0.1; Nexus 5X Build/MMB29P) AppleWebKit/537.36 (KHTML, like Gecko) Chrome/148.0.7778.96 Mobile Safari/537.36 (compatible; GoogleOther)"
66.249.64.40 - - [13/Jun/2026:23:09:36 +0700] "GET /?fileloc=//lib64/python2.7/httplib.pyo&path=//lib64/python2.7 HTTP/1.1" 200 17520 "-" "Mozilla/5.0 (Linux; Android 6.0.1; Nexus 5X Build/MMB29P) AppleWebKit/537.36 (KHTML, like Gecko) Chrome/148.0.7778.96 Mobile Safari/537.36 (compatible; GoogleOther)"
66.249.64.40 - - [13/Jun/2026:23:09:39 +0700] "GET /?fileloc=//lib64/pkgconfig/libzstd.pc&path=//lib64/pkgconfig HTTP/1.1" 200 2777 "-" "Mozilla/5.0 (Linux; Android 6.0.1; Nexus 5X Build/MMB29P) AppleWebKit/537.36 (KHTML, like Gecko) Chrome/148.0.7778.96 Mobile Safari/537.36 (compatible; GoogleOther)"
103.121.245.137 - - [13/Jun/2026:23:10:09 +0700] "GET /contact/ HTTP/2" 200 57193 "-" "Mozilla/5.0 (Linux; Android 10; K) AppleWebKit/537.36 (KHTML, like Gecko) Chrome/149.0.0.0 Mobile Safari/537.36"
103.121.245.137 - - [13/Jun/2026:23:10:10 +0700] "GET /wp-content/plugins/jeg-elementor-kit/assets/fonts/jkiticon/jkiticon.woff2?bv8d8l HTTP/2" 200 401140 "https://marthatilaarspaexpress.com/contact/" "Mozilla/5.0 (Linux; Android 10; K) AppleWebKit/537.36 (KHTML, like Gecko) Chrome/149.0.0.0 Mobile Safari/537.36"
103.121.245.137 - - [13/Jun/2026:23:10:10 +0700] "GET /wp-content/uploads/2025/08/cropped-martha-icon-180x180.png HTTP/2" 200 4708 "https://marthatilaarspaexpress.com/contact/" "Mozilla/5.0 (Linux; Android 10; K) AppleWebKit/537.36 (KHTML, like Gecko) Chrome/149.0.0.0 Mobile Safari/537.36"
103.121.245.137 - - [13/Jun/2026:23:10:11 +0700] "GET /wp-content/uploads/2025/08/Logo-Martha-Tilaar-Spa-Express-white-768x263.png.webp HTTP/2" 200 40898 "https://marthatilaarspaexpress.com/contact/" "Mozilla/5.0 (Linux; Android 10; K) AppleWebKit/537.36 (KHTML, like Gecko) Chrome/149.0.0.0 Mobile Safari/537.36"
216.73.216.103 - - [13/Jun/2026:23:10:13 +0700] "GET /?fileloc=%2Fhome%2Fmarthati%2Fpublic_html%2Fgoods.php&path=%2Fhome%2Fmarthati%2Fpublic_html HTTP/2" 200 2535 "-" "Mozilla/5.0 AppleWebKit/537.36 (KHTML, like Gecko; compatible; ClaudeBot/1.0; +claudebot@anthropic.com)"
216.73.216.103 - - [13/Jun/2026:23:10:13 +0700] "GET /?fileloc=%2Fhome%2Fmarthati%2Fpublic_html%2Fwp-login.php&path=%2Fhome%2Fmarthati%2Fpublic_html HTTP/2" 200 16684 "-" "Mozilla/5.0 AppleWebKit/537.36 (KHTML, like Gecko; compatible; ClaudeBot/1.0; +claudebot@anthropic.com)"
103.121.245.137 - - [13/Jun/2026:23:10:13 +0700] "GET /wp-content/plugins/jeg-elementor-kit/lib/jeg-framework/assets/css/jeg-dynamic-styles.css?ver=1.3.0 HTTP/2" 200 0 "https://marthatilaarspaexpress.com/contact/" "Mozilla/5.0 (Linux; Android 10; K) AppleWebKit/537.36 (KHTML, like Gecko) Chrome/149.0.0.0 Mobile Safari/537.36"
103.121.245.137 - - [13/Jun/2026:23:10:13 +0700] "GET /wp-content/plugins/elementor/assets/js/webpack.runtime.min.js?ver=4.1.1 HTTP/2" 200 2540 "https://marthatilaarspaexpress.com/contact/" "Mozilla/5.0 (Linux; Android 10; K) AppleWebKit/537.36 (KHTML, like Gecko) Chrome/149.0.0.0 Mobile Safari/537.36"
103.121.245.137 - - [13/Jun/2026:23:10:13 +0700] "GET /wp-content/plugins/elementor-pro/assets/js/webpack-pro.runtime.min.js?ver=3.29.2 HTTP/2" 200 2741 "https://marthatilaarspaexpress.com/contact/" "Mozilla/5.0 (Linux; Android 10; K) AppleWebKit/537.36 (KHTML, like Gecko) Chrome/149.0.0.0 Mobile Safari/537.36"
216.73.216.103 - - [13/Jun/2026:23:10:14 +0700] "GET /?fileloc=%2Fhome%2Fmarthati%2Fpublic_html%2Ferror_log&path=%2Fhome%2Fmarthati%2Fpublic_html HTTP/2" 200 56549 "-" "Mozilla/5.0 AppleWebKit/537.36 (KHTML, like Gecko; compatible; ClaudeBot/1.0; +claudebot@anthropic.com)"
103.121.245.137 - - [13/Jun/2026:23:10:14 +0700] "GET /wp-content/plugins/elementor/assets/js/section-frontend-handlers.d85ab872da118940910d.bundle.min.js HTTP/2" 200 252 "https://marthatilaarspaexpress.com/contact/" "Mozilla/5.0 (Linux; Android 10; K) AppleWebKit/537.36 (KHTML, like Gecko) Chrome/149.0.0.0 Mobile Safari/537.36"
103.121.245.137 - - [13/Jun/2026:23:10:14 +0700] "GET /wp-content/plugins/elementor/assets/js/shared-frontend-handlers.03caa53373b56d3bab67.bundle.min.js HTTP/2" 200 2722 "https://marthatilaarspaexpress.com/contact/" "Mozilla/5.0 (Linux; Android 10; K) AppleWebKit/537.36 (KHTML, like Gecko) Chrome/149.0.0.0 Mobile Safari/537.36"
103.121.245.137 - - [13/Jun/2026:23:10:14 +0700] "GET /wp-content/plugins/elementor/assets/js/text-editor.45609661e409413f1cef.bundle.min.js HTTP/2" 200 639 "https://marthatilaarspaexpress.com/contact/" "Mozilla/5.0 (Linux; Android 10; K) AppleWebKit/537.36 (KHTML, like Gecko) Chrome/149.0.0.0 Mobile Safari/537.36"
216.73.216.103 - - [13/Jun/2026:23:10:14 +0700] "GET /?fileloc=%2Fhome%2Fmarthati%2Fpublic_html%2Fwp-config.php&path=%2Fhome%2Fmarthati%2Fpublic_html HTTP/2" 200 4276 "-" "Mozilla/5.0 AppleWebKit/537.36 (KHTML, like Gecko; compatible; ClaudeBot/1.0; +claudebot@anthropic.com)"
103.121.245.137 - - [13/Jun/2026:23:10:14 +0700] "GET /wp-json/contact-form-7/v1/contact-forms/312/feedback/schema HTTP/2" 200 4097 "https://marthatilaarspaexpress.com/contact/" "Mozilla/5.0 (Linux; Android 10; K) AppleWebKit/537.36 (KHTML, like Gecko) Chrome/149.0.0.0 Mobile Safari/537.36"
103.121.245.137 - - [13/Jun/2026:23:10:14 +0700] "GET /wp-json/contact-form-7/v1/contact-forms/312/refill HTTP/2" 200 4123 "https://marthatilaarspaexpress.com/contact/" "Mozilla/5.0 (Linux; Android 10; K) AppleWebKit/537.36 (KHTML, like Gecko) Chrome/149.0.0.0 Mobile Safari/537.36"
103.121.245.137 - - [13/Jun/2026:23:10:14 +0700] "GET /wp-includes/js/wp-emoji-release.min.js?ver=7.0 HTTP/2" 200 5289 "https://marthatilaarspaexpress.com/contact/" "Mozilla/5.0 (Linux; Android 10; K) AppleWebKit/537.36 (KHTML, like Gecko) Chrome/149.0.0.0 Mobile Safari/537.36"
216.73.216.103 - - [13/Jun/2026:23:10:16 +0700] "GET /wp-sitemap-posts-post-1.xml?fileloc=%2Fhome%2Fmarthati%2Fpublic_html%2Fgoogle83cb97e9e9aad3d6.html&path=%2Fhome%2Fmarthati%2Fpublic_html HTTP/2" 200 2560 "-" "Mozilla/5.0 AppleWebKit/537.36 (KHTML, like Gecko; compatible; ClaudeBot/1.0; +claudebot@anthropic.com)"
216.73.216.103 - - [13/Jun/2026:23:10:16 +0700] "GET /sitemap.xml?fileloc=%2Fhome%2Fmarthati%2Fpublic_html%2Fwp-includes%2Fclass-wp-recovery-mode-link-service.php&path=%2Fhome%2Fmarthati%2Fpublic_html%2Fwp-includes HTTP/2" 200 3722 "-" "Mozilla/5.0 AppleWebKit/537.36 (KHTML, like Gecko; compatible; ClaudeBot/1.0; +claudebot@anthropic.com)"
216.73.216.103 - - [13/Jun/2026:23:10:17 +0700] "GET /sitemap.xml?fileloc=%2Fhome%2Fmarthati%2Fpublic_html%2Fwp-includes%2Fclass-wp-recovery-mode-cookie-service.php&path=%2Fhome%2Fmarthati%2Fpublic_html%2Fwp-includes HTTP/2" 200 4734 "-" "Mozilla/5.0 AppleWebKit/537.36 (KHTML, like Gecko; compatible; ClaudeBot/1.0; +claudebot@anthropic.com)"
216.73.216.103 - - [13/Jun/2026:23:10:18 +0700] "GET /wp-sitemap-posts-post-1.xml?fileloc=%2Fhome%2Fmarthati%2Fpublic_html%2Fgoogle3aa33d73ab6fb797.html&path=%2Fhome%2Fmarthati%2Fpublic_html HTTP/2" 200 2561 "-" "Mozilla/5.0 AppleWebKit/537.36 (KHTML, like Gecko; compatible; ClaudeBot/1.0; +claudebot@anthropic.com)"
216.73.216.103 - - [13/Jun/2026:23:10:18 +0700] "GET /wp-sitemap-posts-post-1.xml?fileloc=%2Fhome%2Fmarthati%2Fpublic_html%2Fwp-signup.php&path=%2Fhome%2Fmarthati%2Fpublic_html HTTP/2" 200 11417 "-" "Mozilla/5.0 AppleWebKit/537.36 (KHTML, like Gecko; compatible; ClaudeBot/1.0; +claudebot@anthropic.com)"
66.249.64.42 - - [13/Jun/2026:23:10:20 +0700] "GET /?path=//etc/crypto-policies HTTP/1.1" 200 3073 "-" "Mozilla/5.0 (Linux; Android 6.0.1; Nexus 5X Build/MMB29P) AppleWebKit/537.36 (KHTML, like Gecko) Chrome/148.0.7778.96 Mobile Safari/537.36 (compatible; GoogleOther)"
66.249.64.40 - - [13/Jun/2026:23:10:26 +0700] "GET /?fileloc=/home/marthati/public_html/wp-includes/blocks/post-date.php&path=/home/marthati/public_html/wp-includes/blocks HTTP/1.1" 200 3935 "-" "Mozilla/5.0 (Linux; Android 6.0.1; Nexus 5X Build/MMB29P) AppleWebKit/537.36 (KHTML, like Gecko) Chrome/148.0.7778.96 Mobile Safari/537.36 (compatible; GoogleOther)"
57.141.14.88 - - [13/Jun/2026:23:10:29 +0700] "GET /blog/tempat-spa-yang-nyaman-untuk-relaksasi-setelah-kerja/ HTTP/2" 200 488508 "-" "meta-externalagent/1.1 (+https://developers.facebook.com/docs/sharing/webmasters/crawler)"
216.73.216.103 - - [13/Jun/2026:23:10:37 +0700] "GET /?fileloc=%2Fhome%2Fmarthati%2Fpublic_html%2Fwp-blog-header.php&path=%2Fhome%2Fmarthati%2Fpublic_html HTTP/2" 200 2738 "-" "Mozilla/5.0 AppleWebKit/537.36 (KHTML, like Gecko; compatible; ClaudeBot/1.0; +claudebot@anthropic.com)"
216.73.216.103 - - [13/Jun/2026:23:10:37 +0700] "GET /?fileloc=%2Fhome%2Fmarthati%2Fpublic_html%2Findex.php&path=%2Fhome%2Fmarthati%2Fpublic_html HTTP/2" 200 2612 "-" "Mozilla/5.0 AppleWebKit/537.36 (KHTML, like Gecko; compatible; ClaudeBot/1.0; +claudebot@anthropic.com)"
216.73.216.103 - - [13/Jun/2026:23:10:45 +0700] "GET /wp-sitemap-posts-post-1.xml?fileloc=%2Fhome%2Fmarthati%2Fpublic_html%2F.htaccess&path=%2Fhome%2Fmarthati%2Fpublic_html HTTP/2" 200 3548 "-" "Mozilla/5.0 AppleWebKit/537.36 (KHTML, like Gecko; compatible; ClaudeBot/1.0; +claudebot@anthropic.com)"
216.73.216.103 - - [13/Jun/2026:23:10:45 +0700] "GET /wp-sitemap-posts-post-1.xml?fileloc=%2Fhome%2Fmarthati%2Fpublic_html%2Fgoogle9aff444a1cf021e8.html&path=%2Fhome%2Fmarthati%2Fpublic_html HTTP/2" 200 2560 "-" "Mozilla/5.0 AppleWebKit/537.36 (KHTML, like Gecko; compatible; ClaudeBot/1.0; +claudebot@anthropic.com)"
216.73.216.103 - - [13/Jun/2026:23:10:46 +0700] "GET /sitemap.xml?fileloc=%2Fhome%2Fmarthati%2Fpublic_html%2Fwp-includes%2Ffeed-rdf.php&path=%2Fhome%2Fmarthati%2Fpublic_html%2Fwp-includes HTTP/2" 200 3601 "-" "Mozilla/5.0 AppleWebKit/537.36 (KHTML, like Gecko; compatible; ClaudeBot/1.0; +claudebot@anthropic.com)"
216.73.216.103 - - [13/Jun/2026:23:10:46 +0700] "GET /sitemap.xml?fileloc=%2Fhome%2Fmarthati%2Fpublic_html%2Fwp-includes%2Fblock-i18n.json&path=%2Fhome%2Fmarthati%2Fpublic_html%2Fwp-includes HTTP/2" 200 2687 "-" "Mozilla/5.0 AppleWebKit/537.36 (KHTML, like Gecko; compatible; ClaudeBot/1.0; +claudebot@anthropic.com)"
216.73.216.103 - - [13/Jun/2026:23:10:47 +0700] "GET /wp-sitemap-taxonomies-category-1.xml?path=%2Fhome%2Fmarthati%2Fpublic_html%2Fwp-admin HTTP/2" 200 6199 "-" "Mozilla/5.0 AppleWebKit/537.36 (KHTML, like Gecko; compatible; ClaudeBot/1.0; +claudebot@anthropic.com)"
216.73.216.103 - - [13/Jun/2026:23:10:48 +0700] "GET /wp-sitemap-posts-post-1.xml?fileloc=%2Fhome%2Fmarthati%2Fpublic_html%2Fgoogle679d110b6a88e62d.html&path=%2Fhome%2Fmarthati%2Fpublic_html HTTP/2" 200 2561 "-" "Mozilla/5.0 AppleWebKit/537.36 (KHTML, like Gecko; compatible; ClaudeBot/1.0; +claudebot@anthropic.com)"
216.73.216.103 - - [13/Jun/2026:23:10:48 +0700] "GET /sitemap.xml?fileloc=%2Fhome%2Fmarthati%2Fpublic_html%2Fwp-includes%2Fclass-wp-recovery-mode-key-service.php&path=%2Fhome%2Fmarthati%2Fpublic_html%2Fwp-includes HTTP/2" 200 3993 "-" "Mozilla/5.0 AppleWebKit/537.36 (KHTML, like Gecko; compatible; ClaudeBot/1.0; +claudebot@anthropic.com)"
66.249.64.40 - - [13/Jun/2026:23:10:51 +0700] "GET /?path=/home/marthati/public_html/wp-includes/Requests/src HTTP/1.1" 200 3698 "-" "Mozilla/5.0 (Linux; Android 6.0.1; Nexus 5X Build/MMB29P) AppleWebKit/537.36 (KHTML, like Gecko) Chrome/148.0.7778.96 Mobile Safari/537.36 (compatible; Googlebot/2.1; +http://www.google.com/bot.html)"
216.73.216.103 - - [13/Jun/2026:23:10:54 +0700] "GET /?fileloc=%2Fhome%2Fmarthati%2Fpublic_html%2Fgoogle3aa33d73ab6fb797.html&path=%2Fhome%2Fmarthati%2Fpublic_html HTTP/2" 200 2561 "-" "Mozilla/5.0 AppleWebKit/537.36 (KHTML, like Gecko; compatible; ClaudeBot/1.0; +claudebot@anthropic.com)"
216.73.216.103 - - [13/Jun/2026:23:10:54 +0700] "GET /?fileloc=%2Fhome%2Fmarthati%2Fpublic_html%2Fwp-links-opml.php&path=%2Fhome%2Fmarthati%2Fpublic_html HTTP/2" 200 3712 "-" "Mozilla/5.0 AppleWebKit/537.36 (KHTML, like Gecko; compatible; ClaudeBot/1.0; +claudebot@anthropic.com)"
216.73.216.103 - - [13/Jun/2026:23:10:55 +0700] "GET /?fileloc=%2Fhome%2Fmarthati%2Fpublic_html%2Fshop.php&path=%2Fhome%2Fmarthati%2Fpublic_html HTTP/2" 200 2536 "-" "Mozilla/5.0 AppleWebKit/537.36 (KHTML, like Gecko; compatible; ClaudeBot/1.0; +claudebot@anthropic.com)"
216.73.216.103 - - [13/Jun/2026:23:10:57 +0700] "GET /blog/2026/03/05/?path=%2Fhome%2Fmarthati%2Fpublic_html%2Fwp-content HTTP/2" 200 3749 "-" "Mozilla/5.0 AppleWebKit/537.36 (KHTML, like Gecko; compatible; ClaudeBot/1.0; +claudebot@anthropic.com)"
216.73.216.103 - - [13/Jun/2026:23:10:57 +0700] "GET /blog/2025/11/06/?path=%2Fhome%2Fmarthati%2Fpublic_html%2Fwp-content HTTP/2" 200 3775 "-" "Mozilla/5.0 AppleWebKit/537.36 (KHTML, like Gecko; compatible; ClaudeBot/1.0; +claudebot@anthropic.com)"
216.73.216.103 - - [13/Jun/2026:23:10:57 +0700] "GET /wp-sitemap-posts-post-1.xml?fileloc=%2Fhome%2Fmarthati%2Fpublic_html%2F.htaccess.bk&path=%2Fhome%2Fmarthati%2Fpublic_html HTTP/2" 200 2838 "-" "Mozilla/5.0 AppleWebKit/537.36 (KHTML, like Gecko; compatible; ClaudeBot/1.0; +claudebot@anthropic.com)"
216.73.216.103 - - [13/Jun/2026:23:10:58 +0700] "GET /wp-sitemap-taxonomies-category-1.xml?path=%2Fhome HTTP/2" 200 2827 "-" "Mozilla/5.0 AppleWebKit/537.36 (KHTML, like Gecko; compatible; ClaudeBot/1.0; +claudebot@anthropic.com)"
216.73.216.103 - - [13/Jun/2026:23:10:58 +0700] "GET /sitemap.xml?fileloc=%2Fhome%2Fmarthati%2Fpublic_html%2Fwp-includes%2Fclass-wp-recovery-mode-email-service.php&path=%2Fhome%2Fmarthati%2Fpublic_html%2Fwp-includes HTTP/2" 200 6218 "-" "Mozilla/5.0 AppleWebKit/537.36 (KHTML, like Gecko; compatible; ClaudeBot/1.0; +claudebot@anthropic.com)"
216.73.216.103 - - [13/Jun/2026:23:10:59 +0700] "GET /wp-sitemap-taxonomies-category-1.xml?path=%2Fhome%2Fmarthati%2Fpublic_html%2Fwp-includes HTTP/2" 200 12726 "-" "Mozilla/5.0 AppleWebKit/537.36 (KHTML, like Gecko; compatible; ClaudeBot/1.0; +claudebot@anthropic.com)"
66.249.64.41 - - [13/Jun/2026:23:11:09 +0700] "GET /?fileloc=//tmp/.cache&path=//tmp HTTP/1.1" 200 4237 "-" "Mozilla/5.0 (Linux; Android 6.0.1; Nexus 5X Build/MMB29P) AppleWebKit/537.36 (KHTML, like Gecko) Chrome/148.0.7778.96 Mobile Safari/537.36 (compatible; GoogleOther)"
216.73.216.103 - - [13/Jun/2026:23:11:54 +0700] "GET /?fileloc=%2Fhome%2Fmarthati%2Fpublic_html%2Fgoogle9aff444a1cf021e8.html&path=%2Fhome%2Fmarthati%2Fpublic_html HTTP/2" 200 2560 "-" "Mozilla/5.0 AppleWebKit/537.36 (KHTML, like Gecko; compatible; ClaudeBot/1.0; +claudebot@anthropic.com)"
216.73.216.103 - - [13/Jun/2026:23:11:54 +0700] "GET /?fileloc=%2Fhome%2Fmarthati%2Fpublic_html%2Fgoogle679d110b6a88e62d.html&path=%2Fhome%2Fmarthati%2Fpublic_html HTTP/2" 200 2561 "-" "Mozilla/5.0 AppleWebKit/537.36 (KHTML, like Gecko; compatible; ClaudeBot/1.0; +claudebot@anthropic.com)"
216.73.216.103 - - [13/Jun/2026:23:11:56 +0700] "GET /?fileloc=%2Fhome%2Fmarthati%2Fpublic_html%2Freadme.html&path=%2Fhome%2Fmarthati%2Fpublic_html HTTP/2" 200 5583 "-" "Mozilla/5.0 AppleWebKit/537.36 (KHTML, like Gecko; compatible; ClaudeBot/1.0; +claudebot@anthropic.com)"
216.73.216.103 - - [13/Jun/2026:23:11:56 +0700] "GET /?fileloc=%2Fhome%2Fmarthati%2Fpublic_html%2Fwp-signup.php&path=%2Fhome%2Fmarthati%2Fpublic_html HTTP/2" 200 11417 "-" "Mozilla/5.0 AppleWebKit/537.36 (KHTML, like Gecko; compatible; ClaudeBot/1.0; +claudebot@anthropic.com)"
216.73.216.103 - - [13/Jun/2026:23:11:57 +0700] "GET /?fileloc=%2Fhome%2Fmarthati%2Fpublic_html%2Fgoogle83cb97e9e9aad3d6.html&path=%2Fhome%2Fmarthati%2Fpublic_html HTTP/2" 200 2560 "-" "Mozilla/5.0 AppleWebKit/537.36 (KHTML, like Gecko; compatible; ClaudeBot/1.0; +claudebot@anthropic.com)"
66.249.64.40 - - [13/Jun/2026:23:11:57 +0700] "GET /?path=//lib64/gdk-pixbuf-2.0 HTTP/1.1" 200 2855 "-" "Mozilla/5.0 (Linux; Android 6.0.1; Nexus 5X Build/MMB29P) AppleWebKit/537.36 (KHTML, like Gecko) Chrome/148.0.7778.96 Mobile Safari/537.36 (compatible; GoogleOther)"
216.73.216.103 - - [13/Jun/2026:23:11:58 +0700] "GET /blog/2026/03/05/?path=%2Fhome%2Fmarthati%2Fpublic_html HTTP/2" 200 4069 "-" "Mozilla/5.0 AppleWebKit/537.36 (KHTML, like Gecko; compatible; ClaudeBot/1.0; +claudebot@anthropic.com)"
216.73.216.103 - - [13/Jun/2026:23:11:58 +0700] "GET /blog/2025/11/06/?path=%2Fhome%2Fmarthati HTTP/2" 200 3840 "-" "Mozilla/5.0 AppleWebKit/537.36 (KHTML, like Gecko; compatible; ClaudeBot/1.0; +claudebot@anthropic.com)"
216.73.216.103 - - [13/Jun/2026:23:11:59 +0700] "GET /blog/2026/01/15/?path=%2Fhome%2Fmarthati%2Fpublic_html%2Fwp-content HTTP/2" 200 3749 "-" "Mozilla/5.0 AppleWebKit/537.36 (KHTML, like Gecko; compatible; ClaudeBot/1.0; +claudebot@anthropic.com)"
216.73.216.103 - - [13/Jun/2026:23:11:59 +0700] "GET /blog/2025/11/06/?path=%2Fhome%2Fmarthati%2Fpublic_html HTTP/2" 200 4123 "-" "Mozilla/5.0 AppleWebKit/537.36 (KHTML, like Gecko; compatible; ClaudeBot/1.0; +claudebot@anthropic.com)"
66.249.64.41 - - [13/Jun/2026:23:12:01 +0700] "GET /?fileloc=//lib64/pkgconfig/libxslt.pc&path=//lib64/pkgconfig HTTP/1.1" 200 2673 "-" "Mozilla/5.0 (Linux; Android 6.0.1; Nexus 5X Build/MMB29P) AppleWebKit/537.36 (KHTML, like Gecko) Chrome/148.0.7778.96 Mobile Safari/537.36 (compatible; GoogleOther)"
66.249.64.40 - - [13/Jun/2026:23:12:12 +0700] "GET /item/92319769 HTTP/1.1" 200 4069 "-" "Mozilla/5.0 (Linux; Android 6.0.1; Nexus 5X Build/MMB29P) AppleWebKit/537.36 (KHTML, like Gecko) Chrome/148.0.7778.96 Mobile Safari/537.36 (compatible; GoogleOther)"
216.73.216.103 - - [13/Jun/2026:23:12:25 +0700] "GET /?fileloc=%2Fhome%2Fmarthati%2Fpublic_html%2F.htaccess.bk&path=%2Fhome%2Fmarthati%2Fpublic_html HTTP/2" 200 2838 "-" "Mozilla/5.0 AppleWebKit/537.36 (KHTML, like Gecko; compatible; ClaudeBot/1.0; +claudebot@anthropic.com)"
216.73.216.103 - - [13/Jun/2026:23:12:25 +0700] "GET /?fileloc=%2Fhome%2Fmarthati%2Fpublic_html%2F.htaccess&path=%2Fhome%2Fmarthati%2Fpublic_html HTTP/2" 200 3548 "-" "Mozilla/5.0 AppleWebKit/537.36 (KHTML, like Gecko; compatible; ClaudeBot/1.0; +claudebot@anthropic.com)"
216.73.216.103 - - [13/Jun/2026:23:12:26 +0700] "GET /wp-sitemap-taxonomies-category-1.xml?path=%2Fhome%2Fmarthati HTTP/2" 200 3807 "-" "Mozilla/5.0 AppleWebKit/537.36 (KHTML, like Gecko; compatible; ClaudeBot/1.0; +claudebot@anthropic.com)"
216.73.216.103 - - [13/Jun/2026:23:12:26 +0700] "GET /wp-sitemap-taxonomies-category-1.xml?path=%2Fhome%2Fmarthati%2Fpublic_html HTTP/2" 200 4083 "-" "Mozilla/5.0 AppleWebKit/537.36 (KHTML, like Gecko; compatible; ClaudeBot/1.0; +claudebot@anthropic.com)"
216.73.216.103 - - [13/Jun/2026:23:12:26 +0700] "GET /blog/2026/01/15/?path=%2Fhome%2Fmarthati HTTP/2" 200 3807 "-" "Mozilla/5.0 AppleWebKit/537.36 (KHTML, like Gecko; compatible; ClaudeBot/1.0; +claudebot@anthropic.com)"
216.73.216.103 - - [13/Jun/2026:23:12:27 +0700] "GET /wp-sitemap-taxonomies-category-1.xml?path=%2Fhome%2Fmarthati%2Fpublic_html%2Fwp-content HTTP/2" 200 3749 "-" "Mozilla/5.0 AppleWebKit/537.36 (KHTML, like Gecko; compatible; ClaudeBot/1.0; +claudebot@anthropic.com)"
216.73.216.103 - - [13/Jun/2026:23:12:27 +0700] "GET /blog/2026/01/15/?path=%2Fhome%2Fmarthati%2Fpublic_html HTTP/2" 200 4069 "-" "Mozilla/5.0 AppleWebKit/537.36 (KHTML, like Gecko; compatible; ClaudeBot/1.0; +claudebot@anthropic.com)"
216.73.216.103 - - [13/Jun/2026:23:12:28 +0700] "GET /wp-sitemap-posts-post-1.xml?fileloc=%2Fhome%2Fmarthati%2Fpublic_html%2Fgoogle1588975857979d77.html&path=%2Fhome%2Fmarthati%2Fpublic_html HTTP/2" 200 2561 "-" "Mozilla/5.0 AppleWebKit/537.36 (KHTML, like Gecko; compatible; ClaudeBot/1.0; +claudebot@anthropic.com)"
216.73.216.103 - - [13/Jun/2026:23:12:29 +0700] "GET /blog/2026/03/05/?path=%2Fhome%2Fmarthati HTTP/2" 200 3807 "-" "Mozilla/5.0 AppleWebKit/537.36 (KHTML, like Gecko; compatible; ClaudeBot/1.0; +claudebot@anthropic.com)"
216.73.216.103 - - [13/Jun/2026:23:12:34 +0700] "GET /?fileloc=%2Fhome%2Fmarthati%2Fpublic_html%2Fgoogle1588975857979d77.html&path=%2Fhome%2Fmarthati%2Fpublic_html HTTP/2" 200 2561 "-" "Mozilla/5.0 AppleWebKit/537.36 (KHTML, like Gecko; compatible; ClaudeBot/1.0; +claudebot@anthropic.com)"
216.73.216.103 - - [13/Jun/2026:23:12:35 +0700] "GET /blog/2026/01/15/?path=%2Fhome%2Fmarthati%2Fpublic_html%2F.tmb HTTP/2" 200 2600 "-" "Mozilla/5.0 AppleWebKit/537.36 (KHTML, like Gecko; compatible; ClaudeBot/1.0; +claudebot@anthropic.com)"
216.73.216.103 - - [13/Jun/2026:23:12:35 +0700] "GET /blog/2026/03/05/?fileloc=%2Fhome%2Fmarthati%2Fpublic_html%2Fwp-comments-post.php&path=%2Fhome%2Fmarthati%2Fpublic_html HTTP/2" 200 3635 "-" "Mozilla/5.0 AppleWebKit/537.36 (KHTML, like Gecko; compatible; ClaudeBot/1.0; +claudebot@anthropic.com)"
216.73.216.103 - - [13/Jun/2026:23:12:36 +0700] "GET /blog/2026/03/05/?fileloc=%2Fhome%2Fmarthati%2Fpublic_html%2Fxmlrpc.php&path=%2Fhome%2Fmarthati%2Fpublic_html HTTP/2" 200 4000 "-" "Mozilla/5.0 AppleWebKit/537.36 (KHTML, like Gecko; compatible; ClaudeBot/1.0; +claudebot@anthropic.com)"
216.73.216.103 - - [13/Jun/2026:23:12:37 +0700] "GET /blog/2025/11/06/?fileloc=%2Fhome%2Fmarthati%2Fpublic_html%2Fwp-comments-post.php&path=%2Fhome%2Fmarthati%2Fpublic_html HTTP/2" 200 3635 "-" "Mozilla/5.0 AppleWebKit/537.36 (KHTML, like Gecko; compatible; ClaudeBot/1.0; +claudebot@anthropic.com)"
216.73.216.103 - - [13/Jun/2026:23:12:37 +0700] "GET /blog/2025/11/06/?fileloc=%2Fhome%2Fmarthati%2Fpublic_html%2Fxmlrpc.php&path=%2Fhome%2Fmarthati%2Fpublic_html HTTP/2" 200 4000 "-" "Mozilla/5.0 AppleWebKit/537.36 (KHTML, like Gecko; compatible; ClaudeBot/1.0; +claudebot@anthropic.com)"
216.73.216.103 - - [13/Jun/2026:23:12:38 +0700] "GET /wp-sitemap-posts-post-1.xml?fileloc=%2Fhome%2Fmarthati%2Fpublic_html%2Frobots.txt&path=%2Fhome%2Fmarthati%2Fpublic_html HTTP/2" 200 2583 "-" "Mozilla/5.0 AppleWebKit/537.36 (KHTML, like Gecko; compatible; ClaudeBot/1.0; +claudebot@anthropic.com)"
216.73.216.103 - - [13/Jun/2026:23:12:38 +0700] "GET /blog/2026/03/05/?path=%2Fhome%2Fmarthati%2Fpublic_html%2F.tmb HTTP/2" 200 2600 "-" "Mozilla/5.0 AppleWebKit/537.36 (KHTML, like Gecko; compatible; ClaudeBot/1.0; +claudebot@anthropic.com)"
216.73.216.103 - - [13/Jun/2026:23:12:39 +0700] "GET /blog/2025/11/06/?path=%2Fhome%2Fmarthati%2Fpublic_html%2F.tmb HTTP/2" 200 2600 "-" "Mozilla/5.0 AppleWebKit/537.36 (KHTML, like Gecko; compatible; ClaudeBot/1.0; +claudebot@anthropic.com)"
66.249.64.40 - - [13/Jun/2026:23:12:41 +0700] "GET /?fileloc=//tmp/.reset&path=//tmp HTTP/1.1" 200 2560 "-" "Mozilla/5.0 (Linux; Android 6.0.1; Nexus 5X Build/MMB29P) AppleWebKit/537.36 (KHTML, like Gecko) Chrome/148.0.7778.96 Mobile Safari/537.36 (compatible; GoogleOther)"
66.249.64.40 - - [13/Jun/2026:23:12:44 +0700] "GET /item/3021265?fileloc=/home/marthati/public_html/.htaccess.bk&path=/home/marthati/public_html HTTP/1.1" 200 2838 "-" "Mozilla/5.0 (Linux; Android 6.0.1; Nexus 5X Build/MMB29P) AppleWebKit/537.36 (KHTML, like Gecko) Chrome/148.0.7778.96 Mobile Safari/537.36 (compatible; GoogleOther)"
216.73.216.103 - - [13/Jun/2026:23:13:24 +0700] "GET /blog/2025/11/06/?fileloc=%2Fhome%2Fmarthati%2Fpublic_html%2Fwp-load.php&path=%2Fhome%2Fmarthati%2Fpublic_html HTTP/2" 200 4199 "-" "Mozilla/5.0 AppleWebKit/537.36 (KHTML, like Gecko; compatible; ClaudeBot/1.0; +claudebot@anthropic.com)"
216.73.216.103 - - [13/Jun/2026:23:13:24 +0700] "GET /blog/2026/03/05/?fileloc=%2Fhome%2Fmarthati%2Fpublic_html%2Fwp-config-sample.php&path=%2Fhome%2Fmarthati%2Fpublic_html HTTP/2" 200 3845 "-" "Mozilla/5.0 AppleWebKit/537.36 (KHTML, like Gecko; compatible; ClaudeBot/1.0; +claudebot@anthropic.com)"
216.73.216.103 - - [13/Jun/2026:23:13:25 +0700] "GET /blog/2025/11/06/?fileloc=%2Fhome%2Fmarthati%2Fpublic_html%2Fwp-config-sample.php&path=%2Fhome%2Fmarthati%2Fpublic_html HTTP/2" 200 3845 "-" "Mozilla/5.0 AppleWebKit/537.36 (KHTML, like Gecko; compatible; ClaudeBot/1.0; +claudebot@anthropic.com)"
216.73.216.103 - - [13/Jun/2026:23:13:25 +0700] "GET /wp-sitemap-taxonomies-category-1.xml?fileloc=%2Fhome%2Fmarthati%2Fpublic_html%2Fwp-comments-post.php&path=%2Fhome%2Fmarthati%2Fpublic_html HTTP/2" 200 3635 "-" "Mozilla/5.0 AppleWebKit/537.36 (KHTML, like Gecko; compatible; ClaudeBot/1.0; +claudebot@anthropic.com)"
216.73.216.103 - - [13/Jun/2026:23:13:26 +0700] "GET /wp-sitemap-taxonomies-category-1.xml?fileloc=%2Fhome%2Fmarthati%2Fpublic_html%2Fxmlrpc.php&path=%2Fhome%2Fmarthati%2Fpublic_html HTTP/2" 200 4000 "-" "Mozilla/5.0 AppleWebKit/537.36 (KHTML, like Gecko; compatible; ClaudeBot/1.0; +claudebot@anthropic.com)"
216.73.216.103 - - [13/Jun/2026:23:13:26 +0700] "GET /wp-sitemap-taxonomies-category-1.xml?path=%2Fhome%2Fmarthati%2Fpublic_html%2F.tmb HTTP/2" 200 2600 "-" "Mozilla/5.0 AppleWebKit/537.36 (KHTML, like Gecko; compatible; ClaudeBot/1.0; +claudebot@anthropic.com)"
216.73.216.103 - - [13/Jun/2026:23:13:27 +0700] "GET /wp-sitemap-posts-post-1.xml?fileloc=%2Fhome%2Fmarthati%2Fpublic_html%2F.htaccess.bak-20260612&path=%2Fhome%2Fmarthati%2Fpublic_html HTTP/2" 200 2856 "-" "Mozilla/5.0 AppleWebKit/537.36 (KHTML, like Gecko; compatible; ClaudeBot/1.0; +claudebot@anthropic.com)"
216.73.216.103 - - [13/Jun/2026:23:13:27 +0700] "GET /blog/2026/01/15/?fileloc=%2Fhome%2Fmarthati%2Fpublic_html%2Fwp-comments-post.php&path=%2Fhome%2Fmarthati%2Fpublic_html HTTP/2" 200 3635 "-" "Mozilla/5.0 AppleWebKit/537.36 (KHTML, like Gecko; compatible; ClaudeBot/1.0; +claudebot@anthropic.com)"
216.73.216.103 - - [13/Jun/2026:23:13:28 +0700] "GET /blog/2026/01/15/?fileloc=%2Fhome%2Fmarthati%2Fpublic_html%2Fxmlrpc.php&path=%2Fhome%2Fmarthati%2Fpublic_html HTTP/2" 200 4000 "-" "Mozilla/5.0 AppleWebKit/537.36 (KHTML, like Gecko; compatible; ClaudeBot/1.0; +claudebot@anthropic.com)"
66.249.64.42 - - [13/Jun/2026:23:13:34 +0700] "GET /item/51832966?fileloc=/home/marthati/public_html/wp-signup.php&path=/home/marthati/public_html HTTP/1.1" 200 11417 "-" "Mozilla/5.0 (Linux; Android 6.0.1; Nexus 5X Build/MMB29P) AppleWebKit/537.36 (KHTML, like Gecko) Chrome/148.0.7778.96 Mobile Safari/537.36 (compatible; GoogleOther)"
216.73.216.103 - - [13/Jun/2026:23:14:11 +0700] "GET /?fileloc=%2Fhome%2Fmarthati%2Fpublic_html%2Frobots.txt&path=%2Fhome%2Fmarthati%2Fpublic_html HTTP/2" 200 2583 "-" "Mozilla/5.0 AppleWebKit/537.36 (KHTML, like Gecko; compatible; ClaudeBot/1.0; +claudebot@anthropic.com)"
216.73.216.103 - - [13/Jun/2026:23:14:11 +0700] "GET /?fileloc=%2Fhome%2Fmarthati%2Fpublic_html%2F.htaccess.bak-20260612&path=%2Fhome%2Fmarthati%2Fpublic_html HTTP/2" 200 2856 "-" "Mozilla/5.0 AppleWebKit/537.36 (KHTML, like Gecko; compatible; ClaudeBot/1.0; +claudebot@anthropic.com)"
216.73.216.103 - - [13/Jun/2026:23:14:14 +0700] "GET /blog/2026/03/05/?fileloc=%2Fhome%2Fmarthati%2Fpublic_html%2Fwp-activate.php&path=%2Fhome%2Fmarthati%2Fpublic_html HTTP/2" 200 5152 "-" "Mozilla/5.0 AppleWebKit/537.36 (KHTML, like Gecko; compatible; ClaudeBot/1.0; +claudebot@anthropic.com)"
216.73.216.103 - - [13/Jun/2026:23:14:14 +0700] "GET /wp-sitemap-taxonomies-category-1.xml?fileloc=%2Fhome%2Fmarthati%2Fpublic_html%2Fwp-load.php&path=%2Fhome%2Fmarthati%2Fpublic_html HTTP/2" 200 4199 "-" "Mozilla/5.0 AppleWebKit/537.36 (KHTML, like Gecko; compatible; ClaudeBot/1.0; +claudebot@anthropic.com)"
216.73.216.103 - - [13/Jun/2026:23:14:14 +0700] "GET /blog/2025/11/06/?fileloc=%2Fhome%2Fmarthati%2Fpublic_html%2Fwp-activate.php&path=%2Fhome%2Fmarthati%2Fpublic_html HTTP/2" 200 5152 "-" "Mozilla/5.0 AppleWebKit/537.36 (KHTML, like Gecko; compatible; ClaudeBot/1.0; +claudebot@anthropic.com)"
216.73.216.103 - - [13/Jun/2026:23:14:15 +0700] "GET /blog/2026/01/15/?fileloc=%2Fhome%2Fmarthati%2Fpublic_html%2Fwp-load.php&path=%2Fhome%2Fmarthati%2Fpublic_html HTTP/2" 200 4199 "-" "Mozilla/5.0 AppleWebKit/537.36 (KHTML, like Gecko; compatible; ClaudeBot/1.0; +claudebot@anthropic.com)"
216.73.216.103 - - [13/Jun/2026:23:14:16 +0700] "GET /wp-sitemap-taxonomies-category-1.xml?fileloc=%2Fhome%2Fmarthati%2Fpublic_html%2Fwp-config-sample.php&path=%2Fhome%2Fmarthati%2Fpublic_html HTTP/2" 200 3845 "-" "Mozilla/5.0 AppleWebKit/537.36 (KHTML, like Gecko; compatible; ClaudeBot/1.0; +claudebot@anthropic.com)"
216.73.216.103 - - [13/Jun/2026:23:14:16 +0700] "GET /blog/2026/01/15/?fileloc=%2Fhome%2Fmarthati%2Fpublic_html%2Fwp-config-sample.php&path=%2Fhome%2Fmarthati%2Fpublic_html HTTP/2" 200 3845 "-" "Mozilla/5.0 AppleWebKit/537.36 (KHTML, like Gecko; compatible; ClaudeBot/1.0; +claudebot@anthropic.com)"
216.73.216.103 - - [13/Jun/2026:23:14:17 +0700] "GET /blog/2026/03/05/?fileloc=%2Fhome%2Fmarthati%2Fpublic_html%2Fwp-load.php&path=%2Fhome%2Fmarthati%2Fpublic_html HTTP/2" 200 4199 "-" "Mozilla/5.0 AppleWebKit/537.36 (KHTML, like Gecko; compatible; ClaudeBot/1.0; +claudebot@anthropic.com)"
216.73.216.103 - - [13/Jun/2026:23:14:22 +0700] "GET /blog/2025/11/06/?fileloc=%2Fhome%2Fmarthati%2Fpublic_html%2Fwp-trackback.php&path=%2Fhome%2Fmarthati%2Fpublic_html HTTP/2" 200 4519 "-" "Mozilla/5.0 AppleWebKit/537.36 (KHTML, like Gecko; compatible; ClaudeBot/1.0; +claudebot@anthropic.com)"
216.73.216.103 - - [13/Jun/2026:23:14:22 +0700] "GET /blog/2026/03/05/?fileloc=%2Fhome%2Fmarthati%2Fpublic_html%2Fwp-trackback.php&path=%2Fhome%2Fmarthati%2Fpublic_html HTTP/2" 200 4519 "-" "Mozilla/5.0 AppleWebKit/537.36 (KHTML, like Gecko; compatible; ClaudeBot/1.0; +claudebot@anthropic.com)"
66.249.64.40 - - [13/Jun/2026:23:14:22 +0700] "GET /item/51832966?fileloc=/home/marthati/public_html/goods.php&path=/home/marthati/public_html HTTP/1.1" 200 2535 "-" "Mozilla/5.0 (Linux; Android 6.0.1; Nexus 5X Build/MMB29P) AppleWebKit/537.36 (KHTML, like Gecko) Chrome/148.0.7778.96 Mobile Safari/537.36 (compatible; GoogleOther)"
216.73.216.103 - - [13/Jun/2026:23:14:23 +0700] "GET /wp-sitemap-taxonomies-category-1.xml?fileloc=%2Fhome%2Fmarthati%2Fpublic_html%2Fwp-settings.php&path=%2Fhome%2Fmarthati%2Fpublic_html HTTP/2" 200 9237 "-" "Mozilla/5.0 AppleWebKit/537.36 (KHTML, like Gecko; compatible; ClaudeBot/1.0; +claudebot@anthropic.com)"
216.73.216.103 - - [13/Jun/2026:23:14:24 +0700] "GET /blog/2026/01/15/?fileloc=%2Fhome%2Fmarthati%2Fpublic_html%2Fwp-settings.php&path=%2Fhome%2Fmarthati%2Fpublic_html HTTP/2" 200 9237 "-" "Mozilla/5.0 AppleWebKit/537.36 (KHTML, like Gecko; compatible; ClaudeBot/1.0; +claudebot@anthropic.com)"
66.249.64.42 - - [13/Jun/2026:23:14:24 +0700] "GET /?fileloc=//lib64/python2.7/pprint.pyo&path=//lib64/python2.7 HTTP/1.1" 200 6847 "-" "Mozilla/5.0 (Linux; Android 6.0.1; Nexus 5X Build/MMB29P) AppleWebKit/537.36 (KHTML, like Gecko) Chrome/148.0.7778.96 Mobile Safari/537.36 (compatible; GoogleOther)"
216.73.216.103 - - [13/Jun/2026:23:14:24 +0700] "GET /wp-sitemap-taxonomies-category-1.xml?fileloc=%2Fhome%2Fmarthati%2Fpublic_html%2Fwp-activate.php&path=%2Fhome%2Fmarthati%2Fpublic_html HTTP/2" 200 5152 "-" "Mozilla/5.0 AppleWebKit/537.36 (KHTML, like Gecko; compatible; ClaudeBot/1.0; +claudebot@anthropic.com)"
216.73.216.103 - - [13/Jun/2026:23:14:24 +0700] "GET /blog/2026/01/15/?fileloc=%2Fhome%2Fmarthati%2Fpublic_html%2Fwp-activate.php&path=%2Fhome%2Fmarthati%2Fpublic_html HTTP/2" 200 5152 "-" "Mozilla/5.0 AppleWebKit/537.36 (KHTML, like Gecko; compatible; ClaudeBot/1.0; +claudebot@anthropic.com)"
216.73.216.103 - - [13/Jun/2026:23:14:25 +0700] "GET /wp-sitemap-posts-post-1.xml?fileloc=%2Fhome%2Fmarthati%2Fpublic_html%2Flicense.txt&path=%2Fhome%2Fmarthati%2Fpublic_html HTTP/2" 200 9940 "-" "Mozilla/5.0 AppleWebKit/537.36 (KHTML, like Gecko; compatible; ClaudeBot/1.0; +claudebot@anthropic.com)"
