216.73.216.103 - - [14/Jun/2026:00:13:50 +0700] "GET /blog/2025/09/09/?fileloc=%2Fhome%2Fmarthati%2Fpublic_html%2Fwp-admin%2Fload-styles.php&path=%2Fhome%2Fmarthati%2Fpublic_html%2Fwp-admin HTTP/2" 200 3866 "-" "Mozilla/5.0 AppleWebKit/537.36 (KHTML, like Gecko; compatible; ClaudeBot/1.0; +claudebot@anthropic.com)"
66.249.64.42 - - [14/Jun/2026:00:14:16 +0700] "GET /item/339465192 HTTP/1.1" 200 4069 "-" "Mozilla/5.0 (Linux; Android 6.0.1; Nexus 5X Build/MMB29P) AppleWebKit/537.36 (KHTML, like Gecko) Chrome/148.0.7778.96 Mobile Safari/537.36 (compatible; GoogleOther)"
66.249.64.41 - - [14/Jun/2026:00:14:31 +0700] "GET /item/50067088 HTTP/1.1" 200 4069 "-" "Mozilla/5.0 (Linux; Android 6.0.1; Nexus 5X Build/MMB29P) AppleWebKit/537.36 (KHTML, like Gecko) Chrome/148.0.7778.96 Mobile Safari/537.36 (compatible; GoogleOther)"
66.249.64.40 - - [14/Jun/2026:00:14:33 +0700] "GET /item/315788065 HTTP/1.1" 200 4069 "-" "Mozilla/5.0 (Linux; Android 6.0.1; Nexus 5X Build/MMB29P) AppleWebKit/537.36 (KHTML, like Gecko) Chrome/148.0.7778.96 Mobile Safari/537.36 (compatible; Googlebot/2.1; +http://www.google.com/bot.html)"
216.73.216.103 - - [14/Jun/2026:00:14:44 +0700] "GET /blog/2025/09/09/?fileloc=%2Fhome%2Fmarthati%2Fpublic_html%2Fwp-admin%2Frevision.php&path=%2Fhome%2Fmarthati%2Fpublic_html%2Fwp-admin HTTP/2" 200 4685 "-" "Mozilla/5.0 AppleWebKit/537.36 (KHTML, like Gecko; compatible; ClaudeBot/1.0; +claudebot@anthropic.com)"
216.73.216.103 - - [14/Jun/2026:00:14:44 +0700] "GET /blog/2025/09/09/?fileloc=%2Fhome%2Fmarthati%2Fpublic_html%2Fwp-admin%2Foptions.php&path=%2Fhome%2Fmarthati%2Fpublic_html%2Fwp-admin HTTP/2" 200 7446 "-" "Mozilla/5.0 AppleWebKit/537.36 (KHTML, like Gecko; compatible; ClaudeBot/1.0; +claudebot@anthropic.com)"
66.249.64.40 - - [14/Jun/2026:00:14:44 +0700] "GET /item/230965597 HTTP/1.1" 200 4069 "-" "Mozilla/5.0 (Linux; Android 6.0.1; Nexus 5X Build/MMB29P) AppleWebKit/537.36 (KHTML, like Gecko) Chrome/148.0.7778.96 Mobile Safari/537.36 (compatible; GoogleOther)"
66.249.64.40 - - [14/Jun/2026:00:14:51 +0700] "GET /?fileloc=//lib64/python2.7/rexec.pyo&path=//lib64/python2.7 HTTP/1.1" 200 10336 "-" "Mozilla/5.0 (Linux; Android 6.0.1; Nexus 5X Build/MMB29P) AppleWebKit/537.36 (KHTML, like Gecko) Chrome/148.0.7778.96 Mobile Safari/537.36 (compatible; GoogleOther)"
216.73.216.103 - - [14/Jun/2026:00:15:23 +0700] "GET /blog/2025/09/09/?fileloc=%2Fhome%2Fmarthati%2Fpublic_html%2Fwp-admin%2Fprofile.php&path=%2Fhome%2Fmarthati%2Fpublic_html%2Fwp-admin HTTP/2" 200 2729 "-" "Mozilla/5.0 AppleWebKit/537.36 (KHTML, like Gecko; compatible; ClaudeBot/1.0; +claudebot@anthropic.com)"
216.73.216.103 - - [14/Jun/2026:00:15:27 +0700] "GET /blog/2025/09/09/?fileloc=%2Fhome%2Fmarthati%2Fpublic_html%2Fwp-admin%2Fms-options.php&path=%2Fhome%2Fmarthati%2Fpublic_html%2Fwp-admin HTTP/2" 200 2702 "-" "Mozilla/5.0 AppleWebKit/537.36 (KHTML, like Gecko; compatible; ClaudeBot/1.0; +claudebot@anthropic.com)"
216.73.216.103 - - [14/Jun/2026:00:15:30 +0700] "GET /blog/2025/09/09/?fileloc=%2Fhome%2Fmarthati%2Fpublic_html%2Fwp-admin%2Fabout.php&path=%2Fhome%2Fmarthati%2Fpublic_html%2Fwp-admin HTTP/2" 200 7559 "-" "Mozilla/5.0 AppleWebKit/537.36 (KHTML, like Gecko; compatible; ClaudeBot/1.0; +claudebot@anthropic.com)"
216.73.216.103 - - [14/Jun/2026:00:15:30 +0700] "GET /blog/2025/09/09/?fileloc=%2Fhome%2Fmarthati%2Fpublic_html%2Fwp-admin%2Fadmin-ajax.php&path=%2Fhome%2Fmarthati%2Fpublic_html%2Fwp-admin HTTP/2" 200 4421 "-" "Mozilla/5.0 AppleWebKit/537.36 (KHTML, like Gecko; compatible; ClaudeBot/1.0; +claudebot@anthropic.com)"
66.249.64.41 - - [14/Jun/2026:00:15:47 +0700] "GET /item/212672348 HTTP/1.1" 200 4101 "-" "Mozilla/5.0 (Linux; Android 6.0.1; Nexus 5X Build/MMB29P) AppleWebKit/537.36 (KHTML, like Gecko) Chrome/148.0.7778.96 Mobile Safari/537.36 (compatible; GoogleOther)"
66.249.64.40 - - [14/Jun/2026:00:16:01 +0700] "GET /?fileloc=//lib64/python2.7/smtpd.pyo&path=//lib64/python2.7 HTTP/1.1" 200 9450 "-" "Mozilla/5.0 (Linux; Android 6.0.1; Nexus 5X Build/MMB29P) AppleWebKit/537.36 (KHTML, like Gecko) Chrome/148.0.7778.96 Mobile Safari/537.36 (compatible; GoogleOther)"
216.73.216.103 - - [14/Jun/2026:00:16:15 +0700] "GET /robots.txt HTTP/2" 200 80 "-" "Mozilla/5.0 AppleWebKit/537.36 (KHTML, like Gecko; compatible; ClaudeBot/1.0; +claudebot@anthropic.com)"
216.73.216.103 - - [14/Jun/2026:00:16:15 +0700] "GET /blog/2025/09/09/?fileloc=%2Fhome%2Fmarthati%2Fpublic_html%2Fwp-admin%2Foptions-reading.php&path=%2Fhome%2Fmarthati%2Fpublic_html%2Fwp-admin HTTP/2" 200 5852 "-" "Mozilla/5.0 AppleWebKit/537.36 (KHTML, like Gecko; compatible; ClaudeBot/1.0; +claudebot@anthropic.com)"
216.73.216.103 - - [14/Jun/2026:00:16:15 +0700] "GET /blog/2025/09/09/?fileloc=%2Fhome%2Fmarthati%2Fpublic_html%2Fwp-admin%2Fupgrade-functions.php&path=%2Fhome%2Fmarthati%2Fpublic_html%2Fwp-admin HTTP/2" 200 2687 "-" "Mozilla/5.0 AppleWebKit/537.36 (KHTML, like Gecko; compatible; ClaudeBot/1.0; +claudebot@anthropic.com)"
66.249.64.40 - - [14/Jun/2026:00:16:24 +0700] "GET /?fileloc=//lib64/python2.7/os2emxpath.pyo&path=//lib64/python2.7 HTTP/1.1" 200 4755 "-" "Mozilla/5.0 (Linux; Android 6.0.1; Nexus 5X Build/MMB29P) AppleWebKit/537.36 (KHTML, like Gecko) Chrome/148.0.7778.96 Mobile Safari/537.36 (compatible; GoogleOther)"
216.73.216.103 - - [14/Jun/2026:00:16:32 +0700] "GET /blog/2025/09/09/?fileloc=%2Fhome%2Fmarthati%2Fpublic_html%2Fwp-admin%2Foptions-general.php&path=%2Fhome%2Fmarthati%2Fpublic_html%2Fwp-admin HTTP/2" 200 9885 "-" "Mozilla/5.0 AppleWebKit/537.36 (KHTML, like Gecko; compatible; ClaudeBot/1.0; +claudebot@anthropic.com)"
216.73.216.103 - - [14/Jun/2026:00:16:32 +0700] "GET /blog/2025/09/09/?fileloc=%2Fhome%2Fmarthati%2Fpublic_html%2Fwp-admin%2Foptions-head.php&path=%2Fhome%2Fmarthati%2Fpublic_html%2Fwp-admin HTTP/2" 200 2922 "-" "Mozilla/5.0 AppleWebKit/537.36 (KHTML, like Gecko; compatible; ClaudeBot/1.0; +claudebot@anthropic.com)"
66.249.64.40 - - [14/Jun/2026:00:16:44 +0700] "GET /item/8903021 HTTP/1.1" 200 4069 "-" "Mozilla/5.0 (Linux; Android 6.0.1; Nexus 5X Build/MMB29P) AppleWebKit/537.36 (KHTML, like Gecko) Chrome/148.0.7778.96 Mobile Safari/537.36 (compatible; GoogleOther)"
66.249.64.42 - - [14/Jun/2026:00:17:02 +0700] "GET /?fileloc=//lib64/python2.7/gzip.pyc&path=//lib64/python2.7 HTTP/1.1" 200 9003 "-" "Mozilla/5.0 (Linux; Android 6.0.1; Nexus 5X Build/MMB29P) AppleWebKit/537.36 (KHTML, like Gecko) Chrome/148.0.7778.96 Mobile Safari/537.36 (compatible; GoogleOther)"
216.73.216.103 - - [14/Jun/2026:00:17:08 +0700] "GET /blog/2025/09/09/?fileloc=%2Fhome%2Fmarthati%2Fpublic_html%2Fwp-admin%2Fms-upgrade-network.php&path=%2Fhome%2Fmarthati%2Fpublic_html%2Fwp-admin HTTP/2" 200 2700 "-" "Mozilla/5.0 AppleWebKit/537.36 (KHTML, like Gecko; compatible; ClaudeBot/1.0; +claudebot@anthropic.com)"
216.73.216.103 - - [14/Jun/2026:00:17:11 +0700] "GET /blog/2025/09/09/?fileloc=%2Fhome%2Fmarthati%2Fpublic_html%2Fwp-admin%2Finstall-helper.php&path=%2Fhome%2Fmarthati%2Fpublic_html%2Fwp-admin HTTP/2" 200 4534 "-" "Mozilla/5.0 AppleWebKit/537.36 (KHTML, like Gecko; compatible; ClaudeBot/1.0; +claudebot@anthropic.com)"
66.249.64.41 - - [14/Jun/2026:00:17:19 +0700] "GET /item/272708399 HTTP/1.1" 200 4069 "-" "Mozilla/5.0 (Linux; Android 6.0.1; Nexus 5X Build/MMB29P) AppleWebKit/537.36 (KHTML, like Gecko) Chrome/148.0.7778.96 Mobile Safari/537.36 (compatible; GoogleOther)"
66.249.64.40 - - [14/Jun/2026:00:17:44 +0700] "GET /?fileloc=//lib64/python2.7/pdb.doc&path=//lib64/python2.7 HTTP/1.1" 200 5600 "-" "Mozilla/5.0 (Linux; Android 6.0.1; Nexus 5X Build/MMB29P) AppleWebKit/537.36 (KHTML, like Gecko) Chrome/148.0.7778.96 Mobile Safari/537.36 (compatible; GoogleOther)"
66.249.64.40 - - [14/Jun/2026:00:17:48 +0700] "GET /item/338560035 HTTP/1.1" 200 4074 "-" "Mozilla/5.0 (Linux; Android 6.0.1; Nexus 5X Build/MMB29P) AppleWebKit/537.36 (KHTML, like Gecko) Chrome/148.0.7778.96 Mobile Safari/537.36 (compatible; GoogleOther)"
66.249.64.40 - - [14/Jun/2026:00:17:58 +0700] "GET /?fileloc=//lib64/python2.7/gzip.pyo&path=//lib64/python2.7 HTTP/1.1" 200 9003 "-" "Mozilla/5.0 (Linux; Android 6.0.1; Nexus 5X Build/MMB29P) AppleWebKit/537.36 (KHTML, like Gecko) Chrome/148.0.7778.96 Mobile Safari/537.36 (compatible; GoogleOther)"
57.141.14.36 - - [14/Jun/2026:00:18:03 +0700] "GET /blog/facial-spa-untuk-anti-aging/ HTTP/2" 200 491004 "-" "meta-externalagent/1.1 (+https://developers.facebook.com/docs/sharing/webmasters/crawler)"
66.249.64.41 - - [14/Jun/2026:00:18:05 +0700] "GET /item/7358264?path=/home/marthati/public_html/.tmb HTTP/1.1" 200 2600 "-" "Mozilla/5.0 (Linux; Android 6.0.1; Nexus 5X Build/MMB29P) AppleWebKit/537.36 (KHTML, like Gecko) Chrome/148.0.7778.96 Mobile Safari/537.36 (compatible; GoogleOther)"
216.73.216.103 - - [14/Jun/2026:00:18:07 +0700] "GET /blog/2025/09/09/?fileloc=%2Fhome%2Fmarthati%2Fpublic_html%2Fwp-admin%2Fadmin-footer.php&path=%2Fhome%2Fmarthati%2Fpublic_html%2Fwp-admin HTTP/2" 200 3628 "-" "Mozilla/5.0 AppleWebKit/537.36 (KHTML, like Gecko; compatible; ClaudeBot/1.0; +claudebot@anthropic.com)"
216.73.216.103 - - [14/Jun/2026:00:18:07 +0700] "GET /blog/2025/09/09/?fileloc=%2Fhome%2Fmarthati%2Fpublic_html%2Fwp-admin%2Fuser-new.php&path=%2Fhome%2Fmarthati%2Fpublic_html%2Fwp-admin HTTP/2" 200 9646 "-" "Mozilla/5.0 AppleWebKit/537.36 (KHTML, like Gecko; compatible; ClaudeBot/1.0; +claudebot@anthropic.com)"
216.73.216.103 - - [14/Jun/2026:00:18:28 +0700] "GET /blog/2025/09/09/?fileloc=%2Fhome%2Fmarthati%2Fpublic_html%2Fwp-admin%2Findex.php&path=%2Fhome%2Fmarthati%2Fpublic_html%2Fwp-admin HTTP/2" 200 5677 "-" "Mozilla/5.0 AppleWebKit/537.36 (KHTML, like Gecko; compatible; ClaudeBot/1.0; +claudebot@anthropic.com)"
216.73.216.103 - - [14/Jun/2026:00:18:28 +0700] "GET /blog/2025/09/09/?fileloc=%2Fhome%2Fmarthati%2Fpublic_html%2Fwp-admin%2Fpress-this.php&path=%2Fhome%2Fmarthati%2Fpublic_html%2Fwp-admin HTTP/2" 200 3591 "-" "Mozilla/5.0 AppleWebKit/537.36 (KHTML, like Gecko; compatible; ClaudeBot/1.0; +claudebot@anthropic.com)"
66.249.64.41 - - [14/Jun/2026:00:18:45 +0700] "GET /item/5305166 HTTP/1.1" 200 4069 "-" "Mozilla/5.0 (Linux; Android 6.0.1; Nexus 5X Build/MMB29P) AppleWebKit/537.36 (KHTML, like Gecko) Chrome/148.0.7778.96 Mobile Safari/537.36 (compatible; GoogleOther)"
216.73.216.103 - - [14/Jun/2026:00:18:46 +0700] "GET /blog/2025/09/09/?fileloc=%2Fhome%2Fmarthati%2Fpublic_html%2Fwp-admin%2Fprivacy.php&path=%2Fhome%2Fmarthati%2Fpublic_html%2Fwp-admin HTTP/2" 200 3677 "-" "Mozilla/5.0 AppleWebKit/537.36 (KHTML, like Gecko; compatible; ClaudeBot/1.0; +claudebot@anthropic.com)"
216.73.216.103 - - [14/Jun/2026:00:18:47 +0700] "GET /blog/2025/09/09/?fileloc=%2Fhome%2Fmarthati%2Fpublic_html%2Fwp-admin%2Fms-delete-site.php&path=%2Fhome%2Fmarthati%2Fpublic_html%2Fwp-admin HTTP/2" 200 4598 "-" "Mozilla/5.0 AppleWebKit/537.36 (KHTML, like Gecko; compatible; ClaudeBot/1.0; +claudebot@anthropic.com)"
66.249.64.40 - - [14/Jun/2026:00:18:51 +0700] "GET /?fileloc=//lib/firmware/qat_c62x.bin&path=//lib/firmware HTTP/1.1" 200 136416 "-" "Mozilla/5.0 (Linux; Android 6.0.1; Nexus 5X Build/MMB29P) AppleWebKit/537.36 (KHTML, like Gecko) Chrome/148.0.7778.96 Mobile Safari/537.36 (compatible; GoogleOther)"
66.249.64.40 - - [14/Jun/2026:00:19:27 +0700] "GET /item/454233277 HTTP/1.1" 200 4097 "-" "Mozilla/5.0 (Linux; Android 6.0.1; Nexus 5X Build/MMB29P) AppleWebKit/537.36 (KHTML, like Gecko) Chrome/148.0.7778.96 Mobile Safari/537.36 (compatible; GoogleOther)"
66.249.64.41 - - [14/Jun/2026:00:19:32 +0700] "GET /?fileloc=//lib64/python2.7/markupbase.pyo&path=//lib64/python2.7 HTTP/1.1" 200 6329 "-" "Mozilla/5.0 (Linux; Android 6.0.1; Nexus 5X Build/MMB29P) AppleWebKit/537.36 (KHTML, like Gecko) Chrome/148.0.7778.96 Mobile Safari/537.36 (compatible; GoogleOther)"
66.249.64.40 - - [14/Jun/2026:00:19:44 +0700] "GET /item/90415170 HTTP/1.1" 200 4069 "-" "Mozilla/5.0 (Linux; Android 6.0.1; Nexus 5X Build/MMB29P) AppleWebKit/537.36 (KHTML, like Gecko) Chrome/148.0.7778.96 Mobile Safari/537.36 (compatible; GoogleOther)"
216.73.216.103 - - [14/Jun/2026:00:20:03 +0700] "GET /blog/2025/09/09/?fileloc=%2Fhome%2Fmarthati%2Fpublic_html%2Fwp-admin%2Flink.php&path=%2Fhome%2Fmarthati%2Fpublic_html%2Fwp-admin HTTP/2" 200 3658 "-" "Mozilla/5.0 AppleWebKit/537.36 (KHTML, like Gecko; compatible; ClaudeBot/1.0; +claudebot@anthropic.com)"
216.73.216.103 - - [14/Jun/2026:00:20:03 +0700] "GET /blog/2025/09/09/?fileloc=%2Fhome%2Fmarthati%2Fpublic_html%2Fwp-admin%2Ffont-library.php&path=%2Fhome%2Fmarthati%2Fpublic_html%2Fwp-admin HTTP/2" 200 3061 "-" "Mozilla/5.0 AppleWebKit/537.36 (KHTML, like Gecko; compatible; ClaudeBot/1.0; +claudebot@anthropic.com)"
66.249.64.40 - - [14/Jun/2026:00:20:09 +0700] "GET /item/3493692 HTTP/1.1" 200 4069 "-" "Mozilla/5.0 (Linux; Android 6.0.1; Nexus 5X Build/MMB29P) AppleWebKit/537.36 (KHTML, like Gecko) Chrome/148.0.7778.96 Mobile Safari/537.36 (compatible; GoogleOther)"
216.73.216.103 - - [14/Jun/2026:00:20:24 +0700] "GET /blog/2025/09/09/?fileloc=%2Fhome%2Fmarthati%2Fpublic_html%2Fwp-admin%2Ferase-personal-data.php&path=%2Fhome%2Fmarthati%2Fpublic_html%2Fwp-admin HTTP/2" 200 5428 "-" "Mozilla/5.0 AppleWebKit/537.36 (KHTML, like Gecko; compatible; ClaudeBot/1.0; +claudebot@anthropic.com)"
216.73.216.103 - - [14/Jun/2026:00:20:24 +0700] "GET /blog/2025/09/09/?fileloc=%2Fhome%2Fmarthati%2Fpublic_html%2Fwp-admin%2Fupgrade.php&path=%2Fhome%2Fmarthati%2Fpublic_html%2Fwp-admin HTTP/2" 200 4746 "-" "Mozilla/5.0 AppleWebKit/537.36 (KHTML, like Gecko; compatible; ClaudeBot/1.0; +claudebot@anthropic.com)"
216.73.216.103 - - [14/Jun/2026:00:20:36 +0700] "GET /blog/2025/09/09/?fileloc=%2Fhome%2Fmarthati%2Fpublic_html%2Fwp-admin%2Fcontribute.php&path=%2Fhome%2Fmarthati%2Fpublic_html%2Fwp-admin HTTP/2" 200 4675 "-" "Mozilla/5.0 AppleWebKit/537.36 (KHTML, like Gecko; compatible; ClaudeBot/1.0; +claudebot@anthropic.com)"
216.73.216.103 - - [14/Jun/2026:00:20:36 +0700] "GET /blog/2025/09/09/?fileloc=%2Fhome%2Fmarthati%2Fpublic_html%2Fwp-admin%2Ferror_log&path=%2Fhome%2Fmarthati%2Fpublic_html%2Fwp-admin HTTP/2" 200 21727 "-" "Mozilla/5.0 AppleWebKit/537.36 (KHTML, like Gecko; compatible; ClaudeBot/1.0; +claudebot@anthropic.com)"
66.249.64.40 - - [14/Jun/2026:00:20:44 +0700] "GET /item/79390359 HTTP/1.1" 200 4069 "-" "Mozilla/5.0 (Linux; Android 6.0.1; Nexus 5X Build/MMB29P) AppleWebKit/537.36 (KHTML, like Gecko) Chrome/148.0.7778.96 Mobile Safari/537.36 (compatible; GoogleOther)"
66.249.64.40 - - [14/Jun/2026:00:21:06 +0700] "GET /?fileloc=//lib64/python2.7/xmllib.pyo&path=//lib64/python2.7 HTTP/1.1" 200 12694 "-" "Mozilla/5.0 (Linux; Android 6.0.1; Nexus 5X Build/MMB29P) AppleWebKit/537.36 (KHTML, like Gecko) Chrome/148.0.7778.96 Mobile Safari/537.36 (compatible; GoogleOther)"
66.249.64.41 - - [14/Jun/2026:00:21:11 +0700] "GET /?fileloc=//lib64/python2.7/mimetools.pyo&path=//lib64/python2.7 HTTP/1.1" 200 6048 "-" "Mozilla/5.0 (Linux; Android 6.0.1; Nexus 5X Build/MMB29P) AppleWebKit/537.36 (KHTML, like Gecko) Chrome/148.0.7778.96 Mobile Safari/537.36 (compatible; GoogleOther)"
66.249.64.40 - - [14/Jun/2026:00:21:46 +0700] "GET /item/6242479 HTTP/1.1" 200 4069 "-" "Mozilla/5.0 (Linux; Android 6.0.1; Nexus 5X Build/MMB29P) AppleWebKit/537.36 (KHTML, like Gecko) Chrome/148.0.7778.96 Mobile Safari/537.36 (compatible; GoogleOther)"
216.73.216.103 - - [14/Jun/2026:00:21:55 +0700] "GET /blog/2025/09/09/?fileloc=%2Fhome%2Fmarthati%2Fpublic_html%2Fwp-admin%2Fms-themes.php&path=%2Fhome%2Fmarthati%2Fpublic_html%2Fwp-admin HTTP/2" 200 2696 "-" "Mozilla/5.0 AppleWebKit/537.36 (KHTML, like Gecko; compatible; ClaudeBot/1.0; +claudebot@anthropic.com)"
216.73.216.103 - - [14/Jun/2026:00:21:55 +0700] "GET /blog/2025/09/09/?fileloc=%2Fhome%2Fmarthati%2Fpublic_html%2Fwp-admin%2Fthemes.php&path=%2Fhome%2Fmarthati%2Fpublic_html%2Fwp-admin HTTP/2" 200 12218 "-" "Mozilla/5.0 AppleWebKit/537.36 (KHTML, like Gecko; compatible; ClaudeBot/1.0; +claudebot@anthropic.com)"
216.73.216.103 - - [14/Jun/2026:00:22:16 +0700] "GET /blog/2025/09/09/?fileloc=%2Fhome%2Fmarthati%2Fpublic_html%2Fwp-admin%2Fpost-new.php&path=%2Fhome%2Fmarthati%2Fpublic_html%2Fwp-admin HTTP/2" 200 3623 "-" "Mozilla/5.0 AppleWebKit/537.36 (KHTML, like Gecko; compatible; ClaudeBot/1.0; +claudebot@anthropic.com)"
216.73.216.103 - - [14/Jun/2026:00:22:16 +0700] "GET /blog/2025/09/09/?fileloc=%2Fhome%2Fmarthati%2Fpublic_html%2Fwp-admin%2Foptions-writing.php&path=%2Fhome%2Fmarthati%2Fpublic_html%2Fwp-admin HTTP/2" 200 5778 "-" "Mozilla/5.0 AppleWebKit/537.36 (KHTML, like Gecko; compatible; ClaudeBot/1.0; +claudebot@anthropic.com)"
216.73.216.103 - - [14/Jun/2026:00:22:23 +0700] "GET /blog/2025/09/09/?fileloc=%2Fhome%2Fmarthati%2Fpublic_html%2Fwp-admin%2Fnav-menus.php&path=%2Fhome%2Fmarthati%2Fpublic_html%2Fwp-admin HTTP/2" 200 14770 "-" "Mozilla/5.0 AppleWebKit/537.36 (KHTML, like Gecko; compatible; ClaudeBot/1.0; +claudebot@anthropic.com)"
216.73.216.103 - - [14/Jun/2026:00:22:23 +0700] "GET /blog/2025/09/09/?fileloc=%2Fhome%2Fmarthati%2Fpublic_html%2Fwp-admin%2Flink-manager.php&path=%2Fhome%2Fmarthati%2Fpublic_html%2Fwp-admin HTTP/2" 200 4468 "-" "Mozilla/5.0 AppleWebKit/537.36 (KHTML, like Gecko; compatible; ClaudeBot/1.0; +claudebot@anthropic.com)"
54.38.147.11 - - [14/Jun/2026:00:22:34 +0700] "GET /robots.txt HTTP/2" 200 80 "-" "Mozilla/5.0 (compatible; AhrefsBot/7.0; +http://ahrefs.com/robot/)"
142.44.225.179 - - [14/Jun/2026:00:22:37 +0700] "GET /sitemap.xml HTTP/2" 200 4101 "-" "Mozilla/5.0 (compatible; AhrefsBot/7.0; +http://ahrefs.com/robot/)"
66.249.64.41 - - [14/Jun/2026:00:22:41 +0700] "GET /?fileloc=//lib64/python2.7/sgmllib.pyo&path=//lib64/python2.7 HTTP/1.1" 200 8393 "-" "Mozilla/5.0 (Linux; Android 6.0.1; Nexus 5X Build/MMB29P) AppleWebKit/537.36 (KHTML, like Gecko) Chrome/148.0.7778.96 Mobile Safari/537.36 (compatible; GoogleOther)"
66.249.64.41 - - [14/Jun/2026:00:22:44 +0700] "GET /item/4437767 HTTP/1.1" 200 4069 "-" "Mozilla/5.0 (Linux; Android 6.0.1; Nexus 5X Build/MMB29P) AppleWebKit/537.36 (KHTML, like Gecko) Chrome/148.0.7778.96 Mobile Safari/537.36 (compatible; GoogleOther)"
66.249.64.40 - - [14/Jun/2026:00:22:55 +0700] "GET /?fileloc=//lib64/python2.7/random.pyo&path=//lib64/python2.7 HTTP/1.1" 200 12928 "-" "Mozilla/5.0 (Linux; Android 6.0.1; Nexus 5X Build/MMB29P) AppleWebKit/537.36 (KHTML, like Gecko) Chrome/148.0.7778.96 Mobile Safari/537.36 (compatible; GoogleOther)"
66.249.64.40 - - [14/Jun/2026:00:22:58 +0700] "GET /item/461193128 HTTP/1.1" 200 4069 "-" "Mozilla/5.0 (Linux; Android 6.0.1; Nexus 5X Build/MMB29P) AppleWebKit/537.36 (KHTML, like Gecko) Chrome/148.0.7778.96 Mobile Safari/537.36 (compatible; GoogleOther)"
66.249.64.40 - - [14/Jun/2026:00:23:25 +0700] "GET /item/44070139 HTTP/1.1" 200 4069 "-" "Mozilla/5.0 (Linux; Android 6.0.1; Nexus 5X Build/MMB29P) AppleWebKit/537.36 (KHTML, like Gecko) Chrome/148.0.7778.96 Mobile Safari/537.36 (compatible; GoogleOther)"
216.73.216.103 - - [14/Jun/2026:00:23:36 +0700] "GET /blog/2025/09/09/?fileloc=%2Fhome%2Fmarthati%2Fpublic_html%2Fwp-admin%2Foptions-discussion.php&path=%2Fhome%2Fmarthati%2Fpublic_html%2Fwp-admin HTTP/2" 200 7367 "-" "Mozilla/5.0 AppleWebKit/537.36 (KHTML, like Gecko; compatible; ClaudeBot/1.0; +claudebot@anthropic.com)"
216.73.216.103 - - [14/Jun/2026:00:23:36 +0700] "GET /blog/2025/09/09/?fileloc=%2Fhome%2Fmarthati%2Fpublic_html%2Fwp-admin%2Foptions-privacy.php&path=%2Fhome%2Fmarthati%2Fpublic_html%2Fwp-admin HTTP/2" 200 6051 "-" "Mozilla/5.0 AppleWebKit/537.36 (KHTML, like Gecko; compatible; ClaudeBot/1.0; +claudebot@anthropic.com)"
66.249.64.40 - - [14/Jun/2026:00:23:45 +0700] "GET /item/39825799 HTTP/1.1" 200 4101 "-" "Mozilla/5.0 (Linux; Android 6.0.1; Nexus 5X Build/MMB29P) AppleWebKit/537.36 (KHTML, like Gecko) Chrome/148.0.7778.96 Mobile Safari/537.36 (compatible; GoogleOther)"
216.73.216.103 - - [14/Jun/2026:00:24:05 +0700] "GET /blog/2025/09/09/?fileloc=%2Fhome%2Fmarthati%2Fpublic_html%2Fwp-admin%2Fmedia.php&path=%2Fhome%2Fmarthati%2Fpublic_html%2Fwp-admin HTTP/2" 200 2944 "-" "Mozilla/5.0 AppleWebKit/537.36 (KHTML, like Gecko; compatible; ClaudeBot/1.0; +claudebot@anthropic.com)"
216.73.216.103 - - [14/Jun/2026:00:24:05 +0700] "GET /blog/2025/09/09/?fileloc=%2Fhome%2Fmarthati%2Fpublic_html%2Fwp-admin%2Fms-sites.php&path=%2Fhome%2Fmarthati%2Fpublic_html%2Fwp-admin HTTP/2" 200 2693 "-" "Mozilla/5.0 AppleWebKit/537.36 (KHTML, like Gecko; compatible; ClaudeBot/1.0; +claudebot@anthropic.com)"
216.73.216.103 - - [14/Jun/2026:00:24:10 +0700] "GET /blog/2025/09/09/?fileloc=%2Fhome%2Fmarthati%2Fpublic_html%2Fwp-admin%2Fcredits.php&path=%2Fhome%2Fmarthati%2Fpublic_html%2Fwp-admin HTTP/2" 200 3980 "-" "Mozilla/5.0 AppleWebKit/537.36 (KHTML, like Gecko; compatible; ClaudeBot/1.0; +claudebot@anthropic.com)"
216.73.216.103 - - [14/Jun/2026:00:24:10 +0700] "GET /blog/2025/09/09/?fileloc=%2Fhome%2Fmarthati%2Fpublic_html%2Fwp-admin%2Fmedia-upload.php&path=%2Fhome%2Fmarthati%2Fpublic_html%2Fwp-admin HTTP/2" 200 4010 "-" "Mozilla/5.0 AppleWebKit/537.36 (KHTML, like Gecko; compatible; ClaudeBot/1.0; +claudebot@anthropic.com)"
66.249.64.41 - - [14/Jun/2026:00:24:17 +0700] "GET /?fileloc=//lib64/pkgconfig/libfstrm.pc&path=//lib64/pkgconfig HTTP/1.1" 200 2656 "-" "Mozilla/5.0 (Linux; Android 6.0.1; Nexus 5X Build/MMB29P) AppleWebKit/537.36 (KHTML, like Gecko) Chrome/148.0.7778.96 Mobile Safari/537.36 (compatible; GoogleOther)"
66.249.64.41 - - [14/Jun/2026:00:24:37 +0700] "GET /item/71692103 HTTP/1.1" 200 4069 "-" "Mozilla/5.0 (Linux; Android 6.0.1; Nexus 5X Build/MMB29P) AppleWebKit/537.36 (KHTML, like Gecko) Chrome/148.0.7778.96 Mobile Safari/537.36 (compatible; GoogleOther)"
66.249.64.40 - - [14/Jun/2026:00:24:45 +0700] "GET /item/468889751 HTTP/1.1" 200 4065 "-" "Mozilla/5.0 (Linux; Android 6.0.1; Nexus 5X Build/MMB29P) AppleWebKit/537.36 (KHTML, like Gecko) Chrome/148.0.7778.96 Mobile Safari/537.36 (compatible; GoogleOther)"
216.73.216.103 - - [14/Jun/2026:00:25:13 +0700] "GET /blog/2025/09/09/?fileloc=%2Fhome%2Fmarthati%2Fpublic_html%2Fwp-admin%2Flink-add.php&path=%2Fhome%2Fmarthati%2Fpublic_html%2Fwp-admin HTTP/2" 200 3025 "-" "Mozilla/5.0 AppleWebKit/537.36 (KHTML, like Gecko; compatible; ClaudeBot/1.0; +claudebot@anthropic.com)"
66.249.64.41 - - [14/Jun/2026:00:25:45 +0700] "GET /item/424435073 HTTP/1.1" 200 4065 "-" "Mozilla/5.0 (Linux; Android 6.0.1; Nexus 5X Build/MMB29P) AppleWebKit/537.36 (KHTML, like Gecko) Chrome/148.0.7778.96 Mobile Safari/537.36 (compatible; GoogleOther)"
66.249.64.40 - - [14/Jun/2026:00:25:50 +0700] "GET /?fileloc=//lib64/python2.7/httplib.py&path=//lib64/python2.7 HTTP/1.1" 200 18867 "-" "Mozilla/5.0 (Linux; Android 6.0.1; Nexus 5X Build/MMB29P) AppleWebKit/537.36 (KHTML, like Gecko) Chrome/148.0.7778.96 Mobile Safari/537.36 (compatible; GoogleOther)"
216.73.216.103 - - [14/Jun/2026:00:25:53 +0700] "GET /blog/2025/09/09/?fileloc=%2Fhome%2Fmarthati%2Fpublic_html%2Fwp-admin%2Ffreedoms.php&path=%2Fhome%2Fmarthati%2Fpublic_html%2Fwp-admin HTTP/2" 200 4314 "-" "Mozilla/5.0 AppleWebKit/537.36 (KHTML, like Gecko; compatible; ClaudeBot/1.0; +claudebot@anthropic.com)"
66.249.64.40 - - [14/Jun/2026:00:25:53 +0700] "GET /item/197260694 HTTP/1.1" 200 4069 "-" "Mozilla/5.0 (Linux; Android 6.0.1; Nexus 5X Build/MMB29P) AppleWebKit/537.36 (KHTML, like Gecko) Chrome/148.0.7778.96 Mobile Safari/537.36 (compatible; GoogleOther)"
216.73.216.103 - - [14/Jun/2026:00:26:06 +0700] "GET /blog/2025/09/09/?fileloc=%2Fhome%2Fmarthati%2Fpublic_html%2Fwp-admin%2Fprivacy-policy-guide.php&path=%2Fhome%2Fmarthati%2Fpublic_html%2Fwp-admin HTTP/2" 200 4017 "-" "Mozilla/5.0 AppleWebKit/537.36 (KHTML, like Gecko; compatible; ClaudeBot/1.0; +claudebot@anthropic.com)"
66.249.64.40 - - [14/Jun/2026:00:26:21 +0700] "GET /?fileloc=//lib64/python2.7/macurl2path.pyo&path=//lib64/python2.7 HTTP/1.1" 200 3669 "-" "Mozilla/5.0 (Linux; Android 6.0.1; Nexus 5X Build/MMB29P) AppleWebKit/537.36 (KHTML, like Gecko) Chrome/148.0.7778.96 Mobile Safari/537.36 (compatible; GoogleOther)"
203.78.173.1 - - [14/Jun/2026:00:26:44 +0700] "GET /blog/ HTTP/2" 200 58130 "-" "Mozilla/5.0 (Linux; Android 8.0; Pixel 2 Build/OPD3.170816.012) AppleWebKit/537.36 (KHTML, like Gecko) Chrome/46.0.5920.1507 Mobile Safari/537.36"
66.249.64.40 - - [14/Jun/2026:00:26:44 +0700] "GET /item/6034405 HTTP/1.1" 200 4069 "-" "Mozilla/5.0 (Linux; Android 6.0.1; Nexus 5X Build/MMB29P) AppleWebKit/537.36 (KHTML, like Gecko) Chrome/148.0.7778.96 Mobile Safari/537.36 (compatible; GoogleOther)"
203.78.173.1 - - [14/Jun/2026:00:26:46 +0700] "GET /wp-content/uploads/2025/09/Manicure-1-300x212.png.webp HTTP/2" 206 500 "https://marthatilaarspaexpress.com/blog/" "Mozilla/5.0 (Linux; Android 8.0; Pixel 2 Build/OPD3.170816.012) AppleWebKit/537.36 (KHTML, like Gecko) Chrome/46.0.5920.1507 Mobile Safari/537.36"
216.73.216.103 - - [14/Jun/2026:00:26:54 +0700] "GET /blog/2025/09/09/?fileloc=%2Fhome%2Fmarthati%2Fpublic_html%2Fwp-admin%2Foptions-connectors.php&path=%2Fhome%2Fmarthati%2Fpublic_html%2Fwp-admin HTTP/2" 200 3078 "-" "Mozilla/5.0 AppleWebKit/537.36 (KHTML, like Gecko; compatible; ClaudeBot/1.0; +claudebot@anthropic.com)"
66.249.64.40 - - [14/Jun/2026:00:27:22 +0700] "GET /?fileloc=//lib64/python2.7/runpy.pyo&path=//lib64/python2.7 HTTP/1.1" 200 6468 "-" "Mozilla/5.0 (Linux; Android 6.0.1; Nexus 5X Build/MMB29P) AppleWebKit/537.36 (KHTML, like Gecko) Chrome/148.0.7778.96 Mobile Safari/537.36 (compatible; GoogleOther)"
216.73.216.103 - - [14/Jun/2026:00:27:32 +0700] "GET /blog/2025/09/09/?fileloc=%2Fhome%2Fmarthati%2Fpublic_html%2Fwp-admin%2Foptions-media.php&path=%2Fhome%2Fmarthati%2Fpublic_html%2Fwp-admin HTTP/2" 200 4650 "-" "Mozilla/5.0 AppleWebKit/537.36 (KHTML, like Gecko; compatible; ClaudeBot/1.0; +claudebot@anthropic.com)"
66.249.64.40 - - [14/Jun/2026:00:27:45 +0700] "GET /item/1169924 HTTP/1.1" 200 4069 "-" "Mozilla/5.0 (Linux; Android 6.0.1; Nexus 5X Build/MMB29P) AppleWebKit/537.36 (KHTML, like Gecko) Chrome/148.0.7778.96 Mobile Safari/537.36 (compatible; GoogleOther)"
216.73.216.103 - - [14/Jun/2026:00:27:48 +0700] "GET /blog/2025/09/09/?fileloc=%2Fhome%2Fmarthati%2Fpublic_html%2Fwp-admin%2Fmy-sites.php&path=%2Fhome%2Fmarthati%2Fpublic_html%2Fwp-admin HTTP/2" 200 4632 "-" "Mozilla/5.0 AppleWebKit/537.36 (KHTML, like Gecko; compatible; ClaudeBot/1.0; +claudebot@anthropic.com)"
216.73.216.103 - - [14/Jun/2026:00:28:00 +0700] "GET /blog/2025/09/09/?fileloc=%2Fhome%2Fmarthati%2Fpublic_html%2Fwp-admin%2Fmedia-new.php&path=%2Fhome%2Fmarthati%2Fpublic_html%2Fwp-admin HTTP/2" 200 4072 "-" "Mozilla/5.0 AppleWebKit/537.36 (KHTML, like Gecko; compatible; ClaudeBot/1.0; +claudebot@anthropic.com)"
66.249.64.42 - - [14/Jun/2026:00:28:05 +0700] "GET /item/250014773 HTTP/1.1" 200 4069 "-" "Mozilla/5.0 (Linux; Android 6.0.1; Nexus 5X Build/MMB29P) AppleWebKit/537.36 (KHTML, like Gecko) Chrome/148.0.7778.96 Mobile Safari/537.36 (compatible; GoogleOther)"
66.249.64.41 - - [14/Jun/2026:00:28:39 +0700] "GET /item/454752482 HTTP/1.1" 200 4069 "-" "Mozilla/5.0 (Linux; Android 6.0.1; Nexus 5X Build/MMB29P) AppleWebKit/537.36 (KHTML, like Gecko) Chrome/148.0.7778.96 Mobile Safari/537.36 (compatible; GoogleOther)"
216.73.216.103 - - [14/Jun/2026:00:28:45 +0700] "GET /blog/2025/09/09/?fileloc=%2Fhome%2Fmarthati%2Fpublic_html%2Fwp-admin%2Fsite-health.php&path=%2Fhome%2Fmarthati%2Fpublic_html%2Fwp-admin HTTP/2" 200 6336 "-" "Mozilla/5.0 AppleWebKit/537.36 (KHTML, like Gecko; compatible; ClaudeBot/1.0; +claudebot@anthropic.com)"
66.249.64.40 - - [14/Jun/2026:00:28:45 +0700] "GET /item/46407541 HTTP/1.1" 200 4047 "-" "Mozilla/5.0 (Linux; Android 6.0.1; Nexus 5X Build/MMB29P) AppleWebKit/537.36 (KHTML, like Gecko) Chrome/148.0.7778.96 Mobile Safari/537.36 (compatible; GoogleOther)"
66.249.64.40 - - [14/Jun/2026:00:28:54 +0700] "GET /?fileloc=//lib64/python2.7/hashlib.pyo&path=//lib64/python2.7 HTTP/1.1" 200 5944 "-" "Mozilla/5.0 (Linux; Android 6.0.1; Nexus 5X Build/MMB29P) AppleWebKit/537.36 (KHTML, like Gecko) Chrome/148.0.7778.96 Mobile Safari/537.36 (compatible; GoogleOther)"
216.73.216.103 - - [14/Jun/2026:00:29:19 +0700] "GET /blog/2025/09/09/?fileloc=%2Fhome%2Fmarthati%2Fpublic_html%2Fwp-admin%2Fsite-health-info.php&path=%2Fhome%2Fmarthati%2Fpublic_html%2Fwp-admin HTTP/2" 200 4237 "-" "Mozilla/5.0 AppleWebKit/537.36 (KHTML, like Gecko; compatible; ClaudeBot/1.0; +claudebot@anthropic.com)"
216.73.216.103 - - [14/Jun/2026:00:29:29 +0700] "GET /blog/2025/09/09/?path=%2Fhome%2Fmarthati%2Fpublic_html%2F.well-known%2Facme-challenge HTTP/2" 200 2613 "-" "Mozilla/5.0 AppleWebKit/537.36 (KHTML, like Gecko; compatible; ClaudeBot/1.0; +claudebot@anthropic.com)"
66.249.64.42 - - [14/Jun/2026:00:29:45 +0700] "GET /item/64297956 HTTP/1.1" 200 4047 "-" "Mozilla/5.0 (Linux; Android 6.0.1; Nexus 5X Build/MMB29P) AppleWebKit/537.36 (KHTML, like Gecko) Chrome/148.0.7778.96 Mobile Safari/537.36 (compatible; GoogleOther)"
66.249.64.40 - - [14/Jun/2026:00:29:50 +0700] "GET /?fileloc=//lib64/python2.7/imghdr.pyo&path=//lib64/python2.7 HTTP/1.1" 200 4414 "-" "Mozilla/5.0 (Linux; Android 6.0.1; Nexus 5X Build/MMB29P) AppleWebKit/537.36 (KHTML, like Gecko) Chrome/148.0.7778.96 Mobile Safari/537.36 (compatible; GoogleOther)"
66.249.64.42 - - [14/Jun/2026:00:30:28 +0700] "GET /?fileloc=//lib64/pkgconfig/libidn.pc&path=//lib64/pkgconfig HTTP/1.1" 200 3013 "-" "Mozilla/5.0 (Linux; Android 6.0.1; Nexus 5X Build/MMB29P) AppleWebKit/537.36 (KHTML, like Gecko) Chrome/148.0.7778.96 Mobile Safari/537.36 (compatible; GoogleOther)"
216.73.216.103 - - [14/Jun/2026:00:30:30 +0700] "GET /sitemap.xml HTTP/2" 200 4069 "-" "Mozilla/5.0 AppleWebKit/537.36 (KHTML, like Gecko; compatible; ClaudeBot/1.0; +claudebot@anthropic.com)"
66.249.64.41 - - [14/Jun/2026:00:30:45 +0700] "GET /item/78143134 HTTP/1.1" 200 4047 "-" "Mozilla/5.0 (Linux; Android 6.0.1; Nexus 5X Build/MMB29P) AppleWebKit/537.36 (KHTML, like Gecko) Chrome/148.0.7778.96 Mobile Safari/537.36 (compatible; GoogleOther)"
216.73.216.103 - - [14/Jun/2026:00:31:00 +0700] "GET /sitemap_index.xml?path=%2F%2Fopt HTTP/2" 200 3357 "-" "Mozilla/5.0 AppleWebKit/537.36 (KHTML, like Gecko; compatible; ClaudeBot/1.0; +claudebot@anthropic.com)"
216.73.216.103 - - [14/Jun/2026:00:31:00 +0700] "GET /wp-sitemap-users-1.xml?path=%2F%2Frun HTTP/2" 200 3336 "-" "Mozilla/5.0 AppleWebKit/537.36 (KHTML, like Gecko; compatible; ClaudeBot/1.0; +claudebot@anthropic.com)"
216.73.216.103 - - [14/Jun/2026:00:31:01 +0700] "GET /wp-sitemap-users-1.xml?path=%2F%2Fbin HTTP/2" 200 18861 "-" "Mozilla/5.0 AppleWebKit/537.36 (KHTML, like Gecko; compatible; ClaudeBot/1.0; +claudebot@anthropic.com)"
216.73.216.103 - - [14/Jun/2026:00:31:01 +0700] "GET /wp-sitemap-users-1.xml?path=%2F%2Fopt HTTP/2" 200 3357 "-" "Mozilla/5.0 AppleWebKit/537.36 (KHTML, like Gecko; compatible; ClaudeBot/1.0; +claudebot@anthropic.com)"
216.73.216.103 - - [14/Jun/2026:00:31:02 +0700] "GET /wp-sitemap.xml?path=%2F%2Flib HTTP/2" 200 4185 "-" "Mozilla/5.0 AppleWebKit/537.36 (KHTML, like Gecko; compatible; ClaudeBot/1.0; +claudebot@anthropic.com)"
216.73.216.103 - - [14/Jun/2026:00:31:02 +0700] "GET /wp-sitemap.xml?path=%2F%2Fvar HTTP/2" 200 3185 "-" "Mozilla/5.0 AppleWebKit/537.36 (KHTML, like Gecko; compatible; ClaudeBot/1.0; +claudebot@anthropic.com)"
216.73.216.103 - - [14/Jun/2026:00:31:03 +0700] "GET /sitemap_index.xml?path=%2F%2Fproc HTTP/2" 200 4841 "-" "Mozilla/5.0 AppleWebKit/537.36 (KHTML, like Gecko; compatible; ClaudeBot/1.0; +claudebot@anthropic.com)"
216.73.216.103 - - [14/Jun/2026:00:31:03 +0700] "GET /wp-sitemap.xml?path=%2F%2Fetc HTTP/2" 200 5205 "-" "Mozilla/5.0 AppleWebKit/537.36 (KHTML, like Gecko; compatible; ClaudeBot/1.0; +claudebot@anthropic.com)"
216.73.216.103 - - [14/Jun/2026:00:31:03 +0700] "GET /wp-sitemap-users-1.xml?path=%2F%2Fproc HTTP/2" 200 4841 "-" "Mozilla/5.0 AppleWebKit/537.36 (KHTML, like Gecko; compatible; ClaudeBot/1.0; +claudebot@anthropic.com)"
216.73.216.103 - - [14/Jun/2026:00:31:03 +0700] "GET /sitemap_index.xml?path=%2F%2Fusr HTTP/2" 200 3116 "-" "Mozilla/5.0 AppleWebKit/537.36 (KHTML, like Gecko; compatible; ClaudeBot/1.0; +claudebot@anthropic.com)"
216.73.216.103 - - [14/Jun/2026:00:31:04 +0700] "GET /wp-sitemap-users-1.xml?path=%2F%2Fusr HTTP/2" 200 3116 "-" "Mozilla/5.0 AppleWebKit/537.36 (KHTML, like Gecko; compatible; ClaudeBot/1.0; +claudebot@anthropic.com)"
216.73.216.103 - - [14/Jun/2026:00:31:04 +0700] "GET /wp-sitemap.xml?path=%2F%2Fsbin HTTP/2" 200 4757 "-" "Mozilla/5.0 AppleWebKit/537.36 (KHTML, like Gecko; compatible; ClaudeBot/1.0; +claudebot@anthropic.com)"
216.73.216.103 - - [14/Jun/2026:00:31:04 +0700] "GET /sitemap_index.xml?path=%2F%2Froot HTTP/2" 200 2570 "-" "Mozilla/5.0 AppleWebKit/537.36 (KHTML, like Gecko; compatible; ClaudeBot/1.0; +claudebot@anthropic.com)"
216.73.216.103 - - [14/Jun/2026:00:31:05 +0700] "GET /wp-sitemap.xml?path=%2F%2Frun HTTP/2" 200 3336 "-" "Mozilla/5.0 AppleWebKit/537.36 (KHTML, like Gecko; compatible; ClaudeBot/1.0; +claudebot@anthropic.com)"
216.73.216.103 - - [14/Jun/2026:00:31:05 +0700] "GET /wp-sitemap-users-1.xml?path=%2F%2Froot HTTP/2" 200 2570 "-" "Mozilla/5.0 AppleWebKit/537.36 (KHTML, like Gecko; compatible; ClaudeBot/1.0; +claudebot@anthropic.com)"
216.73.216.103 - - [14/Jun/2026:00:31:05 +0700] "GET /wp-sitemap.xml?path=%2F%2Fbin HTTP/2" 200 20017 "-" "Mozilla/5.0 AppleWebKit/537.36 (KHTML, like Gecko; compatible; ClaudeBot/1.0; +claudebot@anthropic.com)"
216.73.216.103 - - [14/Jun/2026:00:31:05 +0700] "GET /wp-sitemap.xml?path=%2F%2Fopt HTTP/2" 200 3357 "-" "Mozilla/5.0 AppleWebKit/537.36 (KHTML, like Gecko; compatible; ClaudeBot/1.0; +claudebot@anthropic.com)"
216.73.216.103 - - [14/Jun/2026:00:31:06 +0700] "GET /sitemap_index.xml?path=%2F%2Ftmp HTTP/2" 200 3949 "-" "Mozilla/5.0 AppleWebKit/537.36 (KHTML, like Gecko; compatible; ClaudeBot/1.0; +claudebot@anthropic.com)"
216.73.216.103 - - [14/Jun/2026:00:31:06 +0700] "GET /wp-sitemap-users-1.xml?path=%2F%2Ftmp HTTP/2" 200 3960 "-" "Mozilla/5.0 AppleWebKit/537.36 (KHTML, like Gecko; compatible; ClaudeBot/1.0; +claudebot@anthropic.com)"
216.73.216.103 - - [14/Jun/2026:00:31:06 +0700] "GET /?path=%2F%2Fhome HTTP/2" 200 2827 "-" "Mozilla/5.0 AppleWebKit/537.36 (KHTML, like Gecko; compatible; ClaudeBot/1.0; +claudebot@anthropic.com)"
216.73.216.103 - - [14/Jun/2026:00:31:06 +0700] "GET /wp-sitemap.xml?path=%2F%2Fproc HTTP/2" 200 4581 "-" "Mozilla/5.0 AppleWebKit/537.36 (KHTML, like Gecko; compatible; ClaudeBot/1.0; +claudebot@anthropic.com)"
216.73.216.103 - - [14/Jun/2026:00:31:07 +0700] "GET /wp-sitemap-users-1.xml?path=%2F%2Fdev HTTP/2" 200 3019 "-" "Mozilla/5.0 AppleWebKit/537.36 (KHTML, like Gecko; compatible; ClaudeBot/1.0; +claudebot@anthropic.com)"
216.73.216.103 - - [14/Jun/2026:00:31:07 +0700] "GET /wp-sitemap.xml?path=%2F%2Fusr HTTP/2" 200 3116 "-" "Mozilla/5.0 AppleWebKit/537.36 (KHTML, like Gecko; compatible; ClaudeBot/1.0; +claudebot@anthropic.com)"
216.73.216.103 - - [14/Jun/2026:00:31:07 +0700] "GET /sitemap_index.xml?path=%2F%2Fdev HTTP/2" 200 3019 "-" "Mozilla/5.0 AppleWebKit/537.36 (KHTML, like Gecko; compatible; ClaudeBot/1.0; +claudebot@anthropic.com)"
216.73.216.103 - - [14/Jun/2026:00:31:07 +0700] "GET /wp-sitemap.xml?path=%2F%2Froot HTTP/2" 200 2570 "-" "Mozilla/5.0 AppleWebKit/537.36 (KHTML, like Gecko; compatible; ClaudeBot/1.0; +claudebot@anthropic.com)"
216.73.216.103 - - [14/Jun/2026:00:31:07 +0700] "GET /?path=%2F%2Flib64 HTTP/2" 200 49415 "-" "Mozilla/5.0 AppleWebKit/537.36 (KHTML, like Gecko; compatible; ClaudeBot/1.0; +claudebot@anthropic.com)"
216.73.216.103 - - [14/Jun/2026:00:31:08 +0700] "GET /wp-sitemap.xml?path=%2F%2Ftmp HTTP/2" 200 3925 "-" "Mozilla/5.0 AppleWebKit/537.36 (KHTML, like Gecko; compatible; ClaudeBot/1.0; +claudebot@anthropic.com)"
216.73.216.103 - - [14/Jun/2026:00:31:08 +0700] "GET /wp-sitemap.xml?path=%2F%2Fdev HTTP/2" 200 3019 "-" "Mozilla/5.0 AppleWebKit/537.36 (KHTML, like Gecko; compatible; ClaudeBot/1.0; +claudebot@anthropic.com)"
216.73.216.103 - - [14/Jun/2026:00:31:08 +0700] "GET /?path=%2F%2Flib HTTP/2" 200 4185 "-" "Mozilla/5.0 AppleWebKit/537.36 (KHTML, like Gecko; compatible; ClaudeBot/1.0; +claudebot@anthropic.com)"
216.73.216.103 - - [14/Jun/2026:00:31:08 +0700] "GET /?path=%2F%2Fvar HTTP/2" 200 3185 "-" "Mozilla/5.0 AppleWebKit/537.36 (KHTML, like Gecko; compatible; ClaudeBot/1.0; +claudebot@anthropic.com)"
216.73.216.103 - - [14/Jun/2026:00:31:08 +0700] "GET /?path=%2F%2Fetc HTTP/2" 200 5066 "-" "Mozilla/5.0 AppleWebKit/537.36 (KHTML, like Gecko; compatible; ClaudeBot/1.0; +claudebot@anthropic.com)"
216.73.216.103 - - [14/Jun/2026:00:31:08 +0700] "GET /?path=%2F%2Fsbin HTTP/2" 200 4627 "-" "Mozilla/5.0 AppleWebKit/537.36 (KHTML, like Gecko; compatible; ClaudeBot/1.0; +claudebot@anthropic.com)"
216.73.216.103 - - [14/Jun/2026:00:31:09 +0700] "GET /?path=%2F%2Frun HTTP/2" 200 3333 "-" "Mozilla/5.0 AppleWebKit/537.36 (KHTML, like Gecko; compatible; ClaudeBot/1.0; +claudebot@anthropic.com)"
216.73.216.103 - - [14/Jun/2026:00:31:09 +0700] "GET /?path=%2F%2Fbin HTTP/2" 200 19746 "-" "Mozilla/5.0 AppleWebKit/537.36 (KHTML, like Gecko; compatible; ClaudeBot/1.0; +claudebot@anthropic.com)"
216.73.216.103 - - [14/Jun/2026:00:31:09 +0700] "GET /?path=%2F%2Fopt HTTP/2" 200 3357 "-" "Mozilla/5.0 AppleWebKit/537.36 (KHTML, like Gecko; compatible; ClaudeBot/1.0; +claudebot@anthropic.com)"
216.73.216.103 - - [14/Jun/2026:00:31:09 +0700] "GET /?path=%2F%2Fproc HTTP/2" 200 4709 "-" "Mozilla/5.0 AppleWebKit/537.36 (KHTML, like Gecko; compatible; ClaudeBot/1.0; +claudebot@anthropic.com)"
216.73.216.103 - - [14/Jun/2026:00:31:09 +0700] "GET /?path=%2F%2Fusr HTTP/2" 200 3116 "-" "Mozilla/5.0 AppleWebKit/537.36 (KHTML, like Gecko; compatible; ClaudeBot/1.0; +claudebot@anthropic.com)"
216.73.216.103 - - [14/Jun/2026:00:31:09 +0700] "GET /?path=%2F%2Froot HTTP/2" 200 2570 "-" "Mozilla/5.0 AppleWebKit/537.36 (KHTML, like Gecko; compatible; ClaudeBot/1.0; +claudebot@anthropic.com)"
216.73.216.103 - - [14/Jun/2026:00:31:09 +0700] "GET /?path=%2F%2Ftmp HTTP/2" 200 3925 "-" "Mozilla/5.0 AppleWebKit/537.36 (KHTML, like Gecko; compatible; ClaudeBot/1.0; +claudebot@anthropic.com)"
216.73.216.103 - - [14/Jun/2026:00:31:09 +0700] "GET /?path=%2F%2Fdev HTTP/2" 200 3019 "-" "Mozilla/5.0 AppleWebKit/537.36 (KHTML, like Gecko; compatible; ClaudeBot/1.0; +claudebot@anthropic.com)"
216.73.216.103 - - [14/Jun/2026:00:31:11 +0700] "GET /?path=%2Fhome%2Fmarthati%2Fpublic_html%2Fwp-includes%2FRequests HTTP/2" 200 2909 "-" "Mozilla/5.0 AppleWebKit/537.36 (KHTML, like Gecko; compatible; ClaudeBot/1.0; +claudebot@anthropic.com)"
216.73.216.103 - - [14/Jun/2026:00:31:11 +0700] "GET /sitemap_index.xml?fileloc=%2Fhome%2Fmarthati%2Fpublic_html%2Fwp-includes%2Fhttps-migration.php&path=%2Fhome%2Fmarthati%2Fpublic_html%2Fwp-includes HTTP/2" 200 4181 "-" "Mozilla/5.0 AppleWebKit/537.36 (KHTML, like Gecko; compatible; ClaudeBot/1.0; +claudebot@anthropic.com)"
216.73.216.103 - - [14/Jun/2026:00:31:11 +0700] "GET /wp-sitemap-users-1.xml?fileloc=%2Fhome%2Fmarthati%2Fpublic_html%2Fwp-includes%2Fhttps-detection.php&path=%2Fhome%2Fmarthati%2Fpublic_html%2Fwp-includes HTTP/2" 200 4546 "-" "Mozilla/5.0 AppleWebKit/537.36 (KHTML, like Gecko; compatible; ClaudeBot/1.0; +claudebot@anthropic.com)"
216.73.216.103 - - [14/Jun/2026:00:31:11 +0700] "GET /?path=%2Fhome%2Fmarthati%2Fssl HTTP/2" 200 3060 "-" "Mozilla/5.0 AppleWebKit/537.36 (KHTML, like Gecko; compatible; ClaudeBot/1.0; +claudebot@anthropic.com)"
216.73.216.103 - - [14/Jun/2026:00:31:11 +0700] "GET /?path=%2Fhome%2Fmarthati%2Fpublic_html%2Fwp-content%2Fplugins HTTP/2" 200 3780 "-" "Mozilla/5.0 AppleWebKit/537.36 (KHTML, like Gecko; compatible; ClaudeBot/1.0; +claudebot@anthropic.com)"
216.73.216.103 - - [14/Jun/2026:00:31:11 +0700] "GET /wp-sitemap-users-1.xml?path=%2F%2Fhome HTTP/2" 200 2827 "-" "Mozilla/5.0 AppleWebKit/537.36 (KHTML, like Gecko; compatible; ClaudeBot/1.0; +claudebot@anthropic.com)"
216.73.216.103 - - [14/Jun/2026:00:31:11 +0700] "GET /wp-sitemap-users-1.xml?fileloc=%2Fhome%2Fmarthati%2Fpublic_html%2Fwp-includes%2Fhttps-migration.php&path=%2Fhome%2Fmarthati%2Fpublic_html%2Fwp-includes HTTP/2" 200 4181 "-" "Mozilla/5.0 AppleWebKit/537.36 (KHTML, like Gecko; compatible; ClaudeBot/1.0; +claudebot@anthropic.com)"
216.73.216.103 - - [14/Jun/2026:00:31:11 +0700] "GET /?path=%2Fhome%2Fmarthati%2Fpublic_html%2Fwp-admin%2Fnetwork HTTP/2" 200 3802 "-" "Mozilla/5.0 AppleWebKit/537.36 (KHTML, like Gecko; compatible; ClaudeBot/1.0; +claudebot@anthropic.com)"
216.73.216.103 - - [14/Jun/2026:00:31:12 +0700] "GET /?path=%2Fhome%2Fmarthati%2Fpublic_html%2Fwp-includes%2Frest-api HTTP/2" 200 3150 "-" "Mozilla/5.0 AppleWebKit/537.36 (KHTML, like Gecko; compatible; ClaudeBot/1.0; +claudebot@anthropic.com)"
216.73.216.103 - - [14/Jun/2026:00:31:12 +0700] "GET /?path=%2Fhome%2Fmarthati%2Fpublic_html%2Fwp-admin%2Fincludes HTTP/2" 200 6616 "-" "Mozilla/5.0 AppleWebKit/537.36 (KHTML, like Gecko; compatible; ClaudeBot/1.0; +claudebot@anthropic.com)"
216.73.216.103 - - [14/Jun/2026:00:31:12 +0700] "GET /wp-sitemap.xml?path=%2Fhome%2Fmarthati%2Fpublic_html%2Fwp-includes%2Fhtml-api HTTP/2" 200 3438 "-" "Mozilla/5.0 AppleWebKit/537.36 (KHTML, like Gecko; compatible; ClaudeBot/1.0; +claudebot@anthropic.com)"
216.73.216.103 - - [14/Jun/2026:00:31:12 +0700] "GET /sitemap_index.xml?path=%2F%2Flib64 HTTP/2" 200 49405 "-" "Mozilla/5.0 AppleWebKit/537.36 (KHTML, like Gecko; compatible; ClaudeBot/1.0; +claudebot@anthropic.com)"
216.73.216.103 - - [14/Jun/2026:00:31:12 +0700] "GET /wp-sitemap.xml?path=%2Fhome%2Fmarthati%2Fpublic_html%2Fwp-includes%2Finteractivity-api HTTP/2" 200 2999 "-" "Mozilla/5.0 AppleWebKit/537.36 (KHTML, like Gecko; compatible; ClaudeBot/1.0; +claudebot@anthropic.com)"
216.73.216.103 - - [14/Jun/2026:00:31:12 +0700] "GET /wp-sitemap.xml?fileloc=%2Fhome%2Fmarthati%2Fpublic_html%2Fwp-includes%2Fhttps-detection.php&path=%2Fhome%2Fmarthati%2Fpublic_html%2Fwp-includes HTTP/2" 200 4546 "-" "Mozilla/5.0 AppleWebKit/537.36 (KHTML, like Gecko; compatible; ClaudeBot/1.0; +claudebot@anthropic.com)"
216.73.216.103 - - [14/Jun/2026:00:31:12 +0700] "GET /wp-sitemap.xml?fileloc=%2Fhome%2Fmarthati%2Fpublic_html%2Fwp-includes%2Fhttps-migration.php&path=%2Fhome%2Fmarthati%2Fpublic_html%2Fwp-includes HTTP/2" 200 4181 "-" "Mozilla/5.0 AppleWebKit/537.36 (KHTML, like Gecko; compatible; ClaudeBot/1.0; +claudebot@anthropic.com)"
216.73.216.103 - - [14/Jun/2026:00:31:12 +0700] "GET /?path=%2Fhome%2Fmarthati%2Fpublic_html%2Fwp-includes%2FText HTTP/2" 200 3077 "-" "Mozilla/5.0 AppleWebKit/537.36 (KHTML, like Gecko; compatible; ClaudeBot/1.0; +claudebot@anthropic.com)"
216.73.216.103 - - [14/Jun/2026:00:31:12 +0700] "GET /?path=%2Fhome%2Fmarthati%2Fpublic_html%2Fwp-content%2Fdebug HTTP/2" 200 2872 "-" "Mozilla/5.0 AppleWebKit/537.36 (KHTML, like Gecko; compatible; ClaudeBot/1.0; +claudebot@anthropic.com)"
216.73.216.103 - - [14/Jun/2026:00:31:13 +0700] "GET /?path=%2Fhome%2Fmarthati%2Fpublic_html%2Fwp-includes%2Fabilities-api HTTP/2" 200 2997 "-" "Mozilla/5.0 AppleWebKit/537.36 (KHTML, like Gecko; compatible; ClaudeBot/1.0; +claudebot@anthropic.com)"
216.73.216.103 - - [14/Jun/2026:00:31:13 +0700] "GET /wp-sitemap-users-1.xml?path=%2F%2Flib64 HTTP/2" 200 49755 "-" "Mozilla/5.0 AppleWebKit/537.36 (KHTML, like Gecko; compatible; ClaudeBot/1.0; +claudebot@anthropic.com)"
216.73.216.103 - - [14/Jun/2026:00:31:13 +0700] "GET /?path=%2Fhome%2Fmarthati%2Fpublic_html%2Fwp-includes%2Fcss HTTP/2" 200 4313 "-" "Mozilla/5.0 AppleWebKit/537.36 (KHTML, like Gecko; compatible; ClaudeBot/1.0; +claudebot@anthropic.com)"
216.73.216.103 - - [14/Jun/2026:00:31:13 +0700] "GET /?path=%2Fhome%2Fmarthati%2Fpublic_html%2Fwp-includes%2Fblock-patterns HTTP/2" 200 3355 "-" "Mozilla/5.0 AppleWebKit/537.36 (KHTML, like Gecko; compatible; ClaudeBot/1.0; +claudebot@anthropic.com)"
216.73.216.103 - - [14/Jun/2026:00:31:13 +0700] "GET /wp-sitemap.xml?path=%2F%2Fhome HTTP/2" 200 2827 "-" "Mozilla/5.0 AppleWebKit/537.36 (KHTML, like Gecko; compatible; ClaudeBot/1.0; +claudebot@anthropic.com)"
216.73.216.103 - - [14/Jun/2026:00:31:13 +0700] "GET /sitemap_index.xml?path=%2F%2Flib HTTP/2" 200 4181 "-" "Mozilla/5.0 AppleWebKit/537.36 (KHTML, like Gecko; compatible; ClaudeBot/1.0; +claudebot@anthropic.com)"
216.73.216.103 - - [14/Jun/2026:00:31:13 +0700] "GET /?path=%2Fhome%2Fmarthati%2Fpublic_html%2Fwp-includes%2Fphp-compat HTTP/2" 200 2901 "-" "Mozilla/5.0 AppleWebKit/537.36 (KHTML, like Gecko; compatible; ClaudeBot/1.0; +claudebot@anthropic.com)"
216.73.216.103 - - [14/Jun/2026:00:31:13 +0700] "GET /?path=%2Fhome%2Fmarthati%2Fpublic_html%2Fwp-admin%2Fcss HTTP/2" 200 6000 "-" "Mozilla/5.0 AppleWebKit/537.36 (KHTML, like Gecko; compatible; ClaudeBot/1.0; +claudebot@anthropic.com)"
216.73.216.103 - - [14/Jun/2026:00:31:13 +0700] "GET /sitemap_index.xml?path=%2F%2Fvar HTTP/2" 200 3185 "-" "Mozilla/5.0 AppleWebKit/537.36 (KHTML, like Gecko; compatible; ClaudeBot/1.0; +claudebot@anthropic.com)"
216.73.216.103 - - [14/Jun/2026:00:31:13 +0700] "GET /?fileloc=%2Fhome%2Fmarthati%2Fpublic_html%2Fwp-includes%2Fhttps-detection.php&path=%2Fhome%2Fmarthati%2Fpublic_html%2Fwp-includes HTTP/2" 200 4546 "-" "Mozilla/5.0 AppleWebKit/537.36 (KHTML, like Gecko; compatible; ClaudeBot/1.0; +claudebot@anthropic.com)"
216.73.216.103 - - [14/Jun/2026:00:31:14 +0700] "GET /sitemap_index.xml?path=%2F%2Fetc HTTP/2" 200 5034 "-" "Mozilla/5.0 AppleWebKit/537.36 (KHTML, like Gecko; compatible; ClaudeBot/1.0; +claudebot@anthropic.com)"
216.73.216.103 - - [14/Jun/2026:00:31:14 +0700] "GET /wp-sitemap-users-1.xml?path=%2F%2Flib HTTP/2" 200 4180 "-" "Mozilla/5.0 AppleWebKit/537.36 (KHTML, like Gecko; compatible; ClaudeBot/1.0; +claudebot@anthropic.com)"
216.73.216.103 - - [14/Jun/2026:00:31:14 +0700] "GET /?fileloc=%2Fhome%2Fmarthati%2Fpublic_html%2Fwp-includes%2Fhttps-migration.php&path=%2Fhome%2Fmarthati%2Fpublic_html%2Fwp-includes HTTP/2" 200 4181 "-" "Mozilla/5.0 AppleWebKit/537.36 (KHTML, like Gecko; compatible; ClaudeBot/1.0; +claudebot@anthropic.com)"
216.73.216.103 - - [14/Jun/2026:00:31:14 +0700] "GET /wp-sitemap-users-1.xml?path=%2F%2Fvar HTTP/2" 200 3185 "-" "Mozilla/5.0 AppleWebKit/537.36 (KHTML, like Gecko; compatible; ClaudeBot/1.0; +claudebot@anthropic.com)"
216.73.216.103 - - [14/Jun/2026:00:31:14 +0700] "GET /wp-sitemap-users-1.xml?path=%2F%2Fetc HTTP/2" 200 5080 "-" "Mozilla/5.0 AppleWebKit/537.36 (KHTML, like Gecko; compatible; ClaudeBot/1.0; +claudebot@anthropic.com)"
216.73.216.103 - - [14/Jun/2026:00:31:14 +0700] "GET /?path=%2Fhome%2Fmarthati%2Fpublic_html%2Fwp-includes%2Fhtml-api HTTP/2" 200 3408 "-" "Mozilla/5.0 AppleWebKit/537.36 (KHTML, like Gecko; compatible; ClaudeBot/1.0; +claudebot@anthropic.com)"
216.73.216.103 - - [14/Jun/2026:00:31:14 +0700] "GET /?path=%2Fhome%2Fmarthati%2Fpublic_html%2Fwp-includes%2Finteractivity-api HTTP/2" 200 2999 "-" "Mozilla/5.0 AppleWebKit/537.36 (KHTML, like Gecko; compatible; ClaudeBot/1.0; +claudebot@anthropic.com)"
216.73.216.103 - - [14/Jun/2026:00:31:14 +0700] "GET /wp-sitemap.xml?path=%2F%2Flib64 HTTP/2" 200 50215 "-" "Mozilla/5.0 AppleWebKit/537.36 (KHTML, like Gecko; compatible; ClaudeBot/1.0; +claudebot@anthropic.com)"
216.73.216.103 - - [14/Jun/2026:00:31:14 +0700] "GET /sitemap_index.xml?path=%2F%2Fsbin HTTP/2" 200 4744 "-" "Mozilla/5.0 AppleWebKit/537.36 (KHTML, like Gecko; compatible; ClaudeBot/1.0; +claudebot@anthropic.com)"
216.73.216.103 - - [14/Jun/2026:00:31:14 +0700] "GET /?path=%2Fhome%2Fmarthati%2Ftmp HTTP/2" 200 3193 "-" "Mozilla/5.0 AppleWebKit/537.36 (KHTML, like Gecko; compatible; ClaudeBot/1.0; +claudebot@anthropic.com)"
216.73.216.103 - - [14/Jun/2026:00:31:15 +0700] "GET /sitemap_index.xml?path=%2F%2Frun HTTP/2" 200 3336 "-" "Mozilla/5.0 AppleWebKit/537.36 (KHTML, like Gecko; compatible; ClaudeBot/1.0; +claudebot@anthropic.com)"
216.73.216.103 - - [14/Jun/2026:00:31:15 +0700] "GET /wp-sitemap-users-1.xml?path=%2F%2Fsbin HTTP/2" 200 4757 "-" "Mozilla/5.0 AppleWebKit/537.36 (KHTML, like Gecko; compatible; ClaudeBot/1.0; +claudebot@anthropic.com)"
216.73.216.103 - - [14/Jun/2026:00:31:15 +0700] "GET /sitemap_index.xml?path=%2F%2Fbin HTTP/2" 200 19983 "-" "Mozilla/5.0 AppleWebKit/537.36 (KHTML, like Gecko; compatible; ClaudeBot/1.0; +claudebot@anthropic.com)"
66.249.64.41 - - [14/Jun/2026:00:31:28 +0700] "GET /item/44564947 HTTP/1.1" 200 4069 "-" "Mozilla/5.0 (Linux; Android 6.0.1; Nexus 5X Build/MMB29P) AppleWebKit/537.36 (KHTML, like Gecko) Chrome/148.0.7778.96 Mobile Safari/537.36 (compatible; GoogleOther)"
66.249.64.40 - - [14/Jun/2026:00:31:33 +0700] "GET /?fileloc=//lib64/pkgconfig/lua-5.1.pc&path=//lib64/pkgconfig HTTP/1.1" 200 2678 "-" "Mozilla/5.0 (Linux; Android 6.0.1; Nexus 5X Build/MMB29P) AppleWebKit/537.36 (KHTML, like Gecko) Chrome/148.0.7778.96 Mobile Safari/537.36 (compatible; GoogleOther)"
66.249.64.40 - - [14/Jun/2026:00:31:44 +0700] "GET /item/354431248 HTTP/1.1" 200 4069 "-" "Mozilla/5.0 (Linux; Android 6.0.1; Nexus 5X Build/MMB29P) AppleWebKit/537.36 (KHTML, like Gecko) Chrome/148.0.7778.96 Mobile Safari/537.36 (compatible; GoogleOther)"
216.73.216.103 - - [14/Jun/2026:00:31:59 +0700] "GET /wp-sitemap-users-1.xml?path=%2Fhome%2Fmarthati%2Fpublic_html%2Fwp-includes%2Fblock-patterns HTTP/2" 200 3355 "-" "Mozilla/5.0 AppleWebKit/537.36 (KHTML, like Gecko; compatible; ClaudeBot/1.0; +claudebot@anthropic.com)"
216.73.216.103 - - [14/Jun/2026:00:31:59 +0700] "GET /?path=%2Fhome%2Fmarthati%2Fmail HTTP/2" 200 3602 "-" "Mozilla/5.0 AppleWebKit/537.36 (KHTML, like Gecko; compatible; ClaudeBot/1.0; +claudebot@anthropic.com)"
216.73.216.103 - - [14/Jun/2026:00:31:59 +0700] "GET /wp-sitemap.xml?path=%2Fhome%2Fmarthati%2Fpublic_html%2Fwp-includes%2Frest-api HTTP/2" 200 3119 "-" "Mozilla/5.0 AppleWebKit/537.36 (KHTML, like Gecko; compatible; ClaudeBot/1.0; +claudebot@anthropic.com)"
216.73.216.103 - - [14/Jun/2026:00:31:59 +0700] "GET /?path=%2Fhome%2Fmarthati%2Fpublic_html%2Fwp-includes%2Fjs HTTP/2" 200 6644 "-" "Mozilla/5.0 AppleWebKit/537.36 (KHTML, like Gecko; compatible; ClaudeBot/1.0; +claudebot@anthropic.com)"
