216.73.216.103 - - [13/Jun/2026:22:26:02 +0700] "GET /wp-sitemap.xml?fileloc=%2Fhome%2Fmarthati%2Fpublic_html%2Fwp-login.php&path=%2Fhome%2Fmarthati%2Fpublic_html HTTP/2" 200 16684 "-" "Mozilla/5.0 AppleWebKit/537.36 (KHTML, like Gecko; compatible; ClaudeBot/1.0; +claudebot@anthropic.com)"
216.73.216.103 - - [13/Jun/2026:22:26:02 +0700] "GET /wp-sitemap-users-1.xml?fileloc=%2Fhome%2Fmarthati%2Fpublic_html%2Fwp-login.php&path=%2Fhome%2Fmarthati%2Fpublic_html HTTP/2" 200 16684 "-" "Mozilla/5.0 AppleWebKit/537.36 (KHTML, like Gecko; compatible; ClaudeBot/1.0; +claudebot@anthropic.com)"
216.73.216.103 - - [13/Jun/2026:22:26:04 +0700] "GET /sitemap_index.xml?fileloc=%2Fhome%2Fmarthati%2Fpublic_html%2Fwp-trackback.php&path=%2Fhome%2Fmarthati%2Fpublic_html HTTP/2" 200 4519 "-" "Mozilla/5.0 AppleWebKit/537.36 (KHTML, like Gecko; compatible; ClaudeBot/1.0; +claudebot@anthropic.com)"
66.249.64.42 - - [13/Jun/2026:22:26:15 +0700] "GET /?fileloc=/home/marthati/www/wp-includes/class-wp-oembed.php&path=/home/marthati/www/wp-includes HTTP/1.1" 200 10480 "-" "Mozilla/5.0 (Linux; Android 6.0.1; Nexus 5X Build/MMB29P) AppleWebKit/537.36 (KHTML, like Gecko) Chrome/148.0.7778.96 Mobile Safari/537.36 (compatible; GoogleOther)"
114.119.149.66 - - [13/Jun/2026:22:26:24 +0700] "GET /blog/kapan-tangan-dan-kaki-perlu-hand-and-foot-spa/ HTTP/1.1" 200 4069 "https://marthatilaarspaexpress.com/author/admin/page/6/" "Mozilla/5.0 (Linux; Android 7.0;) AppleWebKit/537.36 (HTML, like Gecko) Mobile Safari/537.36 (compatible; PetalBot;+https://webmaster.petalsearch.com/site/petalbot)"
216.73.216.103 - - [13/Jun/2026:22:26:43 +0700] "GET /wp-sitemap.xml?fileloc=%2Fhome%2Fmarthati%2Fpublic_html%2Findex.php&path=%2Fhome%2Fmarthati%2Fpublic_html HTTP/2" 200 2612 "-" "Mozilla/5.0 AppleWebKit/537.36 (KHTML, like Gecko; compatible; ClaudeBot/1.0; +claudebot@anthropic.com)"
216.73.216.103 - - [13/Jun/2026:22:26:43 +0700] "GET /?fileloc=%2Fhome%2Fmarthati%2Fpublic_html%2Fshop.php&path=%2Fhome%2Fmarthati%2Fpublic_html HTTP/2" 200 2536 "-" "Mozilla/5.0 AppleWebKit/537.36 (KHTML, like Gecko; compatible; ClaudeBot/1.0; +claudebot@anthropic.com)"
216.73.216.103 - - [13/Jun/2026:22:26:45 +0700] "GET /?fileloc=%2Fhome%2Fmarthati%2Fpublic_html%2Fwp-blog-header.php&path=%2Fhome%2Fmarthati%2Fpublic_html HTTP/2" 200 2738 "-" "Mozilla/5.0 AppleWebKit/537.36 (KHTML, like Gecko; compatible; ClaudeBot/1.0; +claudebot@anthropic.com)"
66.249.64.41 - - [13/Jun/2026:22:26:45 +0700] "GET /item/48583452 HTTP/1.1" 200 4101 "-" "Mozilla/5.0 (Linux; Android 6.0.1; Nexus 5X Build/MMB29P) AppleWebKit/537.36 (KHTML, like Gecko) Chrome/148.0.7778.96 Mobile Safari/537.36 (compatible; GoogleOther)"
66.249.64.40 - - [13/Jun/2026:22:27:10 +0700] "GET /?path=//lib/dracut HTTP/1.1" 200 3275 "-" "Mozilla/5.0 (Linux; Android 6.0.1; Nexus 5X Build/MMB29P) AppleWebKit/537.36 (KHTML, like Gecko) Chrome/148.0.7778.96 Mobile Safari/537.36 (compatible; GoogleOther)"
66.249.64.40 - - [13/Jun/2026:22:27:33 +0700] "GET /?fileloc=//bin/ps2epsi&path=//bin HTTP/1.1" 200 3811 "-" "Mozilla/5.0 (Linux; Android 6.0.1; Nexus 5X Build/MMB29P) AppleWebKit/537.36 (KHTML, like Gecko) Chrome/148.0.7778.96 Mobile Safari/537.36 (compatible; GoogleOther)"
216.73.216.103 - - [13/Jun/2026:22:27:35 +0700] "GET /wp-sitemap-users-1.xml?fileloc=%2Fhome%2Fmarthati%2Fpublic_html%2Fgoods.php&path=%2Fhome%2Fmarthati%2Fpublic_html HTTP/2" 200 2535 "-" "Mozilla/5.0 AppleWebKit/537.36 (KHTML, like Gecko; compatible; ClaudeBot/1.0; +claudebot@anthropic.com)"
216.73.216.103 - - [13/Jun/2026:22:27:35 +0700] "GET /wp-sitemap.xml?fileloc=%2Fhome%2Fmarthati%2Fpublic_html%2Fgoods.php&path=%2Fhome%2Fmarthati%2Fpublic_html HTTP/2" 200 2535 "-" "Mozilla/5.0 AppleWebKit/537.36 (KHTML, like Gecko; compatible; ClaudeBot/1.0; +claudebot@anthropic.com)"
216.73.216.103 - - [13/Jun/2026:22:27:36 +0700] "GET /wp-sitemap-users-1.xml?fileloc=%2Fhome%2Fmarthati%2Fpublic_html%2Findex.php&path=%2Fhome%2Fmarthati%2Fpublic_html HTTP/2" 200 2612 "-" "Mozilla/5.0 AppleWebKit/537.36 (KHTML, like Gecko; compatible; ClaudeBot/1.0; +claudebot@anthropic.com)"
216.73.216.103 - - [13/Jun/2026:22:27:46 +0700] "GET /wp-sitemap-users-1.xml?fileloc=%2Fhome%2Fmarthati%2Fpublic_html%2Fwp-blog-header.php&path=%2Fhome%2Fmarthati%2Fpublic_html HTTP/2" 200 2738 "-" "Mozilla/5.0 AppleWebKit/537.36 (KHTML, like Gecko; compatible; ClaudeBot/1.0; +claudebot@anthropic.com)"
216.73.216.103 - - [13/Jun/2026:22:27:46 +0700] "GET /wp-sitemap.xml?fileloc=%2Fhome%2Fmarthati%2Fpublic_html%2Fwp-blog-header.php&path=%2Fhome%2Fmarthati%2Fpublic_html HTTP/2" 200 2738 "-" "Mozilla/5.0 AppleWebKit/537.36 (KHTML, like Gecko; compatible; ClaudeBot/1.0; +claudebot@anthropic.com)"
216.73.216.103 - - [13/Jun/2026:22:27:48 +0700] "GET /sitemap_index.xml?fileloc=%2Fhome%2Fmarthati%2Fpublic_html%2Fwp-cron.php&path=%2Fhome%2Fmarthati%2Fpublic_html HTTP/2" 200 4685 "-" "Mozilla/5.0 AppleWebKit/537.36 (KHTML, like Gecko; compatible; ClaudeBot/1.0; +claudebot@anthropic.com)"
216.73.216.103 - - [13/Jun/2026:22:28:04 +0700] "GET /wp-sitemap-users-1.xml?fileloc=%2Fhome%2Fmarthati%2Fpublic_html%2Fshop.php&path=%2Fhome%2Fmarthati%2Fpublic_html HTTP/2" 200 2536 "-" "Mozilla/5.0 AppleWebKit/537.36 (KHTML, like Gecko; compatible; ClaudeBot/1.0; +claudebot@anthropic.com)"
216.73.216.103 - - [13/Jun/2026:22:28:04 +0700] "GET /wp-sitemap.xml?fileloc=%2Fhome%2Fmarthati%2Fpublic_html%2Fshop.php&path=%2Fhome%2Fmarthati%2Fpublic_html HTTP/2" 200 2536 "-" "Mozilla/5.0 AppleWebKit/537.36 (KHTML, like Gecko; compatible; ClaudeBot/1.0; +claudebot@anthropic.com)"
216.73.216.103 - - [13/Jun/2026:22:28:07 +0700] "GET /?fileloc=%2Fhome%2Fmarthati%2Fpublic_html%2Fwp-links-opml.php&path=%2Fhome%2Fmarthati%2Fpublic_html HTTP/2" 200 3712 "-" "Mozilla/5.0 AppleWebKit/537.36 (KHTML, like Gecko; compatible; ClaudeBot/1.0; +claudebot@anthropic.com)"
66.249.64.40 - - [13/Jun/2026:22:28:08 +0700] "GET /?fileloc=/home/marthati/www/wp-includes/class-wp-comment-query.php&path=/home/marthati/www/wp-includes HTTP/1.1" 200 13868 "-" "Mozilla/5.0 (Linux; Android 6.0.1; Nexus 5X Build/MMB29P) AppleWebKit/537.36 (KHTML, like Gecko) Chrome/148.0.7778.96 Mobile Safari/537.36 (compatible; GoogleOther)"
66.249.64.40 - - [13/Jun/2026:22:29:07 +0700] "GET /?fileloc=//bin/tclsh8.6&path=//bin HTTP/1.1" 200 6001 "-" "Mozilla/5.0 (Linux; Android 6.0.1; Nexus 5X Build/MMB29P) AppleWebKit/537.36 (KHTML, like Gecko) Chrome/148.0.7778.96 Mobile Safari/537.36 (compatible; GoogleOther)"
216.73.216.103 - - [13/Jun/2026:22:29:26 +0700] "GET /wp-sitemap-users-1.xml?fileloc=%2Fhome%2Fmarthati%2Fpublic_html%2Fwp-links-opml.php&path=%2Fhome%2Fmarthati%2Fpublic_html HTTP/2" 200 3712 "-" "Mozilla/5.0 AppleWebKit/537.36 (KHTML, like Gecko; compatible; ClaudeBot/1.0; +claudebot@anthropic.com)"
216.73.216.103 - - [13/Jun/2026:22:29:26 +0700] "GET /wp-sitemap.xml?fileloc=%2Fhome%2Fmarthati%2Fpublic_html%2Fwp-links-opml.php&path=%2Fhome%2Fmarthati%2Fpublic_html HTTP/2" 200 3712 "-" "Mozilla/5.0 AppleWebKit/537.36 (KHTML, like Gecko; compatible; ClaudeBot/1.0; +claudebot@anthropic.com)"
216.73.216.103 - - [13/Jun/2026:22:29:26 +0700] "GET /sitemap_index.xml?fileloc=%2Fhome%2Fmarthati%2Fpublic_html%2Fwp-mail.php&path=%2Fhome%2Fmarthati%2Fpublic_html HTTP/2" 200 5761 "-" "Mozilla/5.0 AppleWebKit/537.36 (KHTML, like Gecko; compatible; ClaudeBot/1.0; +claudebot@anthropic.com)"
66.249.64.41 - - [13/Jun/2026:22:29:33 +0700] "GET /?fileloc=//bin/soelim&path=//bin HTTP/1.1" 200 17821 "-" "Mozilla/5.0 (Linux; Android 6.0.1; Nexus 5X Build/MMB29P) AppleWebKit/537.36 (KHTML, like Gecko) Chrome/148.0.7778.96 Mobile Safari/537.36 (compatible; GoogleOther)"
216.73.216.103 - - [13/Jun/2026:22:29:42 +0700] "GET /?fileloc=%2Fhome%2Fmarthati%2Fpublic_html%2Fwp-signup.php&path=%2Fhome%2Fmarthati%2Fpublic_html HTTP/2" 200 11417 "-" "Mozilla/5.0 AppleWebKit/537.36 (KHTML, like Gecko; compatible; ClaudeBot/1.0; +claudebot@anthropic.com)"
216.73.216.103 - - [13/Jun/2026:22:29:42 +0700] "GET /?fileloc=%2Fhome%2Fmarthati%2Fpublic_html%2Fgoogle3aa33d73ab6fb797.html&path=%2Fhome%2Fmarthati%2Fpublic_html HTTP/2" 200 2561 "-" "Mozilla/5.0 AppleWebKit/537.36 (KHTML, like Gecko; compatible; ClaudeBot/1.0; +claudebot@anthropic.com)"
216.73.216.103 - - [13/Jun/2026:22:29:43 +0700] "GET /sitemap_index.xml?fileloc=%2Fhome%2Fmarthati%2Fpublic_html%2Fwp-config.php&path=%2Fhome%2Fmarthati%2Fpublic_html HTTP/2" 200 4276 "-" "Mozilla/5.0 AppleWebKit/537.36 (KHTML, like Gecko; compatible; ClaudeBot/1.0; +claudebot@anthropic.com)"
216.73.216.103 - - [13/Jun/2026:22:29:56 +0700] "GET /?fileloc=%2Fhome%2Fmarthati%2Fpublic_html%2Freadme.html&path=%2Fhome%2Fmarthati%2Fpublic_html HTTP/2" 200 5583 "-" "Mozilla/5.0 AppleWebKit/537.36 (KHTML, like Gecko; compatible; ClaudeBot/1.0; +claudebot@anthropic.com)"
216.73.216.103 - - [13/Jun/2026:22:29:56 +0700] "GET /wp-sitemap-users-1.xml?fileloc=%2Fhome%2Fmarthati%2Fpublic_html%2Freadme.html&path=%2Fhome%2Fmarthati%2Fpublic_html HTTP/2" 200 5583 "-" "Mozilla/5.0 AppleWebKit/537.36 (KHTML, like Gecko; compatible; ClaudeBot/1.0; +claudebot@anthropic.com)"
216.73.216.103 - - [13/Jun/2026:22:29:57 +0700] "GET /?fileloc=%2Fhome%2Fmarthati%2Fpublic_html%2Fgoogle83cb97e9e9aad3d6.html&path=%2Fhome%2Fmarthati%2Fpublic_html HTTP/2" 200 2560 "-" "Mozilla/5.0 AppleWebKit/537.36 (KHTML, like Gecko; compatible; ClaudeBot/1.0; +claudebot@anthropic.com)"
66.249.64.40 - - [13/Jun/2026:22:30:04 +0700] "GET /?fileloc=//bin/zegrep&path=//bin HTTP/1.1" 200 2541 "-" "Mozilla/5.0 (Linux; Android 6.0.1; Nexus 5X Build/MMB29P) AppleWebKit/537.36 (KHTML, like Gecko) Chrome/148.0.7778.96 Mobile Safari/537.36 (compatible; GoogleOther)"
66.249.64.40 - - [13/Jun/2026:22:30:10 +0700] "GET /?fileloc=//bin/pdf2ps&path=//bin HTTP/1.1" 200 3089 "-" "Mozilla/5.0 (Linux; Android 6.0.1; Nexus 5X Build/MMB29P) AppleWebKit/537.36 (KHTML, like Gecko) Chrome/148.0.7778.96 Mobile Safari/537.36 (compatible; GoogleOther)"
66.249.64.40 - - [13/Jun/2026:22:30:49 +0700] "GET /item/9581208 HTTP/1.1" 200 4069 "-" "Mozilla/5.0 (Linux; Android 6.0.1; Nexus 5X Build/MMB29P) AppleWebKit/537.36 (KHTML, like Gecko) Chrome/148.0.7778.96 Mobile Safari/537.36 (compatible; GoogleOther)"
66.249.64.40 - - [13/Jun/2026:22:31:03 +0700] "GET /?fileloc=/home/marthati/www/wp-admin/media.php&path=/home/marthati/www/wp-admin HTTP/1.1" 200 2936 "-" "Mozilla/5.0 (Linux; Android 6.0.1; Nexus 5X Build/MMB29P) AppleWebKit/537.36 (KHTML, like Gecko) Chrome/148.0.7778.96 Mobile Safari/537.36 (compatible; GoogleOther)"
216.73.216.103 - - [13/Jun/2026:22:31:16 +0700] "GET /wp-sitemap-users-1.xml?fileloc=%2Fhome%2Fmarthati%2Fpublic_html%2Fwp-signup.php&path=%2Fhome%2Fmarthati%2Fpublic_html HTTP/2" 200 11417 "-" "Mozilla/5.0 AppleWebKit/537.36 (KHTML, like Gecko; compatible; ClaudeBot/1.0; +claudebot@anthropic.com)"
216.73.216.103 - - [13/Jun/2026:22:31:16 +0700] "GET /blog/2025/10/10/?path=%2Fhome%2Fmarthati%2Fpublic_html%2Fwp-content HTTP/2" 200 3775 "-" "Mozilla/5.0 AppleWebKit/537.36 (KHTML, like Gecko; compatible; ClaudeBot/1.0; +claudebot@anthropic.com)"
216.73.216.103 - - [13/Jun/2026:22:31:16 +0700] "GET /wp-sitemap.xml?fileloc=%2Fhome%2Fmarthati%2Fpublic_html%2Freadme.html&path=%2Fhome%2Fmarthati%2Fpublic_html HTTP/2" 200 5583 "-" "Mozilla/5.0 AppleWebKit/537.36 (KHTML, like Gecko; compatible; ClaudeBot/1.0; +claudebot@anthropic.com)"
216.73.216.103 - - [13/Jun/2026:22:31:23 +0700] "GET /sitemap_index.xml?fileloc=%2Fhome%2Fmarthati%2Fpublic_html%2Ferror_log&path=%2Fhome%2Fmarthati%2Fpublic_html HTTP/2" 200 56549 "-" "Mozilla/5.0 AppleWebKit/537.36 (KHTML, like Gecko; compatible; ClaudeBot/1.0; +claudebot@anthropic.com)"
216.73.216.103 - - [13/Jun/2026:22:31:23 +0700] "GET /?fileloc=%2Fhome%2Fmarthati%2Fpublic_html%2Fgoogle679d110b6a88e62d.html&path=%2Fhome%2Fmarthati%2Fpublic_html HTTP/2" 200 2561 "-" "Mozilla/5.0 AppleWebKit/537.36 (KHTML, like Gecko; compatible; ClaudeBot/1.0; +claudebot@anthropic.com)"
216.73.216.103 - - [13/Jun/2026:22:31:24 +0700] "GET /wp-sitemap.xml?fileloc=%2Fhome%2Fmarthati%2Fpublic_html%2Fwp-signup.php&path=%2Fhome%2Fmarthati%2Fpublic_html HTTP/2" 200 11417 "-" "Mozilla/5.0 AppleWebKit/537.36 (KHTML, like Gecko; compatible; ClaudeBot/1.0; +claudebot@anthropic.com)"
66.249.64.40 - - [13/Jun/2026:22:31:28 +0700] "GET /?fileloc=/home/marthati/public_html/wp-admin/media-new.php&path=/home/marthati/public_html/wp-admin HTTP/1.1" 200 4072 "-" "Mozilla/5.0 (Linux; Android 6.0.1; Nexus 5X Build/MMB29P) AppleWebKit/537.36 (KHTML, like Gecko) Chrome/148.0.7778.96 Mobile Safari/537.36 (compatible; GoogleOther)"
216.73.216.103 - - [13/Jun/2026:22:31:36 +0700] "GET /wp-sitemap.xml?fileloc=%2Fhome%2Fmarthati%2Fpublic_html%2Fgoogle3aa33d73ab6fb797.html&path=%2Fhome%2Fmarthati%2Fpublic_html HTTP/2" 200 2561 "-" "Mozilla/5.0 AppleWebKit/537.36 (KHTML, like Gecko; compatible; ClaudeBot/1.0; +claudebot@anthropic.com)"
216.73.216.103 - - [13/Jun/2026:22:31:36 +0700] "GET /wp-sitemap-users-1.xml?fileloc=%2Fhome%2Fmarthati%2Fpublic_html%2Fgoogle3aa33d73ab6fb797.html&path=%2Fhome%2Fmarthati%2Fpublic_html HTTP/2" 200 2561 "-" "Mozilla/5.0 AppleWebKit/537.36 (KHTML, like Gecko; compatible; ClaudeBot/1.0; +claudebot@anthropic.com)"
216.73.216.103 - - [13/Jun/2026:22:31:36 +0700] "GET /sitemap_index.xml?fileloc=%2Fhome%2Fmarthati%2Fpublic_html%2Fwp-login.php&path=%2Fhome%2Fmarthati%2Fpublic_html HTTP/2" 200 16684 "-" "Mozilla/5.0 AppleWebKit/537.36 (KHTML, like Gecko; compatible; ClaudeBot/1.0; +claudebot@anthropic.com)"
66.249.64.42 - - [13/Jun/2026:22:32:02 +0700] "GET /?fileloc=//lib64/libavahi-client.so.3.2.9&path=//lib64 HTTP/1.1" 200 28205 "-" "Mozilla/5.0 (Linux; Android 6.0.1; Nexus 5X Build/MMB29P) AppleWebKit/537.36 (KHTML, like Gecko) Chrome/148.0.7778.96 Mobile Safari/537.36 (compatible; GoogleOther)"
66.249.64.41 - - [13/Jun/2026:22:33:01 +0700] "GET /?fileloc=/home/marthati/www/wp-admin/network.php&path=/home/marthati/www/wp-admin HTTP/1.1" 200 4797 "-" "Mozilla/5.0 (Linux; Android 6.0.1; Nexus 5X Build/MMB29P) AppleWebKit/537.36 (KHTML, like Gecko) Chrome/148.0.7778.96 Mobile Safari/537.36 (compatible; GoogleOther)"
216.73.216.103 - - [13/Jun/2026:22:33:10 +0700] "GET /sitemap_index.xml?fileloc=%2Fhome%2Fmarthati%2Fpublic_html%2Findex.php&path=%2Fhome%2Fmarthati%2Fpublic_html HTTP/2" 200 2612 "-" "Mozilla/5.0 AppleWebKit/537.36 (KHTML, like Gecko; compatible; ClaudeBot/1.0; +claudebot@anthropic.com)"
216.73.216.103 - - [13/Jun/2026:22:33:10 +0700] "GET /wp-sitemap.xml?fileloc=%2Fhome%2Fmarthati%2Fpublic_html%2Fgoogle83cb97e9e9aad3d6.html&path=%2Fhome%2Fmarthati%2Fpublic_html HTTP/2" 200 2560 "-" "Mozilla/5.0 AppleWebKit/537.36 (KHTML, like Gecko; compatible; ClaudeBot/1.0; +claudebot@anthropic.com)"
216.73.216.103 - - [13/Jun/2026:22:33:12 +0700] "GET /wp-sitemap-users-1.xml?fileloc=%2Fhome%2Fmarthati%2Fpublic_html%2Fgoogle83cb97e9e9aad3d6.html&path=%2Fhome%2Fmarthati%2Fpublic_html HTTP/2" 200 2560 "-" "Mozilla/5.0 AppleWebKit/537.36 (KHTML, like Gecko; compatible; ClaudeBot/1.0; +claudebot@anthropic.com)"
66.249.64.40 - - [13/Jun/2026:22:33:13 +0700] "GET /?fileloc=//lib64/.libgcrypt.so.20.hmac&path=//lib64 HTTP/1.1" 200 2591 "-" "Mozilla/5.0 (Linux; Android 6.0.1; Nexus 5X Build/MMB29P) AppleWebKit/537.36 (KHTML, like Gecko) Chrome/148.0.7778.96 Mobile Safari/537.36 (compatible; GoogleOther)"
216.73.216.103 - - [13/Jun/2026:22:33:23 +0700] "GET /sitemap_index.xml?fileloc=%2Fhome%2Fmarthati%2Fpublic_html%2Fwp-blog-header.php&path=%2Fhome%2Fmarthati%2Fpublic_html HTTP/2" 200 2738 "-" "Mozilla/5.0 AppleWebKit/537.36 (KHTML, like Gecko; compatible; ClaudeBot/1.0; +claudebot@anthropic.com)"
216.73.216.103 - - [13/Jun/2026:22:33:23 +0700] "GET /?fileloc=%2Fhome%2Fmarthati%2Fpublic_html%2Fgoogle9aff444a1cf021e8.html&path=%2Fhome%2Fmarthati%2Fpublic_html HTTP/2" 200 2560 "-" "Mozilla/5.0 AppleWebKit/537.36 (KHTML, like Gecko; compatible; ClaudeBot/1.0; +claudebot@anthropic.com)"
216.73.216.103 - - [13/Jun/2026:22:33:25 +0700] "GET /sitemap_index.xml?fileloc=%2Fhome%2Fmarthati%2Fpublic_html%2Fgoods.php&path=%2Fhome%2Fmarthati%2Fpublic_html HTTP/2" 200 2535 "-" "Mozilla/5.0 AppleWebKit/537.36 (KHTML, like Gecko; compatible; ClaudeBot/1.0; +claudebot@anthropic.com)"
66.249.64.40 - - [13/Jun/2026:22:33:28 +0700] "GET /?fileloc=/home/marthati/public_html/wp-includes/class-wp-icons-registry.php&path=/home/marthati/public_html/wp-includes HTTP/1.1" 200 4869 "-" "Mozilla/5.0 (Linux; Android 6.0.1; Nexus 5X Build/MMB29P) AppleWebKit/537.36 (KHTML, like Gecko) Chrome/148.0.7778.96 Mobile Safari/537.36 (compatible; GoogleOther)"
216.73.216.103 - - [13/Jun/2026:22:33:33 +0700] "GET /blog/2025/10/10/?path=%2Fhome%2Fmarthati%2Fpublic_html HTTP/2" 200 4101 "-" "Mozilla/5.0 AppleWebKit/537.36 (KHTML, like Gecko; compatible; ClaudeBot/1.0; +claudebot@anthropic.com)"
216.73.216.103 - - [13/Jun/2026:22:33:33 +0700] "GET /wp-sitemap.xml?fileloc=%2Fhome%2Fmarthati%2Fpublic_html%2Fgoogle679d110b6a88e62d.html&path=%2Fhome%2Fmarthati%2Fpublic_html HTTP/2" 200 2561 "-" "Mozilla/5.0 AppleWebKit/537.36 (KHTML, like Gecko; compatible; ClaudeBot/1.0; +claudebot@anthropic.com)"
216.73.216.103 - - [13/Jun/2026:22:33:35 +0700] "GET /wp-sitemap-users-1.xml?fileloc=%2Fhome%2Fmarthati%2Fpublic_html%2Fgoogle679d110b6a88e62d.html&path=%2Fhome%2Fmarthati%2Fpublic_html HTTP/2" 200 2561 "-" "Mozilla/5.0 AppleWebKit/537.36 (KHTML, like Gecko; compatible; ClaudeBot/1.0; +claudebot@anthropic.com)"
66.249.64.40 - - [13/Jun/2026:22:33:58 +0700] "GET /?fileloc=/home/marthati/public_html/error_log&path=/home/marthati/public_html HTTP/1.1" 200 56549 "-" "Mozilla/5.0 (Linux; Android 6.0.1; Nexus 5X Build/MMB29P) AppleWebKit/537.36 (KHTML, like Gecko) Chrome/148.0.7778.96 Mobile Safari/537.36 (compatible; GoogleOther)"
66.249.64.40 - - [13/Jun/2026:22:34:41 +0700] "GET /?path=//var/run HTTP/1.1" 200 3316 "-" "Mozilla/5.0 (Linux; Android 6.0.1; Nexus 5X Build/MMB29P) AppleWebKit/537.36 (KHTML, like Gecko) Chrome/148.0.7778.96 Mobile Safari/537.36 (compatible; GoogleOther)"
216.73.216.103 - - [13/Jun/2026:22:34:56 +0700] "GET /wp-sitemap.xml?fileloc=%2Fhome%2Fmarthati%2Fpublic_html%2Fgoogle9aff444a1cf021e8.html&path=%2Fhome%2Fmarthati%2Fpublic_html HTTP/2" 200 2560 "-" "Mozilla/5.0 AppleWebKit/537.36 (KHTML, like Gecko; compatible; ClaudeBot/1.0; +claudebot@anthropic.com)"
216.73.216.103 - - [13/Jun/2026:22:34:56 +0700] "GET /?fileloc=%2Fhome%2Fmarthati%2Fpublic_html%2F.htaccess&path=%2Fhome%2Fmarthati%2Fpublic_html HTTP/2" 200 3548 "-" "Mozilla/5.0 AppleWebKit/537.36 (KHTML, like Gecko; compatible; ClaudeBot/1.0; +claudebot@anthropic.com)"
66.249.64.40 - - [13/Jun/2026:22:34:57 +0700] "GET /?fileloc=//bin/localedef&path=//bin HTTP/1.1" 200 119864 "-" "Mozilla/5.0 (Linux; Android 6.0.1; Nexus 5X Build/MMB29P) AppleWebKit/537.36 (KHTML, like Gecko) Chrome/148.0.7778.96 Mobile Safari/537.36 (compatible; GoogleOther)"
216.73.216.103 - - [13/Jun/2026:22:34:57 +0700] "GET /wp-sitemap-users-1.xml?fileloc=%2Fhome%2Fmarthati%2Fpublic_html%2Fgoogle9aff444a1cf021e8.html&path=%2Fhome%2Fmarthati%2Fpublic_html HTTP/2" 200 2560 "-" "Mozilla/5.0 AppleWebKit/537.36 (KHTML, like Gecko; compatible; ClaudeBot/1.0; +claudebot@anthropic.com)"
66.249.64.42 - - [13/Jun/2026:22:35:05 +0700] "GET /?fileloc=//lib64/sasl2/libsasldb.so&path=//lib64/sasl2 HTTP/1.1" 200 13961 "-" "Mozilla/5.0 (Linux; Android 6.0.1; Nexus 5X Build/MMB29P) AppleWebKit/537.36 (KHTML, like Gecko) Chrome/148.0.7778.96 Mobile Safari/537.36 (compatible; GoogleOther)"
216.73.216.103 - - [13/Jun/2026:22:35:08 +0700] "GET /wp-sitemap-users-1.xml?fileloc=%2Fhome%2Fmarthati%2Fpublic_html%2F.htaccess&path=%2Fhome%2Fmarthati%2Fpublic_html HTTP/2" 200 3548 "-" "Mozilla/5.0 AppleWebKit/537.36 (KHTML, like Gecko; compatible; ClaudeBot/1.0; +claudebot@anthropic.com)"
216.73.216.103 - - [13/Jun/2026:22:35:08 +0700] "GET /?fileloc=%2Fhome%2Fmarthati%2Fpublic_html%2F.htaccess.bk&path=%2Fhome%2Fmarthati%2Fpublic_html HTTP/2" 200 2838 "-" "Mozilla/5.0 AppleWebKit/537.36 (KHTML, like Gecko; compatible; ClaudeBot/1.0; +claudebot@anthropic.com)"
216.73.216.103 - - [13/Jun/2026:22:35:09 +0700] "GET /sitemap_index.xml?fileloc=%2Fhome%2Fmarthati%2Fpublic_html%2Fshop.php&path=%2Fhome%2Fmarthati%2Fpublic_html HTTP/2" 200 2536 "-" "Mozilla/5.0 AppleWebKit/537.36 (KHTML, like Gecko; compatible; ClaudeBot/1.0; +claudebot@anthropic.com)"
216.73.216.103 - - [13/Jun/2026:22:35:19 +0700] "GET /blog/2025/10/10/?path=%2Fhome%2Fmarthati HTTP/2" 200 3807 "-" "Mozilla/5.0 AppleWebKit/537.36 (KHTML, like Gecko; compatible; ClaudeBot/1.0; +claudebot@anthropic.com)"
216.73.216.103 - - [13/Jun/2026:22:35:19 +0700] "GET /wp-sitemap.xml?fileloc=%2Fhome%2Fmarthati%2Fpublic_html%2F.htaccess&path=%2Fhome%2Fmarthati%2Fpublic_html HTTP/2" 200 3548 "-" "Mozilla/5.0 AppleWebKit/537.36 (KHTML, like Gecko; compatible; ClaudeBot/1.0; +claudebot@anthropic.com)"
216.73.216.103 - - [13/Jun/2026:22:35:20 +0700] "GET /sitemap_index.xml?fileloc=%2Fhome%2Fmarthati%2Fpublic_html%2Fwp-links-opml.php&path=%2Fhome%2Fmarthati%2Fpublic_html HTTP/2" 200 3712 "-" "Mozilla/5.0 AppleWebKit/537.36 (KHTML, like Gecko; compatible; ClaudeBot/1.0; +claudebot@anthropic.com)"
66.249.64.40 - - [13/Jun/2026:22:35:21 +0700] "GET /?fileloc=/home/marthati/www/wp-admin/customize.php&path=/home/marthati/www/wp-admin HTTP/1.1" 200 6586 "-" "Mozilla/5.0 (Linux; Android 6.0.1; Nexus 5X Build/MMB29P) AppleWebKit/537.36 (KHTML, like Gecko) Chrome/148.0.7778.96 Mobile Safari/537.36 (compatible; GoogleOther)"
66.249.64.35 - - [13/Jun/2026:22:35:56 +0700] "GET /?fileloc=//bin/fgrep&path=//bin HTTP/1.1" 200 2541 "-" "Mozilla/5.0 (Linux; Android 6.0.1; Nexus 5X Build/MMB29P) AppleWebKit/537.36 (KHTML, like Gecko) Chrome/148.0.7778.96 Mobile Safari/537.36 (compatible; GoogleOther)"
216.73.216.103 - - [13/Jun/2026:22:36:44 +0700] "GET /sitemap_index.xml?fileloc=%2Fhome%2Fmarthati%2Fpublic_html%2Freadme.html&path=%2Fhome%2Fmarthati%2Fpublic_html HTTP/2" 200 5583 "-" "Mozilla/5.0 AppleWebKit/537.36 (KHTML, like Gecko; compatible; ClaudeBot/1.0; +claudebot@anthropic.com)"
216.73.216.103 - - [13/Jun/2026:22:36:44 +0700] "GET /wp-sitemap.xml?fileloc=%2Fhome%2Fmarthati%2Fpublic_html%2F.htaccess.bk&path=%2Fhome%2Fmarthati%2Fpublic_html HTTP/2" 200 2838 "-" "Mozilla/5.0 AppleWebKit/537.36 (KHTML, like Gecko; compatible; ClaudeBot/1.0; +claudebot@anthropic.com)"
216.73.216.103 - - [13/Jun/2026:22:36:45 +0700] "GET /wp-sitemap-users-1.xml?fileloc=%2Fhome%2Fmarthati%2Fpublic_html%2F.htaccess.bk&path=%2Fhome%2Fmarthati%2Fpublic_html HTTP/2" 200 2838 "-" "Mozilla/5.0 AppleWebKit/537.36 (KHTML, like Gecko; compatible; ClaudeBot/1.0; +claudebot@anthropic.com)"
216.73.216.103 - - [13/Jun/2026:22:36:53 +0700] "GET /sitemap_index.xml?fileloc=%2Fhome%2Fmarthati%2Fpublic_html%2Fgoogle3aa33d73ab6fb797.html&path=%2Fhome%2Fmarthati%2Fpublic_html HTTP/2" 200 2561 "-" "Mozilla/5.0 AppleWebKit/537.36 (KHTML, like Gecko; compatible; ClaudeBot/1.0; +claudebot@anthropic.com)"
216.73.216.103 - - [13/Jun/2026:22:36:53 +0700] "GET /sitemap_index.xml?fileloc=%2Fhome%2Fmarthati%2Fpublic_html%2Fgoogle83cb97e9e9aad3d6.html&path=%2Fhome%2Fmarthati%2Fpublic_html HTTP/2" 200 2560 "-" "Mozilla/5.0 AppleWebKit/537.36 (KHTML, like Gecko; compatible; ClaudeBot/1.0; +claudebot@anthropic.com)"
216.73.216.103 - - [13/Jun/2026:22:36:54 +0700] "GET /sitemap_index.xml?fileloc=%2Fhome%2Fmarthati%2Fpublic_html%2Fwp-signup.php&path=%2Fhome%2Fmarthati%2Fpublic_html HTTP/2" 200 11417 "-" "Mozilla/5.0 AppleWebKit/537.36 (KHTML, like Gecko; compatible; ClaudeBot/1.0; +claudebot@anthropic.com)"
66.249.64.42 - - [13/Jun/2026:22:36:54 +0700] "GET /?fileloc=//bin/pwdx&path=//bin HTTP/1.1" 200 7362 "-" "Mozilla/5.0 (Linux; Android 6.0.1; Nexus 5X Build/MMB29P) AppleWebKit/537.36 (KHTML, like Gecko) Chrome/148.0.7778.96 Mobile Safari/537.36 (compatible; GoogleOther)"
216.73.216.103 - - [13/Jun/2026:22:37:04 +0700] "GET /?fileloc=%2Fhome%2Fmarthati%2Fpublic_html%2Fgoogle1588975857979d77.html&path=%2Fhome%2Fmarthati%2Fpublic_html HTTP/2" 200 2561 "-" "Mozilla/5.0 AppleWebKit/537.36 (KHTML, like Gecko; compatible; ClaudeBot/1.0; +claudebot@anthropic.com)"
216.73.216.103 - - [13/Jun/2026:22:37:04 +0700] "GET /sitemap_index.xml?fileloc=%2Fhome%2Fmarthati%2Fpublic_html%2Fgoogle9aff444a1cf021e8.html&path=%2Fhome%2Fmarthati%2Fpublic_html HTTP/2" 200 2560 "-" "Mozilla/5.0 AppleWebKit/537.36 (KHTML, like Gecko; compatible; ClaudeBot/1.0; +claudebot@anthropic.com)"
216.73.216.103 - - [13/Jun/2026:22:37:05 +0700] "GET /sitemap_index.xml?fileloc=%2Fhome%2Fmarthati%2Fpublic_html%2Fgoogle679d110b6a88e62d.html&path=%2Fhome%2Fmarthati%2Fpublic_html HTTP/2" 200 2561 "-" "Mozilla/5.0 AppleWebKit/537.36 (KHTML, like Gecko; compatible; ClaudeBot/1.0; +claudebot@anthropic.com)"
66.249.64.41 - - [13/Jun/2026:22:37:21 +0700] "GET /?fileloc=//bin/gem&path=//bin HTTP/1.1" 200 2834 "-" "Mozilla/5.0 (Linux; Android 6.0.1; Nexus 5X Build/MMB29P) AppleWebKit/537.36 (KHTML, like Gecko) Chrome/148.0.7778.96 Mobile Safari/537.36 (compatible; GoogleOther)"
66.249.64.41 - - [13/Jun/2026:22:37:53 +0700] "GET /?fileloc=/home/marthati/www/wp-includes/registration.php&path=/home/marthati/www/wp-includes HTTP/1.1" 200 2679 "-" "Mozilla/5.0 (Linux; Android 6.0.1; Nexus 5X Build/MMB29P) AppleWebKit/537.36 (KHTML, like Gecko) Chrome/148.0.7778.96 Mobile Safari/537.36 (compatible; GoogleOther)"
216.73.216.103 - - [13/Jun/2026:22:38:34 +0700] "GET /wp-sitemap.xml?fileloc=%2Fhome%2Fmarthati%2Fpublic_html%2Fgoogle1588975857979d77.html&path=%2Fhome%2Fmarthati%2Fpublic_html HTTP/2" 200 2561 "-" "Mozilla/5.0 AppleWebKit/537.36 (KHTML, like Gecko; compatible; ClaudeBot/1.0; +claudebot@anthropic.com)"
216.73.216.103 - - [13/Jun/2026:22:38:34 +0700] "GET /wp-sitemap-users-1.xml?fileloc=%2Fhome%2Fmarthati%2Fpublic_html%2Fgoogle1588975857979d77.html&path=%2Fhome%2Fmarthati%2Fpublic_html HTTP/2" 200 2561 "-" "Mozilla/5.0 AppleWebKit/537.36 (KHTML, like Gecko; compatible; ClaudeBot/1.0; +claudebot@anthropic.com)"
216.73.216.103 - - [13/Jun/2026:22:38:36 +0700] "GET /sitemap_index.xml?fileloc=%2Fhome%2Fmarthati%2Fpublic_html%2F.htaccess&path=%2Fhome%2Fmarthati%2Fpublic_html HTTP/2" 200 3548 "-" "Mozilla/5.0 AppleWebKit/537.36 (KHTML, like Gecko; compatible; ClaudeBot/1.0; +claudebot@anthropic.com)"
216.73.216.103 - - [13/Jun/2026:22:38:45 +0700] "GET /blog/2025/10/10/?fileloc=%2Fhome%2Fmarthati%2Fpublic_html%2Fxmlrpc.php&path=%2Fhome%2Fmarthati%2Fpublic_html HTTP/2" 200 4000 "-" "Mozilla/5.0 AppleWebKit/537.36 (KHTML, like Gecko; compatible; ClaudeBot/1.0; +claudebot@anthropic.com)"
216.73.216.103 - - [13/Jun/2026:22:38:46 +0700] "GET /sitemap_index.xml?fileloc=%2Fhome%2Fmarthati%2Fpublic_html%2F.htaccess.bk&path=%2Fhome%2Fmarthati%2Fpublic_html HTTP/2" 200 2838 "-" "Mozilla/5.0 AppleWebKit/537.36 (KHTML, like Gecko; compatible; ClaudeBot/1.0; +claudebot@anthropic.com)"
216.73.216.103 - - [13/Jun/2026:22:38:47 +0700] "GET /blog/2025/10/10/?path=%2Fhome%2Fmarthati%2Fpublic_html%2F.tmb HTTP/2" 200 2600 "-" "Mozilla/5.0 AppleWebKit/537.36 (KHTML, like Gecko; compatible; ClaudeBot/1.0; +claudebot@anthropic.com)"
66.249.64.42 - - [13/Jun/2026:22:38:51 +0700] "GET /?fileloc=//bin/runcon&path=//bin HTTP/1.1" 200 17398 "-" "Mozilla/5.0 (Linux; Android 6.0.1; Nexus 5X Build/MMB29P) AppleWebKit/537.36 (KHTML, like Gecko) Chrome/148.0.7778.96 Mobile Safari/537.36 (compatible; GoogleOther)"
216.73.216.103 - - [13/Jun/2026:22:39:01 +0700] "GET /sitemap_index.xml?fileloc=%2Fhome%2Fmarthati%2Fpublic_html%2Fgoogle1588975857979d77.html&path=%2Fhome%2Fmarthati%2Fpublic_html HTTP/2" 200 2561 "-" "Mozilla/5.0 AppleWebKit/537.36 (KHTML, like Gecko; compatible; ClaudeBot/1.0; +claudebot@anthropic.com)"
216.73.216.103 - - [13/Jun/2026:22:39:01 +0700] "GET /?fileloc=%2Fhome%2Fmarthati%2Fpublic_html%2Frobots.txt&path=%2Fhome%2Fmarthati%2Fpublic_html HTTP/2" 200 2583 "-" "Mozilla/5.0 AppleWebKit/537.36 (KHTML, like Gecko; compatible; ClaudeBot/1.0; +claudebot@anthropic.com)"
216.73.216.103 - - [13/Jun/2026:22:39:04 +0700] "GET /blog/2025/10/10/?fileloc=%2Fhome%2Fmarthati%2Fpublic_html%2Fwp-comments-post.php&path=%2Fhome%2Fmarthati%2Fpublic_html HTTP/2" 200 3635 "-" "Mozilla/5.0 AppleWebKit/537.36 (KHTML, like Gecko; compatible; ClaudeBot/1.0; +claudebot@anthropic.com)"
66.249.64.42 - - [13/Jun/2026:22:39:18 +0700] "GET /?path=//lib/NetworkManager/system-connections HTTP/1.1" 200 2602 "-" "Mozilla/5.0 (Linux; Android 6.0.1; Nexus 5X Build/MMB29P) AppleWebKit/537.36 (KHTML, like Gecko) Chrome/148.0.7778.96 Mobile Safari/537.36 (compatible; GoogleOther)"
66.249.64.41 - - [13/Jun/2026:22:39:25 +0700] "GET /?fileloc=//bin/at&path=//bin HTTP/1.1" 200 3171 "-" "Mozilla/5.0 (Linux; Android 6.0.1; Nexus 5X Build/MMB29P) AppleWebKit/537.36 (KHTML, like Gecko) Chrome/148.0.7778.96 Mobile Safari/537.36 (compatible; GoogleOther)"
66.249.64.40 - - [13/Jun/2026:22:39:50 +0700] "GET /?fileloc=/home/marthati/www/wp-admin/profile.php&path=/home/marthati/www/wp-admin HTTP/1.1" 200 2719 "-" "Mozilla/5.0 (Linux; Android 6.0.1; Nexus 5X Build/MMB29P) AppleWebKit/537.36 (KHTML, like Gecko) Chrome/148.0.7778.96 Mobile Safari/537.36 (compatible; GoogleOther)"
216.73.216.103 - - [13/Jun/2026:22:40:17 +0700] "GET /wp-sitemap.xml?fileloc=%2Fhome%2Fmarthati%2Fpublic_html%2Frobots.txt&path=%2Fhome%2Fmarthati%2Fpublic_html HTTP/2" 200 2583 "-" "Mozilla/5.0 AppleWebKit/537.36 (KHTML, like Gecko; compatible; ClaudeBot/1.0; +claudebot@anthropic.com)"
216.73.216.103 - - [13/Jun/2026:22:40:17 +0700] "GET /wp-sitemap-users-1.xml?fileloc=%2Fhome%2Fmarthati%2Fpublic_html%2Frobots.txt&path=%2Fhome%2Fmarthati%2Fpublic_html HTTP/2" 200 2583 "-" "Mozilla/5.0 AppleWebKit/537.36 (KHTML, like Gecko; compatible; ClaudeBot/1.0; +claudebot@anthropic.com)"
216.73.216.103 - - [13/Jun/2026:22:40:17 +0700] "GET /blog/2025/10/10/?fileloc=%2Fhome%2Fmarthati%2Fpublic_html%2Fwp-config-sample.php&path=%2Fhome%2Fmarthati%2Fpublic_html HTTP/2" 200 3845 "-" "Mozilla/5.0 AppleWebKit/537.36 (KHTML, like Gecko; compatible; ClaudeBot/1.0; +claudebot@anthropic.com)"
216.73.216.103 - - [13/Jun/2026:22:40:31 +0700] "GET /wp-sitemap-users-1.xml?fileloc=%2Fhome%2Fmarthati%2Fpublic_html%2F.htaccess.bak-20260612&path=%2Fhome%2Fmarthati%2Fpublic_html HTTP/2" 200 2856 "-" "Mozilla/5.0 AppleWebKit/537.36 (KHTML, like Gecko; compatible; ClaudeBot/1.0; +claudebot@anthropic.com)"
216.73.216.103 - - [13/Jun/2026:22:40:31 +0700] "GET /?fileloc=%2Fhome%2Fmarthati%2Fpublic_html%2F.htaccess.bak-20260612&path=%2Fhome%2Fmarthati%2Fpublic_html HTTP/2" 200 2856 "-" "Mozilla/5.0 AppleWebKit/537.36 (KHTML, like Gecko; compatible; ClaudeBot/1.0; +claudebot@anthropic.com)"
216.73.216.103 - - [13/Jun/2026:22:40:32 +0700] "GET /blog/2025/10/10/?fileloc=%2Fhome%2Fmarthati%2Fpublic_html%2Fwp-load.php&path=%2Fhome%2Fmarthati%2Fpublic_html HTTP/2" 200 4199 "-" "Mozilla/5.0 AppleWebKit/537.36 (KHTML, like Gecko; compatible; ClaudeBot/1.0; +claudebot@anthropic.com)"
216.73.216.103 - - [13/Jun/2026:22:40:43 +0700] "GET /blog/2025/10/10/?fileloc=%2Fhome%2Fmarthati%2Fpublic_html%2Fwp-settings.php&path=%2Fhome%2Fmarthati%2Fpublic_html HTTP/2" 200 9237 "-" "Mozilla/5.0 AppleWebKit/537.36 (KHTML, like Gecko; compatible; ClaudeBot/1.0; +claudebot@anthropic.com)"
216.73.216.103 - - [13/Jun/2026:22:40:43 +0700] "GET /blog/2025/10/10/?fileloc=%2Fhome%2Fmarthati%2Fpublic_html%2Fwp-activate.php&path=%2Fhome%2Fmarthati%2Fpublic_html HTTP/2" 200 5152 "-" "Mozilla/5.0 AppleWebKit/537.36 (KHTML, like Gecko; compatible; ClaudeBot/1.0; +claudebot@anthropic.com)"
216.73.216.103 - - [13/Jun/2026:22:40:44 +0700] "GET /wp-sitemap.xml?fileloc=%2Fhome%2Fmarthati%2Fpublic_html%2F.htaccess.bak-20260612&path=%2Fhome%2Fmarthati%2Fpublic_html HTTP/2" 200 2856 "-" "Mozilla/5.0 AppleWebKit/537.36 (KHTML, like Gecko; compatible; ClaudeBot/1.0; +claudebot@anthropic.com)"
66.249.64.41 - - [13/Jun/2026:22:40:49 +0700] "GET /?fileloc=//bin/xmlcatalog&path=//bin HTTP/1.1" 200 9918 "-" "Mozilla/5.0 (Linux; Android 6.0.1; Nexus 5X Build/MMB29P) AppleWebKit/537.36 (KHTML, like Gecko) Chrome/148.0.7778.96 Mobile Safari/537.36 (compatible; GoogleOther)"
66.249.64.42 - - [13/Jun/2026:22:41:13 +0700] "GET /?fileloc=/home/marthati/public_html/wp-includes/class.wp-styles.php&path=/home/marthati/public_html/wp-includes HTTP/1.1" 200 2734 "-" "Mozilla/5.0 (Linux; Android 6.0.1; Nexus 5X Build/MMB29P) AppleWebKit/537.36 (KHTML, like Gecko) Chrome/148.0.7778.96 Mobile Safari/537.36 (compatible; GoogleOther)"
66.249.64.41 - - [13/Jun/2026:22:41:46 +0700] "GET /?fileloc=/home/marthati/www/wp-includes/class-wp-fatal-error-handler.php&path=/home/marthati/www/wp-includes HTTP/1.1" 200 5383 "-" "Mozilla/5.0 (Linux; Android 6.0.1; Nexus 5X Build/MMB29P) AppleWebKit/537.36 (KHTML, like Gecko) Chrome/148.0.7778.96 Mobile Safari/537.36 (compatible; GoogleOther)"
216.73.216.103 - - [13/Jun/2026:22:42:08 +0700] "GET /blog/2025/10/10/?fileloc=%2Fhome%2Fmarthati%2Fpublic_html%2Fwp-mail.php&path=%2Fhome%2Fmarthati%2Fpublic_html HTTP/2" 200 5761 "-" "Mozilla/5.0 AppleWebKit/537.36 (KHTML, like Gecko; compatible; ClaudeBot/1.0; +claudebot@anthropic.com)"
216.73.216.103 - - [13/Jun/2026:22:42:08 +0700] "GET /blog/2025/10/10/?fileloc=%2Fhome%2Fmarthati%2Fpublic_html%2Fwp-cron.php&path=%2Fhome%2Fmarthati%2Fpublic_html HTTP/2" 200 4685 "-" "Mozilla/5.0 AppleWebKit/537.36 (KHTML, like Gecko; compatible; ClaudeBot/1.0; +claudebot@anthropic.com)"
216.73.216.103 - - [13/Jun/2026:22:42:10 +0700] "GET /blog/2025/10/10/?fileloc=%2Fhome%2Fmarthati%2Fpublic_html%2Fwp-trackback.php&path=%2Fhome%2Fmarthati%2Fpublic_html HTTP/2" 200 4519 "-" "Mozilla/5.0 AppleWebKit/537.36 (KHTML, like Gecko; compatible; ClaudeBot/1.0; +claudebot@anthropic.com)"
216.73.216.103 - - [13/Jun/2026:22:42:22 +0700] "GET /?fileloc=%2Fhome%2Fmarthati%2Fpublic_html%2Flicense.txt&path=%2Fhome%2Fmarthati%2Fpublic_html HTTP/2" 200 9940 "-" "Mozilla/5.0 AppleWebKit/537.36 (KHTML, like Gecko; compatible; ClaudeBot/1.0; +claudebot@anthropic.com)"
216.73.216.103 - - [13/Jun/2026:22:42:22 +0700] "GET /sitemap_index.xml?fileloc=%2Fhome%2Fmarthati%2Fpublic_html%2Frobots.txt&path=%2Fhome%2Fmarthati%2Fpublic_html HTTP/2" 200 2583 "-" "Mozilla/5.0 AppleWebKit/537.36 (KHTML, like Gecko; compatible; ClaudeBot/1.0; +claudebot@anthropic.com)"
216.73.216.103 - - [13/Jun/2026:22:42:24 +0700] "GET /blog/2025/10/10/?path=%2Fhome%2Fmarthati%2Fpublic_html%2F.well-known HTTP/2" 200 2862 "-" "Mozilla/5.0 AppleWebKit/537.36 (KHTML, like Gecko; compatible; ClaudeBot/1.0; +claudebot@anthropic.com)"
216.73.216.103 - - [13/Jun/2026:22:42:32 +0700] "GET /blog/2025/10/10/?fileloc=%2Fhome%2Fmarthati%2Fpublic_html%2Fwp-config.php&path=%2Fhome%2Fmarthati%2Fpublic_html HTTP/2" 200 4276 "-" "Mozilla/5.0 AppleWebKit/537.36 (KHTML, like Gecko; compatible; ClaudeBot/1.0; +claudebot@anthropic.com)"
216.73.216.103 - - [13/Jun/2026:22:42:32 +0700] "GET /wp-sitemap-users-1.xml?fileloc=%2Fhome%2Fmarthati%2Fpublic_html%2Flicense.txt&path=%2Fhome%2Fmarthati%2Fpublic_html HTTP/2" 200 9940 "-" "Mozilla/5.0 AppleWebKit/537.36 (KHTML, like Gecko; compatible; ClaudeBot/1.0; +claudebot@anthropic.com)"
216.73.216.103 - - [13/Jun/2026:22:42:33 +0700] "GET /sitemap_index.xml?fileloc=%2Fhome%2Fmarthati%2Fpublic_html%2F.htaccess.bak-20260612&path=%2Fhome%2Fmarthati%2Fpublic_html HTTP/2" 200 2856 "-" "Mozilla/5.0 AppleWebKit/537.36 (KHTML, like Gecko; compatible; ClaudeBot/1.0; +claudebot@anthropic.com)"
66.249.64.42 - - [13/Jun/2026:22:42:45 +0700] "GET /?fileloc=/home/marthati/public_html/wp-includes/media.php&path=/home/marthati/public_html/wp-includes HTTP/1.1" 200 58211 "-" "Mozilla/5.0 (Linux; Android 6.0.1; Nexus 5X Build/MMB29P) AppleWebKit/537.36 (KHTML, like Gecko) Chrome/148.0.7778.96 Mobile Safari/537.36 (compatible; GoogleOther)"
66.249.64.40 - - [13/Jun/2026:22:43:09 +0700] "GET /?path=//lib64/enchant HTTP/1.1" 200 2870 "-" "Mozilla/5.0 (Linux; Android 6.0.1; Nexus 5X Build/MMB29P) AppleWebKit/537.36 (KHTML, like Gecko) Chrome/148.0.7778.96 Mobile Safari/537.36 (compatible; GoogleOther)"
66.249.64.40 - - [13/Jun/2026:22:43:24 +0700] "GET /?fileloc=//lib64/sasl2/libsasldb.so.3&path=//lib64/sasl2 HTTP/1.1" 200 13969 "-" "Mozilla/5.0 (Linux; Android 6.0.1; Nexus 5X Build/MMB29P) AppleWebKit/537.36 (KHTML, like Gecko) Chrome/148.0.7778.96 Mobile Safari/537.36 (compatible; GoogleOther)"
66.249.64.40 - - [13/Jun/2026:22:43:43 +0700] "GET /?fileloc=//bin/podselect&path=//bin HTTP/1.1" 200 3743 "-" "Mozilla/5.0 (Linux; Android 6.0.1; Nexus 5X Build/MMB29P) AppleWebKit/537.36 (KHTML, like Gecko) Chrome/148.0.7778.96 Mobile Safari/537.36 (compatible; GoogleOther)"
66.249.64.40 - - [13/Jun/2026:22:43:48 +0700] "GET /?fileloc=//lib64/sasl2/libsasldb.so.3.0.0&path=//lib64/sasl2 HTTP/1.1" 200 13974 "-" "Mozilla/5.0 (Linux; Android 6.0.1; Nexus 5X Build/MMB29P) AppleWebKit/537.36 (KHTML, like Gecko) Chrome/148.0.7778.96 Mobile Safari/537.36 (compatible; GoogleOther)"
216.73.216.103 - - [13/Jun/2026:22:43:56 +0700] "GET /blog/2025/10/10/?fileloc=%2Fhome%2Fmarthati%2Fpublic_html%2Findex.php&path=%2Fhome%2Fmarthati%2Fpublic_html HTTP/2" 200 2612 "-" "Mozilla/5.0 AppleWebKit/537.36 (KHTML, like Gecko; compatible; ClaudeBot/1.0; +claudebot@anthropic.com)"
216.73.216.103 - - [13/Jun/2026:22:43:56 +0700] "GET /blog/2025/10/10/?fileloc=%2Fhome%2Fmarthati%2Fpublic_html%2Fwp-login.php&path=%2Fhome%2Fmarthati%2Fpublic_html HTTP/2" 200 16684 "-" "Mozilla/5.0 AppleWebKit/537.36 (KHTML, like Gecko; compatible; ClaudeBot/1.0; +claudebot@anthropic.com)"
216.73.216.103 - - [13/Jun/2026:22:43:57 +0700] "GET /wp-sitemap.xml?fileloc=%2Fhome%2Fmarthati%2Fpublic_html%2Flicense.txt&path=%2Fhome%2Fmarthati%2Fpublic_html HTTP/2" 200 9940 "-" "Mozilla/5.0 AppleWebKit/537.36 (KHTML, like Gecko; compatible; ClaudeBot/1.0; +claudebot@anthropic.com)"
216.73.216.103 - - [13/Jun/2026:22:44:07 +0700] "GET /blog/2025/10/10/?fileloc=%2Fhome%2Fmarthati%2Fpublic_html%2Ferror_log&path=%2Fhome%2Fmarthati%2Fpublic_html HTTP/2" 200 56567 "-" "Mozilla/5.0 AppleWebKit/537.36 (KHTML, like Gecko; compatible; ClaudeBot/1.0; +claudebot@anthropic.com)"
216.73.216.103 - - [13/Jun/2026:22:44:07 +0700] "GET /blog/2025/10/10/?fileloc=%2Fhome%2Fmarthati%2Fpublic_html%2Fgoods.php&path=%2Fhome%2Fmarthati%2Fpublic_html HTTP/2" 200 2535 "-" "Mozilla/5.0 AppleWebKit/537.36 (KHTML, like Gecko; compatible; ClaudeBot/1.0; +claudebot@anthropic.com)"
216.73.216.103 - - [13/Jun/2026:22:44:10 +0700] "GET /blog/2025/10/10/?fileloc=%2Fhome%2Fmarthati%2Fpublic_html%2Fwp-blog-header.php&path=%2Fhome%2Fmarthati%2Fpublic_html HTTP/2" 200 2738 "-" "Mozilla/5.0 AppleWebKit/537.36 (KHTML, like Gecko; compatible; ClaudeBot/1.0; +claudebot@anthropic.com)"
216.73.216.103 - - [13/Jun/2026:22:44:17 +0700] "GET /sitemap_index.xml?fileloc=%2Fhome%2Fmarthati%2Fpublic_html%2Flicense.txt&path=%2Fhome%2Fmarthati%2Fpublic_html HTTP/2" 200 9940 "-" "Mozilla/5.0 AppleWebKit/537.36 (KHTML, like Gecko; compatible; ClaudeBot/1.0; +claudebot@anthropic.com)"
216.73.216.103 - - [13/Jun/2026:22:44:17 +0700] "GET /blog/2025/10/10/?fileloc=%2Fhome%2Fmarthati%2Fpublic_html%2Freadme.html&path=%2Fhome%2Fmarthati%2Fpublic_html HTTP/2" 200 5583 "-" "Mozilla/5.0 AppleWebKit/537.36 (KHTML, like Gecko; compatible; ClaudeBot/1.0; +claudebot@anthropic.com)"
216.73.216.103 - - [13/Jun/2026:22:44:18 +0700] "GET /blog/2025/10/10/?fileloc=%2Fhome%2Fmarthati%2Fpublic_html%2Fwp-links-opml.php&path=%2Fhome%2Fmarthati%2Fpublic_html HTTP/2" 200 3712 "-" "Mozilla/5.0 AppleWebKit/537.36 (KHTML, like Gecko; compatible; ClaudeBot/1.0; +claudebot@anthropic.com)"
66.249.64.42 - - [13/Jun/2026:22:44:42 +0700] "GET /item/8624887?path=/ HTTP/1.1" 200 3160 "-" "Mozilla/5.0 (Linux; Android 6.0.1; Nexus 5X Build/MMB29P) AppleWebKit/537.36 (KHTML, like Gecko) Chrome/148.0.7778.96 Mobile Safari/537.36 (compatible; GoogleOther)"
66.249.64.40 - - [13/Jun/2026:22:44:47 +0700] "GET /?fileloc=//bin/word-list-compress&path=//bin HTTP/1.1" 200 6479 "-" "Mozilla/5.0 (Linux; Android 6.0.1; Nexus 5X Build/MMB29P) AppleWebKit/537.36 (KHTML, like Gecko) Chrome/148.0.7778.96 Mobile Safari/537.36 (compatible; GoogleOther)"
66.249.64.40 - - [13/Jun/2026:22:44:50 +0700] "GET /?fileloc=/home/marthati/public_html/wp-includes/feed-rss2.php&path=/home/marthati/public_html/wp-includes HTTP/1.1" 200 4045 "-" "Mozilla/5.0 (Linux; Android 6.0.1; Nexus 5X Build/MMB29P) AppleWebKit/537.36 (KHTML, like Gecko) Chrome/148.0.7778.96 Mobile Safari/537.36 (compatible; GoogleOther)"
66.249.64.40 - - [13/Jun/2026:22:44:54 +0700] "GET /item/55610044?fileloc=/home/marthati/public_html/wp-admin/term.php&path=/home/marthati/public_html/wp-admin HTTP/1.1" 200 3522 "-" "Mozilla/5.0 (Linux; Android 6.0.1; Nexus 5X Build/MMB29P) AppleWebKit/537.36 (KHTML, like Gecko) Chrome/148.0.7778.96 Mobile Safari/537.36 (compatible; GoogleOther)"
66.249.64.40 - - [13/Jun/2026:22:44:58 +0700] "GET /?path=/home/marthati/public_html/wp-content/uploads HTTP/1.1" 200 3323 "-" "Mozilla/5.0 (Linux; Android 6.0.1; Nexus 5X Build/MMB29P) AppleWebKit/537.36 (KHTML, like Gecko) Chrome/148.0.7778.96 Mobile Safari/537.36 (compatible; GoogleOther)"
66.249.64.42 - - [13/Jun/2026:22:45:14 +0700] "GET /item/55610044?fileloc=/home/marthati/public_html/wp-admin/term.php&path=/home/marthati/public_html/wp-admin HTTP/1.1" 200 3522 "-" "Mozilla/5.0 (Linux; Android 6.0.1; Nexus 5X Build/MMB29P) AppleWebKit/537.36 (KHTML, like Gecko) Chrome/148.0.7778.96 Mobile Safari/537.36 (compatible; Googlebot/2.1; +http://www.google.com/bot.html)"
66.249.64.41 - - [13/Jun/2026:22:45:21 +0700] "GET /?fileloc=/home/marthati/public_html/wp-includes/abilities-api.php&path=/home/marthati/public_html/wp-includes HTTP/1.1" 200 8074 "-" "Mozilla/5.0 (Linux; Android 6.0.1; Nexus 5X Build/MMB29P) AppleWebKit/537.36 (KHTML, like Gecko) Chrome/148.0.7778.96 Mobile Safari/537.36 (compatible; GoogleOther)"
66.249.64.40 - - [13/Jun/2026:22:45:25 +0700] "GET /?path=//lib64/gawk HTTP/1.1" 200 3275 "-" "Mozilla/5.0 (Linux; Android 6.0.1; Nexus 5X Build/MMB29P) AppleWebKit/537.36 (KHTML, like Gecko) Chrome/148.0.7778.96 Mobile Safari/537.36 (compatible; GoogleOther)"
114.119.149.66 - - [13/Jun/2026:22:45:32 +0700] "GET /wp-content/uploads/2025/12/professional-head-massage-scaled.jpg HTTP/1.1" 200 110872 "https://marthatilaarspaexpress.com/blog/scalp-spa-untuk-kulit-kepala-sensitif/" "Mozilla/5.0 (Linux; Android 7.0;) AppleWebKit/537.36 (HTML, like Gecko) Mobile Safari/537.36 (compatible; PetalBot;+https://webmaster.petalsearch.com/site/petalbot)"
216.73.216.103 - - [13/Jun/2026:22:45:47 +0700] "GET /blog/2025/10/10/?fileloc=%2Fhome%2Fmarthati%2Fpublic_html%2Fwp-signup.php&path=%2Fhome%2Fmarthati%2Fpublic_html HTTP/2" 200 11417 "-" "Mozilla/5.0 AppleWebKit/537.36 (KHTML, like Gecko; compatible; ClaudeBot/1.0; +claudebot@anthropic.com)"
216.73.216.103 - - [13/Jun/2026:22:45:47 +0700] "GET /blog/2025/10/10/?fileloc=%2Fhome%2Fmarthati%2Fpublic_html%2Fgoogle83cb97e9e9aad3d6.html&path=%2Fhome%2Fmarthati%2Fpublic_html HTTP/2" 200 2560 "-" "Mozilla/5.0 AppleWebKit/537.36 (KHTML, like Gecko; compatible; ClaudeBot/1.0; +claudebot@anthropic.com)"
216.73.216.103 - - [13/Jun/2026:22:45:48 +0700] "GET /blog/2025/10/10/?fileloc=%2Fhome%2Fmarthati%2Fpublic_html%2Fshop.php&path=%2Fhome%2Fmarthati%2Fpublic_html HTTP/2" 200 2536 "-" "Mozilla/5.0 AppleWebKit/537.36 (KHTML, like Gecko; compatible; ClaudeBot/1.0; +claudebot@anthropic.com)"
216.73.216.103 - - [13/Jun/2026:22:45:59 +0700] "GET /blog/2025/10/10/?fileloc=%2Fhome%2Fmarthati%2Fpublic_html%2Fgoogle9aff444a1cf021e8.html&path=%2Fhome%2Fmarthati%2Fpublic_html HTTP/2" 200 2560 "-" "Mozilla/5.0 AppleWebKit/537.36 (KHTML, like Gecko; compatible; ClaudeBot/1.0; +claudebot@anthropic.com)"
216.73.216.103 - - [13/Jun/2026:22:45:59 +0700] "GET /blog/2025/10/10/?fileloc=%2Fhome%2Fmarthati%2Fpublic_html%2Fgoogle679d110b6a88e62d.html&path=%2Fhome%2Fmarthati%2Fpublic_html HTTP/2" 200 2561 "-" "Mozilla/5.0 AppleWebKit/537.36 (KHTML, like Gecko; compatible; ClaudeBot/1.0; +claudebot@anthropic.com)"
216.73.216.103 - - [13/Jun/2026:22:46:01 +0700] "GET /blog/2025/10/10/?fileloc=%2Fhome%2Fmarthati%2Fpublic_html%2Fgoogle3aa33d73ab6fb797.html&path=%2Fhome%2Fmarthati%2Fpublic_html HTTP/2" 200 2561 "-" "Mozilla/5.0 AppleWebKit/537.36 (KHTML, like Gecko; compatible; ClaudeBot/1.0; +claudebot@anthropic.com)"
66.249.64.41 - - [13/Jun/2026:22:46:08 +0700] "GET /?fileloc=//bin/ps2pdf14&path=//bin HTTP/1.1" 200 2665 "-" "Mozilla/5.0 (Linux; Android 6.0.1; Nexus 5X Build/MMB29P) AppleWebKit/537.36 (KHTML, like Gecko) Chrome/148.0.7778.96 Mobile Safari/537.36 (compatible; GoogleOther)"
216.73.216.103 - - [13/Jun/2026:22:46:12 +0700] "GET /blog/2025/10/10/?fileloc=%2Fhome%2Fmarthati%2Fpublic_html%2Fgoogle1588975857979d77.html&path=%2Fhome%2Fmarthati%2Fpublic_html HTTP/2" 200 2561 "-" "Mozilla/5.0 AppleWebKit/537.36 (KHTML, like Gecko; compatible; ClaudeBot/1.0; +claudebot@anthropic.com)"
216.73.216.103 - - [13/Jun/2026:22:46:12 +0700] "GET /blog/2025/10/10/?fileloc=%2Fhome%2Fmarthati%2Fpublic_html%2F.htaccess.bk&path=%2Fhome%2Fmarthati%2Fpublic_html HTTP/2" 200 2838 "-" "Mozilla/5.0 AppleWebKit/537.36 (KHTML, like Gecko; compatible; ClaudeBot/1.0; +claudebot@anthropic.com)"
216.73.216.103 - - [13/Jun/2026:22:46:14 +0700] "GET /blog/2025/10/10/?fileloc=%2Fhome%2Fmarthati%2Fpublic_html%2F.htaccess&path=%2Fhome%2Fmarthati%2Fpublic_html HTTP/2" 200 3548 "-" "Mozilla/5.0 AppleWebKit/537.36 (KHTML, like Gecko; compatible; ClaudeBot/1.0; +claudebot@anthropic.com)"
66.249.64.41 - - [13/Jun/2026:22:46:21 +0700] "GET /?fileloc=/home/marthati/public_html/wp-includes/class-wp-block-supports.php&path=/home/marthati/public_html/wp-includes HTTP/1.1" 200 4473 "-" "Mozilla/5.0 (Linux; Android 6.0.1; Nexus 5X Build/MMB29P) AppleWebKit/537.36 (KHTML, like Gecko) Chrome/148.0.7778.96 Mobile Safari/537.36 (compatible; GoogleOther)"
114.119.151.146 - - [13/Jun/2026:22:46:54 +0700] "GET /blog/kulit-kepala-gatal-dan-ketombe-apa-scalp-treatment-efektif/ HTTP/1.1" 200 4069 "https://marthatilaarspaexpress.com/blog/tanda-rambut-membutuhkan-scalp-treatment-profesional/" "Mozilla/5.0 (Linux; Android 7.0;) AppleWebKit/537.36 (HTML, like Gecko) Mobile Safari/537.36 (compatible; PetalBot;+https://webmaster.petalsearch.com/site/petalbot)"
66.249.64.40 - - [13/Jun/2026:22:46:57 +0700] "GET /?fileloc=//bin/nice&path=//bin HTTP/1.1" 200 17270 "-" "Mozilla/5.0 (Linux; Android 6.0.1; Nexus 5X Build/MMB29P) AppleWebKit/537.36 (KHTML, like Gecko) Chrome/148.0.7778.96 Mobile Safari/537.36 (compatible; GoogleOther)"
216.73.216.103 - - [13/Jun/2026:22:47:30 +0700] "GET /blog/2025/10/10/?fileloc=%2Fhome%2Fmarthati%2Fpublic_html%2Frobots.txt&path=%2Fhome%2Fmarthati%2Fpublic_html HTTP/2" 200 2583 "-" "Mozilla/5.0 AppleWebKit/537.36 (KHTML, like Gecko; compatible; ClaudeBot/1.0; +claudebot@anthropic.com)"
216.73.216.103 - - [13/Jun/2026:22:47:30 +0700] "GET /blog/2025/10/10/?fileloc=%2Fhome%2Fmarthati%2Fpublic_html%2Flicense.txt&path=%2Fhome%2Fmarthati%2Fpublic_html HTTP/2" 200 9940 "-" "Mozilla/5.0 AppleWebKit/537.36 (KHTML, like Gecko; compatible; ClaudeBot/1.0; +claudebot@anthropic.com)"
216.73.216.103 - - [13/Jun/2026:22:47:30 +0700] "GET /blog/2025/10/10/?fileloc=%2Fhome%2Fmarthati%2Fpublic_html%2F.htaccess.bak-20260612&path=%2Fhome%2Fmarthati%2Fpublic_html HTTP/2" 200 2856 "-" "Mozilla/5.0 AppleWebKit/537.36 (KHTML, like Gecko; compatible; ClaudeBot/1.0; +claudebot@anthropic.com)"
216.73.216.103 - - [13/Jun/2026:22:47:37 +0700] "GET /sitemap.xml?path=%2Fhome%2Fmarthati%2Fpublic_html%2Fwp-includes%2Fphp-compat HTTP/2" 200 2901 "-" "Mozilla/5.0 AppleWebKit/537.36 (KHTML, like Gecko; compatible; ClaudeBot/1.0; +claudebot@anthropic.com)"
216.73.216.103 - - [13/Jun/2026:22:47:37 +0700] "GET /sitemap.xml?fileloc=%2Fhome%2Fmarthati%2Fpublic_html%2Fwp-includes%2Fhttps-detection.php&path=%2Fhome%2Fmarthati%2Fpublic_html%2Fwp-includes HTTP/2" 200 4546 "-" "Mozilla/5.0 AppleWebKit/537.36 (KHTML, like Gecko; compatible; ClaudeBot/1.0; +claudebot@anthropic.com)"
216.73.216.103 - - [13/Jun/2026:22:47:38 +0700] "GET /sitemap.xml?path=%2Fhome%2Fmarthati%2Fpublic_html%2Fwp-includes%2Fhtml-api HTTP/2" 200 3438 "-" "Mozilla/5.0 AppleWebKit/537.36 (KHTML, like Gecko; compatible; ClaudeBot/1.0; +claudebot@anthropic.com)"
216.73.216.103 - - [13/Jun/2026:22:47:38 +0700] "GET /sitemap.xml?path=%2Fhome%2Fmarthati%2Fpublic_html%2Fwp-includes%2Finteractivity-api HTTP/2" 200 2965 "-" "Mozilla/5.0 AppleWebKit/537.36 (KHTML, like Gecko; compatible; ClaudeBot/1.0; +claudebot@anthropic.com)"
216.73.216.103 - - [13/Jun/2026:22:47:39 +0700] "GET /sitemap.xml?fileloc=%2Fhome%2Fmarthati%2Fpublic_html%2Fwp-includes%2Fhttps-migration.php&path=%2Fhome%2Fmarthati%2Fpublic_html%2Fwp-includes HTTP/2" 200 4181 "-" "Mozilla/5.0 AppleWebKit/537.36 (KHTML, like Gecko; compatible; ClaudeBot/1.0; +claudebot@anthropic.com)"
216.73.216.103 - - [13/Jun/2026:22:47:40 +0700] "GET /wp-sitemap-posts-post-1.xml?path=%2Fhome HTTP/2" 200 2827 "-" "Mozilla/5.0 AppleWebKit/537.36 (KHTML, like Gecko; compatible; ClaudeBot/1.0; +claudebot@anthropic.com)"
216.73.216.103 - - [13/Jun/2026:22:47:40 +0700] "GET /wp-sitemap-posts-post-1.xml?path=%2F HTTP/2" 200 3160 "-" "Mozilla/5.0 AppleWebKit/537.36 (KHTML, like Gecko; compatible; ClaudeBot/1.0; +claudebot@anthropic.com)"
216.73.216.103 - - [13/Jun/2026:22:47:41 +0700] "GET /robots.txt HTTP/2" 200 80 "-" "Mozilla/5.0 AppleWebKit/537.36 (KHTML, like Gecko; compatible; ClaudeBot/1.0; +claudebot@anthropic.com)"
216.73.216.103 - - [13/Jun/2026:22:47:41 +0700] "GET /?path=%2Fhome HTTP/2" 200 2827 "-" "Mozilla/5.0 AppleWebKit/537.36 (KHTML, like Gecko; compatible; ClaudeBot/1.0; +claudebot@anthropic.com)"
216.73.216.103 - - [13/Jun/2026:22:47:42 +0700] "GET /?path=%2F HTTP/2" 200 3160 "-" "Mozilla/5.0 AppleWebKit/537.36 (KHTML, like Gecko; compatible; ClaudeBot/1.0; +claudebot@anthropic.com)"
66.249.64.40 - - [13/Jun/2026:22:47:41 +0700] "GET /?fileloc=//bin/ex&path=//bin HTTP/1.1" 200 522210 "-" "Mozilla/5.0 (Linux; Android 6.0.1; Nexus 5X Build/MMB29P) AppleWebKit/537.36 (KHTML, like Gecko) Chrome/148.0.7778.96 Mobile Safari/537.36 (compatible; GoogleOther)"
